{"id":97874188,"date":"2026-04-22T10:46:05","date_gmt":"2026-04-22T08:46:05","guid":{"rendered":"https:\/\/fundacion-biodiversidad.es\/proyecto_prtr\/new-plant-for-the-classification-recycling-and-recovery-of-post-consumer-plastic-waste-in-o-porrino-plastino\/"},"modified":"2026-04-22T10:46:05","modified_gmt":"2026-04-22T08:46:05","slug":"new-plant-for-the-classification-recycling-and-recovery-of-post-consumer-plastic-waste-in-o-porrino-plastino","status":"publish","type":"proyecto_prtr","link":"https:\/\/fundacion-biodiversidad.es\/en\/proyecto_prtr\/new-plant-for-the-classification-recycling-and-recovery-of-post-consumer-plastic-waste-in-o-porrino-plastino\/","title":{"rendered":"New plant for the classification, recycling and recovery of post-consumer plastic waste in O Porri\u00f1o (PLASTI\u00d1O)"},"content":{"rendered":"<p>The PLASTI\u00d1O project proposes the development of a new line for the recovery of post-consumer plastic waste from the fragmentation and separation processes of the ALUMISEL metal waste management plant (O Porri\u00f1o), which currently accounts for more than 1,500 t\/year that go to landfill, so that these plastics can be classified,  to prepare for recycling and to recover for new uses. Thus, 4 types of products will be produced: <\/p>\n<ul>\n<li>Flakes<\/li>\n<li>Recycled polyols<\/li>\n<li>New products with application in furniture and construction<\/li>\n<li>New Plastic Wood Products<\/li>\n<\/ul>\n","protected":false},"featured_media":22405,"parent":0,"template":"","meta":{"_acf_changed":false},"financiaci_n":[653],"lineas_actuacion_tematicas":[671],"class_list":["post-97874188","proyecto_prtr","type-proyecto_prtr","status-publish","has-post-thumbnail","hentry","financiaci_n-plan-de-recuperacion-transformacion-y-resiliencia-en","lineas_actuacion_tematicas-private-sector"],"acf":[],"yoast_head":"<!-- This site is optimized with the Yoast SEO plugin v26.9 - https:\/\/yoast.com\/product\/yoast-seo-wordpress\/ -->\n<title>New plant for the classification, recycling and recovery of post-consumer plastic waste in O Porri\u00f1o (PLASTI\u00d1O) - Fundaci\u00f3n Biodiversidad<\/title>\n<meta name=\"robots\" content=\"index, follow, max-snippet:-1, max-image-preview:large, max-video-preview:-1\" \/>\n<link rel=\"canonical\" href=\"https:\/\/fundacion-biodiversidad.es\/en\/proyecto_prtr\/new-plant-for-the-classification-recycling-and-recovery-of-post-consumer-plastic-waste-in-o-porrino-plastino\/\" \/>\n<meta property=\"og:locale\" content=\"en_US\" \/>\n<meta property=\"og:type\" content=\"article\" \/>\n<meta property=\"og:title\" content=\"New plant for the classification, recycling and recovery of post-consumer plastic waste in O Porri\u00f1o (PLASTI\u00d1O) - Fundaci\u00f3n Biodiversidad\" \/>\n<meta property=\"og:description\" content=\"The PLASTI\u00d1O project proposes the development of a new line for the recovery of post-consumer plastic waste from the fragmentation and separation processes of the [&hellip;]\" \/>\n<meta property=\"og:url\" content=\"https:\/\/fundacion-biodiversidad.es\/en\/proyecto_prtr\/new-plant-for-the-classification-recycling-and-recovery-of-post-consumer-plastic-waste-in-o-porrino-plastino\/\" \/>\n<meta property=\"og:site_name\" content=\"Fundaci\u00f3n Biodiversidad\" \/>\n<meta property=\"og:image\" content=\"https:\/\/fundacion-biodiversidad.es\/wp-content\/uploads\/2026\/04\/Imagen-plastico.png\" \/>\n<meta name=\"twitter:card\" content=\"summary_large_image\" \/>\n<script type=\"application\/ld+json\" class=\"yoast-schema-graph\">{\"@context\":\"https:\/\/schema.org\",\"@graph\":[{\"@type\":\"WebPage\",\"@id\":\"https:\/\/fundacion-biodiversidad.es\/en\/proyecto_prtr\/new-plant-for-the-classification-recycling-and-recovery-of-post-consumer-plastic-waste-in-o-porrino-plastino\/\",\"url\":\"https:\/\/fundacion-biodiversidad.es\/en\/proyecto_prtr\/new-plant-for-the-classification-recycling-and-recovery-of-post-consumer-plastic-waste-in-o-porrino-plastino\/\",\"name\":\"New plant for the classification, recycling and recovery of post-consumer plastic waste in O Porri\u00f1o (PLASTI\u00d1O) - Fundaci\u00f3n Biodiversidad\",\"isPartOf\":{\"@id\":\"https:\/\/fundacion-biodiversidad.es\/en\/#website\"},\"primaryImageOfPage\":{\"@id\":\"https:\/\/fundacion-biodiversidad.es\/en\/proyecto_prtr\/new-plant-for-the-classification-recycling-and-recovery-of-post-consumer-plastic-waste-in-o-porrino-plastino\/#primaryimage\"},\"image\":{\"@id\":\"https:\/\/fundacion-biodiversidad.es\/en\/proyecto_prtr\/new-plant-for-the-classification-recycling-and-recovery-of-post-consumer-plastic-waste-in-o-porrino-plastino\/#primaryimage\"},\"thumbnailUrl\":\"https:\/\/fundacion-biodiversidad.es\/wp-content\/uploads\/2022\/11\/no-imagen.jpg\",\"datePublished\":\"2026-04-22T08:46:05+00:00\",\"breadcrumb\":{\"@id\":\"https:\/\/fundacion-biodiversidad.es\/en\/proyecto_prtr\/new-plant-for-the-classification-recycling-and-recovery-of-post-consumer-plastic-waste-in-o-porrino-plastino\/#breadcrumb\"},\"inLanguage\":\"en-US\",\"potentialAction\":[{\"@type\":\"ReadAction\",\"target\":[\"https:\/\/fundacion-biodiversidad.es\/en\/proyecto_prtr\/new-plant-for-the-classification-recycling-and-recovery-of-post-consumer-plastic-waste-in-o-porrino-plastino\/\"]}]},{\"@type\":\"ImageObject\",\"inLanguage\":\"en-US\",\"@id\":\"https:\/\/fundacion-biodiversidad.es\/en\/proyecto_prtr\/new-plant-for-the-classification-recycling-and-recovery-of-post-consumer-plastic-waste-in-o-porrino-plastino\/#primaryimage\",\"url\":\"https:\/\/fundacion-biodiversidad.es\/wp-content\/uploads\/2022\/11\/no-imagen.jpg\",\"contentUrl\":\"https:\/\/fundacion-biodiversidad.es\/wp-content\/uploads\/2022\/11\/no-imagen.jpg\",\"width\":2048,\"height\":2048,\"caption\":\"Formaci\u00f3n en medio ambiente natural\"},{\"@type\":\"BreadcrumbList\",\"@id\":\"https:\/\/fundacion-biodiversidad.es\/en\/proyecto_prtr\/new-plant-for-the-classification-recycling-and-recovery-of-post-consumer-plastic-waste-in-o-porrino-plastino\/#breadcrumb\",\"itemListElement\":[{\"@type\":\"ListItem\",\"position\":1,\"name\":\"Portada\",\"item\":\"https:\/\/fundacion-biodiversidad.es\/en\/inicio\/\"},{\"@type\":\"ListItem\",\"position\":2,\"name\":\"Proyectos de convocatorias PRTR\",\"item\":\"https:\/\/fundacion-biodiversidad.es\/en\/proyecto_prtr\/\"},{\"@type\":\"ListItem\",\"position\":3,\"name\":\"New plant for the classification, recycling and recovery of post-consumer plastic waste in O Porri\u00f1o (PLASTI\u00d1O)\"}]},{\"@type\":\"WebSite\",\"@id\":\"https:\/\/fundacion-biodiversidad.es\/en\/#website\",\"url\":\"https:\/\/fundacion-biodiversidad.es\/en\/\",\"name\":\"Fundaci\u00f3n Biodiversidad\",\"description\":\"Fundaci\u00f3n p\u00fablica adscrita al Ministerio para la Transici\u00f3n Ecol\u00f3gica\",\"potentialAction\":[{\"@type\":\"SearchAction\",\"target\":{\"@type\":\"EntryPoint\",\"urlTemplate\":\"https:\/\/fundacion-biodiversidad.es\/en\/?s={search_term_string}\"},\"query-input\":{\"@type\":\"PropertyValueSpecification\",\"valueRequired\":true,\"valueName\":\"search_term_string\"}}],\"inLanguage\":\"en-US\"}]}<\/script>\n<!-- \/ Yoast SEO plugin. -->","yoast_head_json":{"title":"New plant for the classification, recycling and recovery of post-consumer plastic waste in O Porri\u00f1o (PLASTI\u00d1O) - Fundaci\u00f3n Biodiversidad","robots":{"index":"index","follow":"follow","max-snippet":"max-snippet:-1","max-image-preview":"max-image-preview:large","max-video-preview":"max-video-preview:-1"},"canonical":"https:\/\/fundacion-biodiversidad.es\/en\/proyecto_prtr\/new-plant-for-the-classification-recycling-and-recovery-of-post-consumer-plastic-waste-in-o-porrino-plastino\/","og_locale":"en_US","og_type":"article","og_title":"New plant for the classification, recycling and recovery of post-consumer plastic waste in O Porri\u00f1o (PLASTI\u00d1O) - Fundaci\u00f3n Biodiversidad","og_description":"The PLASTI\u00d1O project proposes the development of a new line for the recovery of post-consumer plastic waste from the fragmentation and separation processes of the [&hellip;]","og_url":"https:\/\/fundacion-biodiversidad.es\/en\/proyecto_prtr\/new-plant-for-the-classification-recycling-and-recovery-of-post-consumer-plastic-waste-in-o-porrino-plastino\/","og_site_name":"Fundaci\u00f3n Biodiversidad","og_image":[{"url":"https:\/\/fundacion-biodiversidad.es\/wp-content\/uploads\/2026\/04\/Imagen-plastico.png","type":"","width":"","height":""}],"twitter_card":"summary_large_image","schema":{"@context":"https:\/\/schema.org","@graph":[{"@type":"WebPage","@id":"https:\/\/fundacion-biodiversidad.es\/en\/proyecto_prtr\/new-plant-for-the-classification-recycling-and-recovery-of-post-consumer-plastic-waste-in-o-porrino-plastino\/","url":"https:\/\/fundacion-biodiversidad.es\/en\/proyecto_prtr\/new-plant-for-the-classification-recycling-and-recovery-of-post-consumer-plastic-waste-in-o-porrino-plastino\/","name":"New plant for the classification, recycling and recovery of post-consumer plastic waste in O Porri\u00f1o (PLASTI\u00d1O) - Fundaci\u00f3n Biodiversidad","isPartOf":{"@id":"https:\/\/fundacion-biodiversidad.es\/en\/#website"},"primaryImageOfPage":{"@id":"https:\/\/fundacion-biodiversidad.es\/en\/proyecto_prtr\/new-plant-for-the-classification-recycling-and-recovery-of-post-consumer-plastic-waste-in-o-porrino-plastino\/#primaryimage"},"image":{"@id":"https:\/\/fundacion-biodiversidad.es\/en\/proyecto_prtr\/new-plant-for-the-classification-recycling-and-recovery-of-post-consumer-plastic-waste-in-o-porrino-plastino\/#primaryimage"},"thumbnailUrl":"https:\/\/fundacion-biodiversidad.es\/wp-content\/uploads\/2022\/11\/no-imagen.jpg","datePublished":"2026-04-22T08:46:05+00:00","breadcrumb":{"@id":"https:\/\/fundacion-biodiversidad.es\/en\/proyecto_prtr\/new-plant-for-the-classification-recycling-and-recovery-of-post-consumer-plastic-waste-in-o-porrino-plastino\/#breadcrumb"},"inLanguage":"en-US","potentialAction":[{"@type":"ReadAction","target":["https:\/\/fundacion-biodiversidad.es\/en\/proyecto_prtr\/new-plant-for-the-classification-recycling-and-recovery-of-post-consumer-plastic-waste-in-o-porrino-plastino\/"]}]},{"@type":"ImageObject","inLanguage":"en-US","@id":"https:\/\/fundacion-biodiversidad.es\/en\/proyecto_prtr\/new-plant-for-the-classification-recycling-and-recovery-of-post-consumer-plastic-waste-in-o-porrino-plastino\/#primaryimage","url":"https:\/\/fundacion-biodiversidad.es\/wp-content\/uploads\/2022\/11\/no-imagen.jpg","contentUrl":"https:\/\/fundacion-biodiversidad.es\/wp-content\/uploads\/2022\/11\/no-imagen.jpg","width":2048,"height":2048,"caption":"Formaci\u00f3n en medio ambiente natural"},{"@type":"BreadcrumbList","@id":"https:\/\/fundacion-biodiversidad.es\/en\/proyecto_prtr\/new-plant-for-the-classification-recycling-and-recovery-of-post-consumer-plastic-waste-in-o-porrino-plastino\/#breadcrumb","itemListElement":[{"@type":"ListItem","position":1,"name":"Portada","item":"https:\/\/fundacion-biodiversidad.es\/en\/inicio\/"},{"@type":"ListItem","position":2,"name":"Proyectos de convocatorias PRTR","item":"https:\/\/fundacion-biodiversidad.es\/en\/proyecto_prtr\/"},{"@type":"ListItem","position":3,"name":"New plant for the classification, recycling and recovery of post-consumer plastic waste in O Porri\u00f1o (PLASTI\u00d1O)"}]},{"@type":"WebSite","@id":"https:\/\/fundacion-biodiversidad.es\/en\/#website","url":"https:\/\/fundacion-biodiversidad.es\/en\/","name":"Fundaci\u00f3n Biodiversidad","description":"Fundaci\u00f3n p\u00fablica adscrita al Ministerio para la Transici\u00f3n Ecol\u00f3gica","potentialAction":[{"@type":"SearchAction","target":{"@type":"EntryPoint","urlTemplate":"https:\/\/fundacion-biodiversidad.es\/en\/?s={search_term_string}"},"query-input":{"@type":"PropertyValueSpecification","valueRequired":true,"valueName":"search_term_string"}}],"inLanguage":"en-US"}]}},"_links":{"self":[{"href":"https:\/\/fundacion-biodiversidad.es\/en\/wp-json\/wp\/v2\/proyecto_prtr\/97874188","targetHints":{"allow":["GET"]}}],"collection":[{"href":"https:\/\/fundacion-biodiversidad.es\/en\/wp-json\/wp\/v2\/proyecto_prtr"}],"about":[{"href":"https:\/\/fundacion-biodiversidad.es\/en\/wp-json\/wp\/v2\/types\/proyecto_prtr"}],"wp:featuredmedia":[{"embeddable":true,"href":"https:\/\/fundacion-biodiversidad.es\/en\/wp-json\/wp\/v2\/media\/22405"}],"wp:attachment":[{"href":"https:\/\/fundacion-biodiversidad.es\/en\/wp-json\/wp\/v2\/media?parent=97874188"}],"wp:term":[{"taxonomy":"financiaci_n","embeddable":true,"href":"https:\/\/fundacion-biodiversidad.es\/en\/wp-json\/wp\/v2\/financiaci_n?post=97874188"},{"taxonomy":"lineas_actuacion_tematicas","embeddable":true,"href":"https:\/\/fundacion-biodiversidad.es\/en\/wp-json\/wp\/v2\/lineas_actuacion_tematicas?post=97874188"}],"curies":[{"name":"wp","href":"https:\/\/api.w.org\/{rel}","templated":true}]}}

New plant for the classification, recycling and recovery of post-consumer plastic waste in O Porriño (PLASTIÑO)

<p>The PLASTIÑO project proposes the development of a new line for the recovery of post-consumer plastic waste from the fragmentation and separation processes of the ALUMISEL metal waste management plant (O Porriño), which currently accounts for more than 1,500 t/year that go to landfill, so that these plastics can be classified,  to prepare for recycling and to recover for new uses. Thus, 4 types of products will be produced: </p>
<ul>
<li>Flakes</li>
<li>Recycled polyols</li>
<li>New products with application in furniture and construction</li>
<li>New Plastic Wood Products</li>
</ul>

<!-- This site is optimized with the Yoast SEO plugin v26.9 - https://yoast.com/product/yoast-seo-wordpress/ -->
<title>New plant for the classification, recycling and recovery of post-consumer plastic waste in O Porriño (PLASTIÑO) - Fundación Biodiversidad</title>
<meta name="robots" content="index, follow, max-snippet:-1, max-image-preview:large, max-video-preview:-1" />
<link rel="canonical" href="https://fundacion-biodiversidad.es/en/proyecto_prtr/new-plant-for-the-classification-recycling-and-recovery-of-post-consumer-plastic-waste-in-o-porrino-plastino/" />
<meta property="og:locale" content="en_US" />
<meta property="og:type" content="article" />
<meta property="og:title" content="New plant for the classification, recycling and recovery of post-consumer plastic waste in O Porriño (PLASTIÑO) - Fundación Biodiversidad" />
<meta property="og:description" content="The PLASTIÑO project proposes the development of a new line for the recovery of post-consumer plastic waste from the fragmentation and separation processes of the [&hellip;]" />
<meta property="og:url" content="https://fundacion-biodiversidad.es/en/proyecto_prtr/new-plant-for-the-classification-recycling-and-recovery-of-post-consumer-plastic-waste-in-o-porrino-plastino/" />
<meta property="og:site_name" content="Fundación Biodiversidad" />
<meta property="og:image" content="https://fundacion-biodiversidad.es/wp-content/uploads/2026/04/Imagen-plastico.png" />
<meta name="twitter:card" content="summary_large_image" />
<script type="application/ld+json" class="yoast-schema-graph">{"@context":"https://schema.org","@graph":[{"@type":"WebPage","@id":"https://fundacion-biodiversidad.es/en/proyecto_prtr/new-plant-for-the-classification-recycling-and-recovery-of-post-consumer-plastic-waste-in-o-porrino-plastino/","url":"https://fundacion-biodiversidad.es/en/proyecto_prtr/new-plant-for-the-classification-recycling-and-recovery-of-post-consumer-plastic-waste-in-o-porrino-plastino/","name":"New plant for the classification, recycling and recovery of post-consumer plastic waste in O Porriño (PLASTIÑO) - Fundación Biodiversidad","isPartOf":{"@id":"https://fundacion-biodiversidad.es/en/#website"},"primaryImageOfPage":{"@id":"https://fundacion-biodiversidad.es/en/proyecto_prtr/new-plant-for-the-classification-recycling-and-recovery-of-post-consumer-plastic-waste-in-o-porrino-plastino/#primaryimage"},"image":{"@id":"https://fundacion-biodiversidad.es/en/proyecto_prtr/new-plant-for-the-classification-recycling-and-recovery-of-post-consumer-plastic-waste-in-o-porrino-plastino/#primaryimage"},"thumbnailUrl":"https://fundacion-biodiversidad.es/wp-content/uploads/2022/11/no-imagen.jpg","datePublished":"2026-04-22T08:46:05+00:00","breadcrumb":{"@id":"https://fundacion-biodiversidad.es/en/proyecto_prtr/new-plant-for-the-classification-recycling-and-recovery-of-post-consumer-plastic-waste-in-o-porrino-plastino/#breadcrumb"},"inLanguage":"en-US","potentialAction":[{"@type":"ReadAction","target":["https://fundacion-biodiversidad.es/en/proyecto_prtr/new-plant-for-the-classification-recycling-and-recovery-of-post-consumer-plastic-waste-in-o-porrino-plastino/"]}]},{"@type":"ImageObject","inLanguage":"en-US","@id":"https://fundacion-biodiversidad.es/en/proyecto_prtr/new-plant-for-the-classification-recycling-and-recovery-of-post-consumer-plastic-waste-in-o-porrino-plastino/#primaryimage","url":"https://fundacion-biodiversidad.es/wp-content/uploads/2022/11/no-imagen.jpg","contentUrl":"https://fundacion-biodiversidad.es/wp-content/uploads/2022/11/no-imagen.jpg","width":2048,"height":2048,"caption":"Formación en medio ambiente natural"},{"@type":"BreadcrumbList","@id":"https://fundacion-biodiversidad.es/en/proyecto_prtr/new-plant-for-the-classification-recycling-and-recovery-of-post-consumer-plastic-waste-in-o-porrino-plastino/#breadcrumb","itemListElement":[{"@type":"ListItem","position":1,"name":"Portada","item":"https://fundacion-biodiversidad.es/en/inicio/"},{"@type":"ListItem","position":2,"name":"Proyectos de convocatorias PRTR","item":"https://fundacion-biodiversidad.es/en/proyecto_prtr/"},{"@type":"ListItem","position":3,"name":"New plant for the classification, recycling and recovery of post-consumer plastic waste in O Porriño (PLASTIÑO)"}]},{"@type":"WebSite","@id":"https://fundacion-biodiversidad.es/en/#website","url":"https://fundacion-biodiversidad.es/en/","name":"Fundación Biodiversidad","description":"Fundación pública adscrita al Ministerio para la Transición Ecológica","potentialAction":[{"@type":"SearchAction","target":{"@type":"EntryPoint","urlTemplate":"https://fundacion-biodiversidad.es/en/?s={search_term_string}"},"query-input":{"@type":"PropertyValueSpecification","valueRequired":true,"valueName":"search_term_string"}}],"inLanguage":"en-US"}]}</script>
<!-- / Yoast SEO plugin. -->

New plant for the classification, recycling and recovery of post-consumer plastic waste in O Porriño (PLASTIÑO) - Fundación Biodiversidad

The PLASTIÑO project proposes the development of a new line for the recovery of post-consumer plastic waste from the fragmentation and separation processes of the [&hellip;]

Fundación Biodiversidad

Formación en medio ambiente natural

Fundación pública adscrita al Ministerio para la Transición Ecológica
