{"id":97874217,"date":"2026-04-22T12:28:00","date_gmt":"2026-04-22T10:28:00","guid":{"rendered":"https:\/\/fundacion-biodiversidad.es\/proyecto_prtr\/set-of-investments-and-innovative-technologies-ii-in-the-field-of-the-industrial-value-chain-of-the-manufacture-of-electric-vehicle-components-aimed-at-the-challenge-of-the-circular-economy\/"},"modified":"2026-04-22T12:28:00","modified_gmt":"2026-04-22T10:28:00","slug":"set-of-investments-and-innovative-technologies-ii-in-the-field-of-the-industrial-value-chain-of-the-manufacture-of-electric-vehicle-components-aimed-at-the-challenge-of-the-circular-economy","status":"publish","type":"proyecto_prtr","link":"https:\/\/fundacion-biodiversidad.es\/en\/proyecto_prtr\/set-of-investments-and-innovative-technologies-ii-in-the-field-of-the-industrial-value-chain-of-the-manufacture-of-electric-vehicle-components-aimed-at-the-challenge-of-the-circular-economy\/","title":{"rendered":"Set of investments and innovative technologies II in the field of the industrial value chain of the manufacture of electric vehicle components, aimed at the challenge of the Circular Economy"},"content":{"rendered":"<p>This project focuses on improving the sustainability and circularity of the industrial manufacturing process of EV power inverter connectors, with a content between 65 and 84% plastics, through investment in an automatic injection machine and an automation system between the main injection and the marking and testing station.  as well as the improvement and optimization of its processes through technologies that will reduce the consumption of virgin raw material (PPS), increase efficiency in the use of material and reduce the generation of waste and waste.<\/p>\n","protected":false},"featured_media":22405,"parent":0,"template":"","meta":{"_acf_changed":false},"financiaci_n":[653],"lineas_actuacion_tematicas":[671],"class_list":["post-97874217","proyecto_prtr","type-proyecto_prtr","status-publish","has-post-thumbnail","hentry","financiaci_n-plan-de-recuperacion-transformacion-y-resiliencia-en","lineas_actuacion_tematicas-private-sector"],"acf":[],"yoast_head":"<!-- This site is optimized with the Yoast SEO plugin v26.9 - https:\/\/yoast.com\/product\/yoast-seo-wordpress\/ -->\n<title>Set of investments and innovative technologies II in the field of the industrial value chain of the manufacture of electric vehicle components, aimed at the challenge of the Circular Economy - Fundaci\u00f3n Biodiversidad<\/title>\n<meta name=\"robots\" content=\"index, follow, max-snippet:-1, max-image-preview:large, max-video-preview:-1\" \/>\n<link rel=\"canonical\" href=\"https:\/\/fundacion-biodiversidad.es\/en\/proyecto_prtr\/set-of-investments-and-innovative-technologies-ii-in-the-field-of-the-industrial-value-chain-of-the-manufacture-of-electric-vehicle-components-aimed-at-the-challenge-of-the-circular-economy\/\" \/>\n<meta property=\"og:locale\" content=\"en_US\" \/>\n<meta property=\"og:type\" content=\"article\" \/>\n<meta property=\"og:title\" content=\"Set of investments and innovative technologies II in the field of the industrial value chain of the manufacture of electric vehicle components, aimed at the challenge of the Circular Economy - Fundaci\u00f3n Biodiversidad\" \/>\n<meta property=\"og:description\" content=\"This project focuses on improving the sustainability and circularity of the industrial manufacturing process of EV power inverter connectors, with a content between 65 and [&hellip;]\" \/>\n<meta property=\"og:url\" content=\"https:\/\/fundacion-biodiversidad.es\/en\/proyecto_prtr\/set-of-investments-and-innovative-technologies-ii-in-the-field-of-the-industrial-value-chain-of-the-manufacture-of-electric-vehicle-components-aimed-at-the-challenge-of-the-circular-economy\/\" \/>\n<meta property=\"og:site_name\" content=\"Fundaci\u00f3n Biodiversidad\" \/>\n<meta property=\"og:image\" content=\"https:\/\/fundacion-biodiversidad.es\/wp-content\/uploads\/2026\/04\/Imagen-plastico.png\" \/>\n<meta name=\"twitter:card\" content=\"summary_large_image\" \/>\n<script type=\"application\/ld+json\" class=\"yoast-schema-graph\">{\"@context\":\"https:\/\/schema.org\",\"@graph\":[{\"@type\":\"WebPage\",\"@id\":\"https:\/\/fundacion-biodiversidad.es\/en\/proyecto_prtr\/set-of-investments-and-innovative-technologies-ii-in-the-field-of-the-industrial-value-chain-of-the-manufacture-of-electric-vehicle-components-aimed-at-the-challenge-of-the-circular-economy\/\",\"url\":\"https:\/\/fundacion-biodiversidad.es\/en\/proyecto_prtr\/set-of-investments-and-innovative-technologies-ii-in-the-field-of-the-industrial-value-chain-of-the-manufacture-of-electric-vehicle-components-aimed-at-the-challenge-of-the-circular-economy\/\",\"name\":\"Set of investments and innovative technologies II in the field of the industrial value chain of the manufacture of electric vehicle components, aimed at the challenge of the Circular Economy - Fundaci\u00f3n Biodiversidad\",\"isPartOf\":{\"@id\":\"https:\/\/fundacion-biodiversidad.es\/en\/#website\"},\"primaryImageOfPage\":{\"@id\":\"https:\/\/fundacion-biodiversidad.es\/en\/proyecto_prtr\/set-of-investments-and-innovative-technologies-ii-in-the-field-of-the-industrial-value-chain-of-the-manufacture-of-electric-vehicle-components-aimed-at-the-challenge-of-the-circular-economy\/#primaryimage\"},\"image\":{\"@id\":\"https:\/\/fundacion-biodiversidad.es\/en\/proyecto_prtr\/set-of-investments-and-innovative-technologies-ii-in-the-field-of-the-industrial-value-chain-of-the-manufacture-of-electric-vehicle-components-aimed-at-the-challenge-of-the-circular-economy\/#primaryimage\"},\"thumbnailUrl\":\"https:\/\/fundacion-biodiversidad.es\/wp-content\/uploads\/2022\/11\/no-imagen.jpg\",\"datePublished\":\"2026-04-22T10:28:00+00:00\",\"breadcrumb\":{\"@id\":\"https:\/\/fundacion-biodiversidad.es\/en\/proyecto_prtr\/set-of-investments-and-innovative-technologies-ii-in-the-field-of-the-industrial-value-chain-of-the-manufacture-of-electric-vehicle-components-aimed-at-the-challenge-of-the-circular-economy\/#breadcrumb\"},\"inLanguage\":\"en-US\",\"potentialAction\":[{\"@type\":\"ReadAction\",\"target\":[\"https:\/\/fundacion-biodiversidad.es\/en\/proyecto_prtr\/set-of-investments-and-innovative-technologies-ii-in-the-field-of-the-industrial-value-chain-of-the-manufacture-of-electric-vehicle-components-aimed-at-the-challenge-of-the-circular-economy\/\"]}]},{\"@type\":\"ImageObject\",\"inLanguage\":\"en-US\",\"@id\":\"https:\/\/fundacion-biodiversidad.es\/en\/proyecto_prtr\/set-of-investments-and-innovative-technologies-ii-in-the-field-of-the-industrial-value-chain-of-the-manufacture-of-electric-vehicle-components-aimed-at-the-challenge-of-the-circular-economy\/#primaryimage\",\"url\":\"https:\/\/fundacion-biodiversidad.es\/wp-content\/uploads\/2022\/11\/no-imagen.jpg\",\"contentUrl\":\"https:\/\/fundacion-biodiversidad.es\/wp-content\/uploads\/2022\/11\/no-imagen.jpg\",\"width\":2048,\"height\":2048,\"caption\":\"Formaci\u00f3n en medio ambiente natural\"},{\"@type\":\"BreadcrumbList\",\"@id\":\"https:\/\/fundacion-biodiversidad.es\/en\/proyecto_prtr\/set-of-investments-and-innovative-technologies-ii-in-the-field-of-the-industrial-value-chain-of-the-manufacture-of-electric-vehicle-components-aimed-at-the-challenge-of-the-circular-economy\/#breadcrumb\",\"itemListElement\":[{\"@type\":\"ListItem\",\"position\":1,\"name\":\"Portada\",\"item\":\"https:\/\/fundacion-biodiversidad.es\/en\/inicio\/\"},{\"@type\":\"ListItem\",\"position\":2,\"name\":\"Proyectos de convocatorias PRTR\",\"item\":\"https:\/\/fundacion-biodiversidad.es\/en\/proyecto_prtr\/\"},{\"@type\":\"ListItem\",\"position\":3,\"name\":\"Set of investments and innovative technologies II in the field of the industrial value chain of the manufacture of electric vehicle components, aimed at the challenge of the Circular Economy\"}]},{\"@type\":\"WebSite\",\"@id\":\"https:\/\/fundacion-biodiversidad.es\/en\/#website\",\"url\":\"https:\/\/fundacion-biodiversidad.es\/en\/\",\"name\":\"Fundaci\u00f3n Biodiversidad\",\"description\":\"Fundaci\u00f3n p\u00fablica adscrita al Ministerio para la Transici\u00f3n Ecol\u00f3gica\",\"potentialAction\":[{\"@type\":\"SearchAction\",\"target\":{\"@type\":\"EntryPoint\",\"urlTemplate\":\"https:\/\/fundacion-biodiversidad.es\/en\/?s={search_term_string}\"},\"query-input\":{\"@type\":\"PropertyValueSpecification\",\"valueRequired\":true,\"valueName\":\"search_term_string\"}}],\"inLanguage\":\"en-US\"}]}<\/script>\n<!-- \/ Yoast SEO plugin. -->","yoast_head_json":{"title":"Set of investments and innovative technologies II in the field of the industrial value chain of the manufacture of electric vehicle components, aimed at the challenge of the Circular Economy - Fundaci\u00f3n Biodiversidad","robots":{"index":"index","follow":"follow","max-snippet":"max-snippet:-1","max-image-preview":"max-image-preview:large","max-video-preview":"max-video-preview:-1"},"canonical":"https:\/\/fundacion-biodiversidad.es\/en\/proyecto_prtr\/set-of-investments-and-innovative-technologies-ii-in-the-field-of-the-industrial-value-chain-of-the-manufacture-of-electric-vehicle-components-aimed-at-the-challenge-of-the-circular-economy\/","og_locale":"en_US","og_type":"article","og_title":"Set of investments and innovative technologies II in the field of the industrial value chain of the manufacture of electric vehicle components, aimed at the challenge of the Circular Economy - Fundaci\u00f3n Biodiversidad","og_description":"This project focuses on improving the sustainability and circularity of the industrial manufacturing process of EV power inverter connectors, with a content between 65 and [&hellip;]","og_url":"https:\/\/fundacion-biodiversidad.es\/en\/proyecto_prtr\/set-of-investments-and-innovative-technologies-ii-in-the-field-of-the-industrial-value-chain-of-the-manufacture-of-electric-vehicle-components-aimed-at-the-challenge-of-the-circular-economy\/","og_site_name":"Fundaci\u00f3n Biodiversidad","og_image":[{"url":"https:\/\/fundacion-biodiversidad.es\/wp-content\/uploads\/2026\/04\/Imagen-plastico.png","type":"","width":"","height":""}],"twitter_card":"summary_large_image","schema":{"@context":"https:\/\/schema.org","@graph":[{"@type":"WebPage","@id":"https:\/\/fundacion-biodiversidad.es\/en\/proyecto_prtr\/set-of-investments-and-innovative-technologies-ii-in-the-field-of-the-industrial-value-chain-of-the-manufacture-of-electric-vehicle-components-aimed-at-the-challenge-of-the-circular-economy\/","url":"https:\/\/fundacion-biodiversidad.es\/en\/proyecto_prtr\/set-of-investments-and-innovative-technologies-ii-in-the-field-of-the-industrial-value-chain-of-the-manufacture-of-electric-vehicle-components-aimed-at-the-challenge-of-the-circular-economy\/","name":"Set of investments and innovative technologies II in the field of the industrial value chain of the manufacture of electric vehicle components, aimed at the challenge of the Circular Economy - Fundaci\u00f3n Biodiversidad","isPartOf":{"@id":"https:\/\/fundacion-biodiversidad.es\/en\/#website"},"primaryImageOfPage":{"@id":"https:\/\/fundacion-biodiversidad.es\/en\/proyecto_prtr\/set-of-investments-and-innovative-technologies-ii-in-the-field-of-the-industrial-value-chain-of-the-manufacture-of-electric-vehicle-components-aimed-at-the-challenge-of-the-circular-economy\/#primaryimage"},"image":{"@id":"https:\/\/fundacion-biodiversidad.es\/en\/proyecto_prtr\/set-of-investments-and-innovative-technologies-ii-in-the-field-of-the-industrial-value-chain-of-the-manufacture-of-electric-vehicle-components-aimed-at-the-challenge-of-the-circular-economy\/#primaryimage"},"thumbnailUrl":"https:\/\/fundacion-biodiversidad.es\/wp-content\/uploads\/2022\/11\/no-imagen.jpg","datePublished":"2026-04-22T10:28:00+00:00","breadcrumb":{"@id":"https:\/\/fundacion-biodiversidad.es\/en\/proyecto_prtr\/set-of-investments-and-innovative-technologies-ii-in-the-field-of-the-industrial-value-chain-of-the-manufacture-of-electric-vehicle-components-aimed-at-the-challenge-of-the-circular-economy\/#breadcrumb"},"inLanguage":"en-US","potentialAction":[{"@type":"ReadAction","target":["https:\/\/fundacion-biodiversidad.es\/en\/proyecto_prtr\/set-of-investments-and-innovative-technologies-ii-in-the-field-of-the-industrial-value-chain-of-the-manufacture-of-electric-vehicle-components-aimed-at-the-challenge-of-the-circular-economy\/"]}]},{"@type":"ImageObject","inLanguage":"en-US","@id":"https:\/\/fundacion-biodiversidad.es\/en\/proyecto_prtr\/set-of-investments-and-innovative-technologies-ii-in-the-field-of-the-industrial-value-chain-of-the-manufacture-of-electric-vehicle-components-aimed-at-the-challenge-of-the-circular-economy\/#primaryimage","url":"https:\/\/fundacion-biodiversidad.es\/wp-content\/uploads\/2022\/11\/no-imagen.jpg","contentUrl":"https:\/\/fundacion-biodiversidad.es\/wp-content\/uploads\/2022\/11\/no-imagen.jpg","width":2048,"height":2048,"caption":"Formaci\u00f3n en medio ambiente natural"},{"@type":"BreadcrumbList","@id":"https:\/\/fundacion-biodiversidad.es\/en\/proyecto_prtr\/set-of-investments-and-innovative-technologies-ii-in-the-field-of-the-industrial-value-chain-of-the-manufacture-of-electric-vehicle-components-aimed-at-the-challenge-of-the-circular-economy\/#breadcrumb","itemListElement":[{"@type":"ListItem","position":1,"name":"Portada","item":"https:\/\/fundacion-biodiversidad.es\/en\/inicio\/"},{"@type":"ListItem","position":2,"name":"Proyectos de convocatorias PRTR","item":"https:\/\/fundacion-biodiversidad.es\/en\/proyecto_prtr\/"},{"@type":"ListItem","position":3,"name":"Set of investments and innovative technologies II in the field of the industrial value chain of the manufacture of electric vehicle components, aimed at the challenge of the Circular Economy"}]},{"@type":"WebSite","@id":"https:\/\/fundacion-biodiversidad.es\/en\/#website","url":"https:\/\/fundacion-biodiversidad.es\/en\/","name":"Fundaci\u00f3n Biodiversidad","description":"Fundaci\u00f3n p\u00fablica adscrita al Ministerio para la Transici\u00f3n Ecol\u00f3gica","potentialAction":[{"@type":"SearchAction","target":{"@type":"EntryPoint","urlTemplate":"https:\/\/fundacion-biodiversidad.es\/en\/?s={search_term_string}"},"query-input":{"@type":"PropertyValueSpecification","valueRequired":true,"valueName":"search_term_string"}}],"inLanguage":"en-US"}]}},"_links":{"self":[{"href":"https:\/\/fundacion-biodiversidad.es\/en\/wp-json\/wp\/v2\/proyecto_prtr\/97874217","targetHints":{"allow":["GET"]}}],"collection":[{"href":"https:\/\/fundacion-biodiversidad.es\/en\/wp-json\/wp\/v2\/proyecto_prtr"}],"about":[{"href":"https:\/\/fundacion-biodiversidad.es\/en\/wp-json\/wp\/v2\/types\/proyecto_prtr"}],"wp:featuredmedia":[{"embeddable":true,"href":"https:\/\/fundacion-biodiversidad.es\/en\/wp-json\/wp\/v2\/media\/22405"}],"wp:attachment":[{"href":"https:\/\/fundacion-biodiversidad.es\/en\/wp-json\/wp\/v2\/media?parent=97874217"}],"wp:term":[{"taxonomy":"financiaci_n","embeddable":true,"href":"https:\/\/fundacion-biodiversidad.es\/en\/wp-json\/wp\/v2\/financiaci_n?post=97874217"},{"taxonomy":"lineas_actuacion_tematicas","embeddable":true,"href":"https:\/\/fundacion-biodiversidad.es\/en\/wp-json\/wp\/v2\/lineas_actuacion_tematicas?post=97874217"}],"curies":[{"name":"wp","href":"https:\/\/api.w.org\/{rel}","templated":true}]}}

<!-- This site is optimized with the Yoast SEO plugin v26.9 - https://yoast.com/product/yoast-seo-wordpress/ -->
<title>Set of investments and innovative technologies II in the field of the industrial value chain of the manufacture of electric vehicle components, aimed at the challenge of the Circular Economy - Fundación Biodiversidad</title>
<meta name="robots" content="index, follow, max-snippet:-1, max-image-preview:large, max-video-preview:-1" />
<link rel="canonical" href="https://fundacion-biodiversidad.es/en/proyecto_prtr/set-of-investments-and-innovative-technologies-ii-in-the-field-of-the-industrial-value-chain-of-the-manufacture-of-electric-vehicle-components-aimed-at-the-challenge-of-the-circular-economy/" />
<meta property="og:locale" content="en_US" />
<meta property="og:type" content="article" />
<meta property="og:title" content="Set of investments and innovative technologies II in the field of the industrial value chain of the manufacture of electric vehicle components, aimed at the challenge of the Circular Economy - Fundación Biodiversidad" />
<meta property="og:description" content="This project focuses on improving the sustainability and circularity of the industrial manufacturing process of EV power inverter connectors, with a content between 65 and [&hellip;]" />
<meta property="og:url" content="https://fundacion-biodiversidad.es/en/proyecto_prtr/set-of-investments-and-innovative-technologies-ii-in-the-field-of-the-industrial-value-chain-of-the-manufacture-of-electric-vehicle-components-aimed-at-the-challenge-of-the-circular-economy/" />
<meta property="og:site_name" content="Fundación Biodiversidad" />
<meta property="og:image" content="https://fundacion-biodiversidad.es/wp-content/uploads/2026/04/Imagen-plastico.png" />
<meta name="twitter:card" content="summary_large_image" />
<script type="application/ld+json" class="yoast-schema-graph">{"@context":"https://schema.org","@graph":[{"@type":"WebPage","@id":"https://fundacion-biodiversidad.es/en/proyecto_prtr/set-of-investments-and-innovative-technologies-ii-in-the-field-of-the-industrial-value-chain-of-the-manufacture-of-electric-vehicle-components-aimed-at-the-challenge-of-the-circular-economy/","url":"https://fundacion-biodiversidad.es/en/proyecto_prtr/set-of-investments-and-innovative-technologies-ii-in-the-field-of-the-industrial-value-chain-of-the-manufacture-of-electric-vehicle-components-aimed-at-the-challenge-of-the-circular-economy/","name":"Set of investments and innovative technologies II in the field of the industrial value chain of the manufacture of electric vehicle components, aimed at the challenge of the Circular Economy - Fundación Biodiversidad","isPartOf":{"@id":"https://fundacion-biodiversidad.es/en/#website"},"primaryImageOfPage":{"@id":"https://fundacion-biodiversidad.es/en/proyecto_prtr/set-of-investments-and-innovative-technologies-ii-in-the-field-of-the-industrial-value-chain-of-the-manufacture-of-electric-vehicle-components-aimed-at-the-challenge-of-the-circular-economy/#primaryimage"},"image":{"@id":"https://fundacion-biodiversidad.es/en/proyecto_prtr/set-of-investments-and-innovative-technologies-ii-in-the-field-of-the-industrial-value-chain-of-the-manufacture-of-electric-vehicle-components-aimed-at-the-challenge-of-the-circular-economy/#primaryimage"},"thumbnailUrl":"https://fundacion-biodiversidad.es/wp-content/uploads/2022/11/no-imagen.jpg","datePublished":"2026-04-22T10:28:00+00:00","breadcrumb":{"@id":"https://fundacion-biodiversidad.es/en/proyecto_prtr/set-of-investments-and-innovative-technologies-ii-in-the-field-of-the-industrial-value-chain-of-the-manufacture-of-electric-vehicle-components-aimed-at-the-challenge-of-the-circular-economy/#breadcrumb"},"inLanguage":"en-US","potentialAction":[{"@type":"ReadAction","target":["https://fundacion-biodiversidad.es/en/proyecto_prtr/set-of-investments-and-innovative-technologies-ii-in-the-field-of-the-industrial-value-chain-of-the-manufacture-of-electric-vehicle-components-aimed-at-the-challenge-of-the-circular-economy/"]}]},{"@type":"ImageObject","inLanguage":"en-US","@id":"https://fundacion-biodiversidad.es/en/proyecto_prtr/set-of-investments-and-innovative-technologies-ii-in-the-field-of-the-industrial-value-chain-of-the-manufacture-of-electric-vehicle-components-aimed-at-the-challenge-of-the-circular-economy/#primaryimage","url":"https://fundacion-biodiversidad.es/wp-content/uploads/2022/11/no-imagen.jpg","contentUrl":"https://fundacion-biodiversidad.es/wp-content/uploads/2022/11/no-imagen.jpg","width":2048,"height":2048,"caption":"Formación en medio ambiente natural"},{"@type":"BreadcrumbList","@id":"https://fundacion-biodiversidad.es/en/proyecto_prtr/set-of-investments-and-innovative-technologies-ii-in-the-field-of-the-industrial-value-chain-of-the-manufacture-of-electric-vehicle-components-aimed-at-the-challenge-of-the-circular-economy/#breadcrumb","itemListElement":[{"@type":"ListItem","position":1,"name":"Portada","item":"https://fundacion-biodiversidad.es/en/inicio/"},{"@type":"ListItem","position":2,"name":"Proyectos de convocatorias PRTR","item":"https://fundacion-biodiversidad.es/en/proyecto_prtr/"},{"@type":"ListItem","position":3,"name":"Set of investments and innovative technologies II in the field of the industrial value chain of the manufacture of electric vehicle components, aimed at the challenge of the Circular Economy"}]},{"@type":"WebSite","@id":"https://fundacion-biodiversidad.es/en/#website","url":"https://fundacion-biodiversidad.es/en/","name":"Fundación Biodiversidad","description":"Fundación pública adscrita al Ministerio para la Transición Ecológica","potentialAction":[{"@type":"SearchAction","target":{"@type":"EntryPoint","urlTemplate":"https://fundacion-biodiversidad.es/en/?s={search_term_string}"},"query-input":{"@type":"PropertyValueSpecification","valueRequired":true,"valueName":"search_term_string"}}],"inLanguage":"en-US"}]}</script>
<!-- / Yoast SEO plugin. -->

Set of investments and innovative technologies II in the field of the industrial value chain of the manufacture of electric vehicle components, aimed at the challenge of the Circular Economy - Fundación Biodiversidad

Fundación Biodiversidad

Formación en medio ambiente natural

Fundación pública adscrita al Ministerio para la Transición Ecológica
