{"id":48988,"date":"2023-10-06T13:37:22","date_gmt":"2023-10-06T11:37:22","guid":{"rendered":"https:\/\/fundacion-biodiversidad.es\/proyectos_ficha\/reinforcement-of-populations-ecology-and-biology-of-the-three-nesting-storm-petrel-species-in-the-canary-islands-countries\/"},"modified":"2025-04-24T13:51:48","modified_gmt":"2025-04-24T11:51:48","slug":"reinforcement-of-populations-ecology-and-biology-of-the-three-nesting-storm-petrel-species-in-the-canary-islands-countries","status":"publish","type":"proyectos_ficha","link":"https:\/\/fundacion-biodiversidad.es\/en\/proyectos_ficha\/reinforcement-of-populations-ecology-and-biology-of-the-three-nesting-storm-petrel-species-in-the-canary-islands-countries\/","title":{"rendered":"Reinforcement of populations, ecology and biology of the three nesting storm petrel species in the Canary Islands (COUNTRIES)"},"content":{"rendered":"<ul>\n<li>The project has contributed to the improvement of knowledge about the three species of storm petrels nesting in the Canary Islands: the European storm petrel<em>(Hydrobates pelagicus<\/em>), the Madeira storm petrel<em>(Hydrobates castro<\/em>) and the Pechialbo storm petrel<em>(Pelagodroma marina<\/em>).<\/li>\n<li>The actions aimed at monitoring the nests of the three species of storm petrels in order to know the phenology of the species, their abundance and distribution, have obtained relevant information for the improvement of their management and conservation.<\/li>\n<li>A complete proposal for conservation plans for the Madeira Storm-petrel and the Pechialbo storm-petrel in Spain has been elaborated.<\/li>\n<li>The marking and monitoring of specimens of the three species has provided highly relevant data and has led to the preparation of the proposal to expand the network of Special Protection Areas for Birds (SPAs) in the waters of the Canary Islands archipelago, contributing to the objective of LIFE INTEMARES to increase the surface area of the marine Natura 2000 Network in Spain.<\/li>\n<\/ul>\n","protected":false},"author":11,"featured_media":48986,"template":"","meta":{"_acf_changed":false},"financiaci_n":[650],"lineas_actuacion_tematicas":[655],"class_list":["post-48988","proyectos_ficha","type-proyectos_ficha","status-publish","has-post-thumbnail","hentry","financiaci_n-fundacion-biodiversidad-en","lineas_actuacion_tematicas-marine-ecosystems"],"acf":[],"yoast_head":"<!-- This site is optimized with the Yoast SEO plugin v26.9 - https:\/\/yoast.com\/product\/yoast-seo-wordpress\/ -->\n<title>Reinforcement of populations, ecology and biology of the three nesting storm petrel species in the Canary Islands (COUNTRIES) - Fundaci\u00f3n Biodiversidad<\/title>\n<meta name=\"robots\" content=\"index, follow, max-snippet:-1, max-image-preview:large, max-video-preview:-1\" \/>\n<link rel=\"canonical\" href=\"https:\/\/fundacion-biodiversidad.es\/en\/proyectos_ficha\/reinforcement-of-populations-ecology-and-biology-of-the-three-nesting-storm-petrel-species-in-the-canary-islands-countries\/\" \/>\n<meta property=\"og:locale\" content=\"en_US\" \/>\n<meta property=\"og:type\" content=\"article\" \/>\n<meta property=\"og:title\" content=\"Reinforcement of populations, ecology and biology of the three nesting storm petrel species in the Canary Islands (COUNTRIES) - Fundaci\u00f3n Biodiversidad\" \/>\n<meta property=\"og:description\" content=\"The project has contributed to the improvement of knowledge about the three species of storm petrels nesting in the Canary Islands: the European storm petrel(Hydrobates [&hellip;]\" \/>\n<meta property=\"og:url\" content=\"https:\/\/fundacion-biodiversidad.es\/en\/proyectos_ficha\/reinforcement-of-populations-ecology-and-biology-of-the-three-nesting-storm-petrel-species-in-the-canary-islands-countries\/\" \/>\n<meta property=\"og:site_name\" content=\"Fundaci\u00f3n Biodiversidad\" \/>\n<meta property=\"article:modified_time\" content=\"2025-04-24T11:51:48+00:00\" \/>\n<meta property=\"og:image\" content=\"https:\/\/fundacion-biodiversidad.es\/wp-content\/uploads\/2023\/10\/paino_madeira-1200.png\" \/>\n\t<meta property=\"og:image:width\" content=\"1200\" \/>\n\t<meta property=\"og:image:height\" content=\"628\" \/>\n\t<meta property=\"og:image:type\" content=\"image\/png\" \/>\n<meta name=\"twitter:card\" content=\"summary_large_image\" \/>\n<meta name=\"twitter:label1\" content=\"Est. reading time\" \/>\n\t<meta name=\"twitter:data1\" content=\"1 minute\" \/>\n<script type=\"application\/ld+json\" class=\"yoast-schema-graph\">{\"@context\":\"https:\/\/schema.org\",\"@graph\":[{\"@type\":\"WebPage\",\"@id\":\"https:\/\/fundacion-biodiversidad.es\/en\/proyectos_ficha\/reinforcement-of-populations-ecology-and-biology-of-the-three-nesting-storm-petrel-species-in-the-canary-islands-countries\/\",\"url\":\"https:\/\/fundacion-biodiversidad.es\/en\/proyectos_ficha\/reinforcement-of-populations-ecology-and-biology-of-the-three-nesting-storm-petrel-species-in-the-canary-islands-countries\/\",\"name\":\"Reinforcement of populations, ecology and biology of the three nesting storm petrel species in the Canary Islands (COUNTRIES) - Fundaci\u00f3n Biodiversidad\",\"isPartOf\":{\"@id\":\"https:\/\/fundacion-biodiversidad.es\/en\/#website\"},\"primaryImageOfPage\":{\"@id\":\"https:\/\/fundacion-biodiversidad.es\/en\/proyectos_ficha\/reinforcement-of-populations-ecology-and-biology-of-the-three-nesting-storm-petrel-species-in-the-canary-islands-countries\/#primaryimage\"},\"image\":{\"@id\":\"https:\/\/fundacion-biodiversidad.es\/en\/proyectos_ficha\/reinforcement-of-populations-ecology-and-biology-of-the-three-nesting-storm-petrel-species-in-the-canary-islands-countries\/#primaryimage\"},\"thumbnailUrl\":\"https:\/\/fundacion-biodiversidad.es\/wp-content\/uploads\/2023\/10\/paino_madeira-1200.png\",\"datePublished\":\"2023-10-06T11:37:22+00:00\",\"dateModified\":\"2025-04-24T11:51:48+00:00\",\"breadcrumb\":{\"@id\":\"https:\/\/fundacion-biodiversidad.es\/en\/proyectos_ficha\/reinforcement-of-populations-ecology-and-biology-of-the-three-nesting-storm-petrel-species-in-the-canary-islands-countries\/#breadcrumb\"},\"inLanguage\":\"en-US\",\"potentialAction\":[{\"@type\":\"ReadAction\",\"target\":[\"https:\/\/fundacion-biodiversidad.es\/en\/proyectos_ficha\/reinforcement-of-populations-ecology-and-biology-of-the-three-nesting-storm-petrel-species-in-the-canary-islands-countries\/\"]}]},{\"@type\":\"ImageObject\",\"inLanguage\":\"en-US\",\"@id\":\"https:\/\/fundacion-biodiversidad.es\/en\/proyectos_ficha\/reinforcement-of-populations-ecology-and-biology-of-the-three-nesting-storm-petrel-species-in-the-canary-islands-countries\/#primaryimage\",\"url\":\"https:\/\/fundacion-biodiversidad.es\/wp-content\/uploads\/2023\/10\/paino_madeira-1200.png\",\"contentUrl\":\"https:\/\/fundacion-biodiversidad.es\/wp-content\/uploads\/2023\/10\/paino_madeira-1200.png\",\"width\":1200,\"height\":628},{\"@type\":\"BreadcrumbList\",\"@id\":\"https:\/\/fundacion-biodiversidad.es\/en\/proyectos_ficha\/reinforcement-of-populations-ecology-and-biology-of-the-three-nesting-storm-petrel-species-in-the-canary-islands-countries\/#breadcrumb\",\"itemListElement\":[{\"@type\":\"ListItem\",\"position\":1,\"name\":\"Portada\",\"item\":\"https:\/\/fundacion-biodiversidad.es\/en\/inicio\/\"},{\"@type\":\"ListItem\",\"position\":2,\"name\":\"MITECO\",\"item\":\"https:\/\/fundacion-biodiversidad.es\/en\/proyectos_ficha\/\"},{\"@type\":\"ListItem\",\"position\":3,\"name\":\"Reinforcement of populations, ecology and biology of the three nesting storm petrel species in the Canary Islands (COUNTRIES)\"}]},{\"@type\":\"WebSite\",\"@id\":\"https:\/\/fundacion-biodiversidad.es\/en\/#website\",\"url\":\"https:\/\/fundacion-biodiversidad.es\/en\/\",\"name\":\"Fundaci\u00f3n Biodiversidad\",\"description\":\"Fundaci\u00f3n p\u00fablica adscrita al Ministerio para la Transici\u00f3n Ecol\u00f3gica\",\"potentialAction\":[{\"@type\":\"SearchAction\",\"target\":{\"@type\":\"EntryPoint\",\"urlTemplate\":\"https:\/\/fundacion-biodiversidad.es\/en\/?s={search_term_string}\"},\"query-input\":{\"@type\":\"PropertyValueSpecification\",\"valueRequired\":true,\"valueName\":\"search_term_string\"}}],\"inLanguage\":\"en-US\"}]}<\/script>\n<!-- \/ Yoast SEO plugin. -->","yoast_head_json":{"title":"Reinforcement of populations, ecology and biology of the three nesting storm petrel species in the Canary Islands (COUNTRIES) - Fundaci\u00f3n Biodiversidad","robots":{"index":"index","follow":"follow","max-snippet":"max-snippet:-1","max-image-preview":"max-image-preview:large","max-video-preview":"max-video-preview:-1"},"canonical":"https:\/\/fundacion-biodiversidad.es\/en\/proyectos_ficha\/reinforcement-of-populations-ecology-and-biology-of-the-three-nesting-storm-petrel-species-in-the-canary-islands-countries\/","og_locale":"en_US","og_type":"article","og_title":"Reinforcement of populations, ecology and biology of the three nesting storm petrel species in the Canary Islands (COUNTRIES) - Fundaci\u00f3n Biodiversidad","og_description":"The project has contributed to the improvement of knowledge about the three species of storm petrels nesting in the Canary Islands: the European storm petrel(Hydrobates [&hellip;]","og_url":"https:\/\/fundacion-biodiversidad.es\/en\/proyectos_ficha\/reinforcement-of-populations-ecology-and-biology-of-the-three-nesting-storm-petrel-species-in-the-canary-islands-countries\/","og_site_name":"Fundaci\u00f3n Biodiversidad","article_modified_time":"2025-04-24T11:51:48+00:00","og_image":[{"width":1200,"height":628,"url":"https:\/\/fundacion-biodiversidad.es\/wp-content\/uploads\/2023\/10\/paino_madeira-1200.png","type":"image\/png"}],"twitter_card":"summary_large_image","twitter_misc":{"Est. reading time":"1 minute"},"schema":{"@context":"https:\/\/schema.org","@graph":[{"@type":"WebPage","@id":"https:\/\/fundacion-biodiversidad.es\/en\/proyectos_ficha\/reinforcement-of-populations-ecology-and-biology-of-the-three-nesting-storm-petrel-species-in-the-canary-islands-countries\/","url":"https:\/\/fundacion-biodiversidad.es\/en\/proyectos_ficha\/reinforcement-of-populations-ecology-and-biology-of-the-three-nesting-storm-petrel-species-in-the-canary-islands-countries\/","name":"Reinforcement of populations, ecology and biology of the three nesting storm petrel species in the Canary Islands (COUNTRIES) - Fundaci\u00f3n Biodiversidad","isPartOf":{"@id":"https:\/\/fundacion-biodiversidad.es\/en\/#website"},"primaryImageOfPage":{"@id":"https:\/\/fundacion-biodiversidad.es\/en\/proyectos_ficha\/reinforcement-of-populations-ecology-and-biology-of-the-three-nesting-storm-petrel-species-in-the-canary-islands-countries\/#primaryimage"},"image":{"@id":"https:\/\/fundacion-biodiversidad.es\/en\/proyectos_ficha\/reinforcement-of-populations-ecology-and-biology-of-the-three-nesting-storm-petrel-species-in-the-canary-islands-countries\/#primaryimage"},"thumbnailUrl":"https:\/\/fundacion-biodiversidad.es\/wp-content\/uploads\/2023\/10\/paino_madeira-1200.png","datePublished":"2023-10-06T11:37:22+00:00","dateModified":"2025-04-24T11:51:48+00:00","breadcrumb":{"@id":"https:\/\/fundacion-biodiversidad.es\/en\/proyectos_ficha\/reinforcement-of-populations-ecology-and-biology-of-the-three-nesting-storm-petrel-species-in-the-canary-islands-countries\/#breadcrumb"},"inLanguage":"en-US","potentialAction":[{"@type":"ReadAction","target":["https:\/\/fundacion-biodiversidad.es\/en\/proyectos_ficha\/reinforcement-of-populations-ecology-and-biology-of-the-three-nesting-storm-petrel-species-in-the-canary-islands-countries\/"]}]},{"@type":"ImageObject","inLanguage":"en-US","@id":"https:\/\/fundacion-biodiversidad.es\/en\/proyectos_ficha\/reinforcement-of-populations-ecology-and-biology-of-the-three-nesting-storm-petrel-species-in-the-canary-islands-countries\/#primaryimage","url":"https:\/\/fundacion-biodiversidad.es\/wp-content\/uploads\/2023\/10\/paino_madeira-1200.png","contentUrl":"https:\/\/fundacion-biodiversidad.es\/wp-content\/uploads\/2023\/10\/paino_madeira-1200.png","width":1200,"height":628},{"@type":"BreadcrumbList","@id":"https:\/\/fundacion-biodiversidad.es\/en\/proyectos_ficha\/reinforcement-of-populations-ecology-and-biology-of-the-three-nesting-storm-petrel-species-in-the-canary-islands-countries\/#breadcrumb","itemListElement":[{"@type":"ListItem","position":1,"name":"Portada","item":"https:\/\/fundacion-biodiversidad.es\/en\/inicio\/"},{"@type":"ListItem","position":2,"name":"MITECO","item":"https:\/\/fundacion-biodiversidad.es\/en\/proyectos_ficha\/"},{"@type":"ListItem","position":3,"name":"Reinforcement of populations, ecology and biology of the three nesting storm petrel species in the Canary Islands (COUNTRIES)"}]},{"@type":"WebSite","@id":"https:\/\/fundacion-biodiversidad.es\/en\/#website","url":"https:\/\/fundacion-biodiversidad.es\/en\/","name":"Fundaci\u00f3n Biodiversidad","description":"Fundaci\u00f3n p\u00fablica adscrita al Ministerio para la Transici\u00f3n Ecol\u00f3gica","potentialAction":[{"@type":"SearchAction","target":{"@type":"EntryPoint","urlTemplate":"https:\/\/fundacion-biodiversidad.es\/en\/?s={search_term_string}"},"query-input":{"@type":"PropertyValueSpecification","valueRequired":true,"valueName":"search_term_string"}}],"inLanguage":"en-US"}]}},"_links":{"self":[{"href":"https:\/\/fundacion-biodiversidad.es\/en\/wp-json\/wp\/v2\/proyectos_ficha\/48988","targetHints":{"allow":["GET"]}}],"collection":[{"href":"https:\/\/fundacion-biodiversidad.es\/en\/wp-json\/wp\/v2\/proyectos_ficha"}],"about":[{"href":"https:\/\/fundacion-biodiversidad.es\/en\/wp-json\/wp\/v2\/types\/proyectos_ficha"}],"author":[{"embeddable":true,"href":"https:\/\/fundacion-biodiversidad.es\/en\/wp-json\/wp\/v2\/users\/11"}],"wp:featuredmedia":[{"embeddable":true,"href":"https:\/\/fundacion-biodiversidad.es\/en\/wp-json\/wp\/v2\/media\/48986"}],"wp:attachment":[{"href":"https:\/\/fundacion-biodiversidad.es\/en\/wp-json\/wp\/v2\/media?parent=48988"}],"wp:term":[{"taxonomy":"financiaci_n","embeddable":true,"href":"https:\/\/fundacion-biodiversidad.es\/en\/wp-json\/wp\/v2\/financiaci_n?post=48988"},{"taxonomy":"lineas_actuacion_tematicas","embeddable":true,"href":"https:\/\/fundacion-biodiversidad.es\/en\/wp-json\/wp\/v2\/lineas_actuacion_tematicas?post=48988"}],"curies":[{"name":"wp","href":"https:\/\/api.w.org\/{rel}","templated":true}]}}

<!-- This site is optimized with the Yoast SEO plugin v26.9 - https://yoast.com/product/yoast-seo-wordpress/ -->
<title>Reinforcement of populations, ecology and biology of the three nesting storm petrel species in the Canary Islands (COUNTRIES) - Fundación Biodiversidad</title>
<meta name="robots" content="index, follow, max-snippet:-1, max-image-preview:large, max-video-preview:-1" />
<link rel="canonical" href="https://fundacion-biodiversidad.es/en/proyectos_ficha/reinforcement-of-populations-ecology-and-biology-of-the-three-nesting-storm-petrel-species-in-the-canary-islands-countries/" />
<meta property="og:locale" content="en_US" />
<meta property="og:type" content="article" />
<meta property="og:title" content="Reinforcement of populations, ecology and biology of the three nesting storm petrel species in the Canary Islands (COUNTRIES) - Fundación Biodiversidad" />
<meta property="og:description" content="The project has contributed to the improvement of knowledge about the three species of storm petrels nesting in the Canary Islands: the European storm petrel(Hydrobates [&hellip;]" />
<meta property="og:url" content="https://fundacion-biodiversidad.es/en/proyectos_ficha/reinforcement-of-populations-ecology-and-biology-of-the-three-nesting-storm-petrel-species-in-the-canary-islands-countries/" />
<meta property="og:site_name" content="Fundación Biodiversidad" />
<meta property="article:modified_time" content="2025-04-24T11:51:48+00:00" />
<meta property="og:image" content="https://fundacion-biodiversidad.es/wp-content/uploads/2023/10/paino_madeira-1200.png" />
	<meta property="og:image:width" content="1200" />
	<meta property="og:image:height" content="628" />
	<meta property="og:image:type" content="image/png" />
<meta name="twitter:card" content="summary_large_image" />
<meta name="twitter:label1" content="Est. reading time" />
	<meta name="twitter:data1" content="1 minute" />
<script type="application/ld+json" class="yoast-schema-graph">{"@context":"https://schema.org","@graph":[{"@type":"WebPage","@id":"https://fundacion-biodiversidad.es/en/proyectos_ficha/reinforcement-of-populations-ecology-and-biology-of-the-three-nesting-storm-petrel-species-in-the-canary-islands-countries/","url":"https://fundacion-biodiversidad.es/en/proyectos_ficha/reinforcement-of-populations-ecology-and-biology-of-the-three-nesting-storm-petrel-species-in-the-canary-islands-countries/","name":"Reinforcement of populations, ecology and biology of the three nesting storm petrel species in the Canary Islands (COUNTRIES) - Fundación Biodiversidad","isPartOf":{"@id":"https://fundacion-biodiversidad.es/en/#website"},"primaryImageOfPage":{"@id":"https://fundacion-biodiversidad.es/en/proyectos_ficha/reinforcement-of-populations-ecology-and-biology-of-the-three-nesting-storm-petrel-species-in-the-canary-islands-countries/#primaryimage"},"image":{"@id":"https://fundacion-biodiversidad.es/en/proyectos_ficha/reinforcement-of-populations-ecology-and-biology-of-the-three-nesting-storm-petrel-species-in-the-canary-islands-countries/#primaryimage"},"thumbnailUrl":"https://fundacion-biodiversidad.es/wp-content/uploads/2023/10/paino_madeira-1200.png","datePublished":"2023-10-06T11:37:22+00:00","dateModified":"2025-04-24T11:51:48+00:00","breadcrumb":{"@id":"https://fundacion-biodiversidad.es/en/proyectos_ficha/reinforcement-of-populations-ecology-and-biology-of-the-three-nesting-storm-petrel-species-in-the-canary-islands-countries/#breadcrumb"},"inLanguage":"en-US","potentialAction":[{"@type":"ReadAction","target":["https://fundacion-biodiversidad.es/en/proyectos_ficha/reinforcement-of-populations-ecology-and-biology-of-the-three-nesting-storm-petrel-species-in-the-canary-islands-countries/"]}]},{"@type":"ImageObject","inLanguage":"en-US","@id":"https://fundacion-biodiversidad.es/en/proyectos_ficha/reinforcement-of-populations-ecology-and-biology-of-the-three-nesting-storm-petrel-species-in-the-canary-islands-countries/#primaryimage","url":"https://fundacion-biodiversidad.es/wp-content/uploads/2023/10/paino_madeira-1200.png","contentUrl":"https://fundacion-biodiversidad.es/wp-content/uploads/2023/10/paino_madeira-1200.png","width":1200,"height":628},{"@type":"BreadcrumbList","@id":"https://fundacion-biodiversidad.es/en/proyectos_ficha/reinforcement-of-populations-ecology-and-biology-of-the-three-nesting-storm-petrel-species-in-the-canary-islands-countries/#breadcrumb","itemListElement":[{"@type":"ListItem","position":1,"name":"Portada","item":"https://fundacion-biodiversidad.es/en/inicio/"},{"@type":"ListItem","position":2,"name":"MITECO","item":"https://fundacion-biodiversidad.es/en/proyectos_ficha/"},{"@type":"ListItem","position":3,"name":"Reinforcement of populations, ecology and biology of the three nesting storm petrel species in the Canary Islands (COUNTRIES)"}]},{"@type":"WebSite","@id":"https://fundacion-biodiversidad.es/en/#website","url":"https://fundacion-biodiversidad.es/en/","name":"Fundación Biodiversidad","description":"Fundación pública adscrita al Ministerio para la Transición Ecológica","potentialAction":[{"@type":"SearchAction","target":{"@type":"EntryPoint","urlTemplate":"https://fundacion-biodiversidad.es/en/?s={search_term_string}"},"query-input":{"@type":"PropertyValueSpecification","valueRequired":true,"valueName":"search_term_string"}}],"inLanguage":"en-US"}]}</script>
<!-- / Yoast SEO plugin. -->

Reinforcement of populations, ecology and biology of the three nesting storm petrel species in the Canary Islands (COUNTRIES) - Fundación Biodiversidad

Fundación Biodiversidad

Fundación pública adscrita al Ministerio para la Transición Ecológica
