{"id":49814,"date":"2023-11-30T09:29:18","date_gmt":"2023-11-30T08:29:18","guid":{"rendered":"https:\/\/fundacion-biodiversidad.es\/proyectos_ficha\/strait-shearwaters-monitoring-of-balearic-shearwater-and-corys-shearwater-populations-in-the-strait-of-gibraltar\/"},"modified":"2025-04-24T13:51:36","modified_gmt":"2025-04-24T11:51:36","slug":"strait-shearwaters-monitoring-of-balearic-shearwater-and-corys-shearwater-populations-in-the-strait-of-gibraltar","status":"publish","type":"proyectos_ficha","link":"https:\/\/fundacion-biodiversidad.es\/en\/proyectos_ficha\/strait-shearwaters-monitoring-of-balearic-shearwater-and-corys-shearwater-populations-in-the-strait-of-gibraltar\/","title":{"rendered":"Strait Shearwaters: monitoring of Balearic Shearwater and Cory&#8217;s Shearwater populations in the Strait of Gibraltar"},"content":{"rendered":"<ul>\n<li>The aim of the project was to estimate the passage and trends of two threatened seabird species, the Balearic shearwater and the Cory&#8217;s shearwater, based on censuses of their migratory passage through the Strait of Gibraltar.<\/li>\n<li>The data obtained, according to the organization, reinforce the importance of the Strait of Gibraltar as a passage area for the migration of these two endangered seabirds.<\/li>\n<li>This information may also facilitate the designation of this enclave as a Special Protection Area for Birds (SPA), within the framework of the LIFE INTEMARES project.<\/li>\n<li>The initiative has been carried out within the framework of the Migres Program, dedicated to monitoring the migration of gliders, seabirds, shorebirds and passerines through the Strait of Gibraltar.<\/li>\n<\/ul>\n","protected":false},"author":11,"featured_media":49784,"template":"","meta":{"_acf_changed":false},"financiaci_n":[650],"lineas_actuacion_tematicas":[655],"class_list":["post-49814","proyectos_ficha","type-proyectos_ficha","status-publish","has-post-thumbnail","hentry","financiaci_n-fundacion-biodiversidad-en","lineas_actuacion_tematicas-marine-ecosystems"],"acf":[],"yoast_head":"<!-- This site is optimized with the Yoast SEO plugin v26.9 - https:\/\/yoast.com\/product\/yoast-seo-wordpress\/ -->\n<title>Strait Shearwaters: monitoring of Balearic Shearwater and Cory&#039;s Shearwater populations in the Strait of Gibraltar - Fundaci\u00f3n Biodiversidad<\/title>\n<meta name=\"robots\" content=\"index, follow, max-snippet:-1, max-image-preview:large, max-video-preview:-1\" \/>\n<link rel=\"canonical\" href=\"https:\/\/fundacion-biodiversidad.es\/en\/proyectos_ficha\/strait-shearwaters-monitoring-of-balearic-shearwater-and-corys-shearwater-populations-in-the-strait-of-gibraltar\/\" \/>\n<meta property=\"og:locale\" content=\"en_US\" \/>\n<meta property=\"og:type\" content=\"article\" \/>\n<meta property=\"og:title\" content=\"Strait Shearwaters: monitoring of Balearic Shearwater and Cory&#039;s Shearwater populations in the Strait of Gibraltar - Fundaci\u00f3n Biodiversidad\" \/>\n<meta property=\"og:description\" content=\"The aim of the project was to estimate the passage and trends of two threatened seabird species, the Balearic shearwater and the Cory&#8217;s shearwater, based [&hellip;]\" \/>\n<meta property=\"og:url\" content=\"https:\/\/fundacion-biodiversidad.es\/en\/proyectos_ficha\/strait-shearwaters-monitoring-of-balearic-shearwater-and-corys-shearwater-populations-in-the-strait-of-gibraltar\/\" \/>\n<meta property=\"og:site_name\" content=\"Fundaci\u00f3n Biodiversidad\" \/>\n<meta property=\"article:modified_time\" content=\"2025-04-24T11:51:36+00:00\" \/>\n<meta property=\"og:image\" content=\"https:\/\/fundacion-biodiversidad.es\/wp-content\/uploads\/2023\/11\/2_Pardelas-Cenicientas_AOnrubia_FMigres.jpg\" \/>\n\t<meta property=\"og:image:width\" content=\"1500\" \/>\n\t<meta property=\"og:image:height\" content=\"694\" \/>\n\t<meta property=\"og:image:type\" content=\"image\/jpeg\" \/>\n<meta name=\"twitter:card\" content=\"summary_large_image\" \/>\n<meta name=\"twitter:label1\" content=\"Est. reading time\" \/>\n\t<meta name=\"twitter:data1\" content=\"1 minute\" \/>\n<script type=\"application\/ld+json\" class=\"yoast-schema-graph\">{\"@context\":\"https:\/\/schema.org\",\"@graph\":[{\"@type\":\"WebPage\",\"@id\":\"https:\/\/fundacion-biodiversidad.es\/en\/proyectos_ficha\/strait-shearwaters-monitoring-of-balearic-shearwater-and-corys-shearwater-populations-in-the-strait-of-gibraltar\/\",\"url\":\"https:\/\/fundacion-biodiversidad.es\/en\/proyectos_ficha\/strait-shearwaters-monitoring-of-balearic-shearwater-and-corys-shearwater-populations-in-the-strait-of-gibraltar\/\",\"name\":\"Strait Shearwaters: monitoring of Balearic Shearwater and Cory's Shearwater populations in the Strait of Gibraltar - Fundaci\u00f3n Biodiversidad\",\"isPartOf\":{\"@id\":\"https:\/\/fundacion-biodiversidad.es\/en\/#website\"},\"primaryImageOfPage\":{\"@id\":\"https:\/\/fundacion-biodiversidad.es\/en\/proyectos_ficha\/strait-shearwaters-monitoring-of-balearic-shearwater-and-corys-shearwater-populations-in-the-strait-of-gibraltar\/#primaryimage\"},\"image\":{\"@id\":\"https:\/\/fundacion-biodiversidad.es\/en\/proyectos_ficha\/strait-shearwaters-monitoring-of-balearic-shearwater-and-corys-shearwater-populations-in-the-strait-of-gibraltar\/#primaryimage\"},\"thumbnailUrl\":\"https:\/\/fundacion-biodiversidad.es\/wp-content\/uploads\/2023\/11\/2_Pardelas-Cenicientas_AOnrubia_FMigres.jpg\",\"datePublished\":\"2023-11-30T08:29:18+00:00\",\"dateModified\":\"2025-04-24T11:51:36+00:00\",\"breadcrumb\":{\"@id\":\"https:\/\/fundacion-biodiversidad.es\/en\/proyectos_ficha\/strait-shearwaters-monitoring-of-balearic-shearwater-and-corys-shearwater-populations-in-the-strait-of-gibraltar\/#breadcrumb\"},\"inLanguage\":\"en-US\",\"potentialAction\":[{\"@type\":\"ReadAction\",\"target\":[\"https:\/\/fundacion-biodiversidad.es\/en\/proyectos_ficha\/strait-shearwaters-monitoring-of-balearic-shearwater-and-corys-shearwater-populations-in-the-strait-of-gibraltar\/\"]}]},{\"@type\":\"ImageObject\",\"inLanguage\":\"en-US\",\"@id\":\"https:\/\/fundacion-biodiversidad.es\/en\/proyectos_ficha\/strait-shearwaters-monitoring-of-balearic-shearwater-and-corys-shearwater-populations-in-the-strait-of-gibraltar\/#primaryimage\",\"url\":\"https:\/\/fundacion-biodiversidad.es\/wp-content\/uploads\/2023\/11\/2_Pardelas-Cenicientas_AOnrubia_FMigres.jpg\",\"contentUrl\":\"https:\/\/fundacion-biodiversidad.es\/wp-content\/uploads\/2023\/11\/2_Pardelas-Cenicientas_AOnrubia_FMigres.jpg\",\"width\":1500,\"height\":694},{\"@type\":\"BreadcrumbList\",\"@id\":\"https:\/\/fundacion-biodiversidad.es\/en\/proyectos_ficha\/strait-shearwaters-monitoring-of-balearic-shearwater-and-corys-shearwater-populations-in-the-strait-of-gibraltar\/#breadcrumb\",\"itemListElement\":[{\"@type\":\"ListItem\",\"position\":1,\"name\":\"Portada\",\"item\":\"https:\/\/fundacion-biodiversidad.es\/en\/inicio\/\"},{\"@type\":\"ListItem\",\"position\":2,\"name\":\"MITECO\",\"item\":\"https:\/\/fundacion-biodiversidad.es\/en\/proyectos_ficha\/\"},{\"@type\":\"ListItem\",\"position\":3,\"name\":\"Strait Shearwaters: monitoring of Balearic Shearwater and Cory&#8217;s Shearwater populations in the Strait of Gibraltar\"}]},{\"@type\":\"WebSite\",\"@id\":\"https:\/\/fundacion-biodiversidad.es\/en\/#website\",\"url\":\"https:\/\/fundacion-biodiversidad.es\/en\/\",\"name\":\"Fundaci\u00f3n Biodiversidad\",\"description\":\"Fundaci\u00f3n p\u00fablica adscrita al Ministerio para la Transici\u00f3n Ecol\u00f3gica\",\"potentialAction\":[{\"@type\":\"SearchAction\",\"target\":{\"@type\":\"EntryPoint\",\"urlTemplate\":\"https:\/\/fundacion-biodiversidad.es\/en\/?s={search_term_string}\"},\"query-input\":{\"@type\":\"PropertyValueSpecification\",\"valueRequired\":true,\"valueName\":\"search_term_string\"}}],\"inLanguage\":\"en-US\"}]}<\/script>\n<!-- \/ Yoast SEO plugin. -->","yoast_head_json":{"title":"Strait Shearwaters: monitoring of Balearic Shearwater and Cory's Shearwater populations in the Strait of Gibraltar - Fundaci\u00f3n Biodiversidad","robots":{"index":"index","follow":"follow","max-snippet":"max-snippet:-1","max-image-preview":"max-image-preview:large","max-video-preview":"max-video-preview:-1"},"canonical":"https:\/\/fundacion-biodiversidad.es\/en\/proyectos_ficha\/strait-shearwaters-monitoring-of-balearic-shearwater-and-corys-shearwater-populations-in-the-strait-of-gibraltar\/","og_locale":"en_US","og_type":"article","og_title":"Strait Shearwaters: monitoring of Balearic Shearwater and Cory's Shearwater populations in the Strait of Gibraltar - Fundaci\u00f3n Biodiversidad","og_description":"The aim of the project was to estimate the passage and trends of two threatened seabird species, the Balearic shearwater and the Cory&#8217;s shearwater, based [&hellip;]","og_url":"https:\/\/fundacion-biodiversidad.es\/en\/proyectos_ficha\/strait-shearwaters-monitoring-of-balearic-shearwater-and-corys-shearwater-populations-in-the-strait-of-gibraltar\/","og_site_name":"Fundaci\u00f3n Biodiversidad","article_modified_time":"2025-04-24T11:51:36+00:00","og_image":[{"width":1500,"height":694,"url":"https:\/\/fundacion-biodiversidad.es\/wp-content\/uploads\/2023\/11\/2_Pardelas-Cenicientas_AOnrubia_FMigres.jpg","type":"image\/jpeg"}],"twitter_card":"summary_large_image","twitter_misc":{"Est. reading time":"1 minute"},"schema":{"@context":"https:\/\/schema.org","@graph":[{"@type":"WebPage","@id":"https:\/\/fundacion-biodiversidad.es\/en\/proyectos_ficha\/strait-shearwaters-monitoring-of-balearic-shearwater-and-corys-shearwater-populations-in-the-strait-of-gibraltar\/","url":"https:\/\/fundacion-biodiversidad.es\/en\/proyectos_ficha\/strait-shearwaters-monitoring-of-balearic-shearwater-and-corys-shearwater-populations-in-the-strait-of-gibraltar\/","name":"Strait Shearwaters: monitoring of Balearic Shearwater and Cory's Shearwater populations in the Strait of Gibraltar - Fundaci\u00f3n Biodiversidad","isPartOf":{"@id":"https:\/\/fundacion-biodiversidad.es\/en\/#website"},"primaryImageOfPage":{"@id":"https:\/\/fundacion-biodiversidad.es\/en\/proyectos_ficha\/strait-shearwaters-monitoring-of-balearic-shearwater-and-corys-shearwater-populations-in-the-strait-of-gibraltar\/#primaryimage"},"image":{"@id":"https:\/\/fundacion-biodiversidad.es\/en\/proyectos_ficha\/strait-shearwaters-monitoring-of-balearic-shearwater-and-corys-shearwater-populations-in-the-strait-of-gibraltar\/#primaryimage"},"thumbnailUrl":"https:\/\/fundacion-biodiversidad.es\/wp-content\/uploads\/2023\/11\/2_Pardelas-Cenicientas_AOnrubia_FMigres.jpg","datePublished":"2023-11-30T08:29:18+00:00","dateModified":"2025-04-24T11:51:36+00:00","breadcrumb":{"@id":"https:\/\/fundacion-biodiversidad.es\/en\/proyectos_ficha\/strait-shearwaters-monitoring-of-balearic-shearwater-and-corys-shearwater-populations-in-the-strait-of-gibraltar\/#breadcrumb"},"inLanguage":"en-US","potentialAction":[{"@type":"ReadAction","target":["https:\/\/fundacion-biodiversidad.es\/en\/proyectos_ficha\/strait-shearwaters-monitoring-of-balearic-shearwater-and-corys-shearwater-populations-in-the-strait-of-gibraltar\/"]}]},{"@type":"ImageObject","inLanguage":"en-US","@id":"https:\/\/fundacion-biodiversidad.es\/en\/proyectos_ficha\/strait-shearwaters-monitoring-of-balearic-shearwater-and-corys-shearwater-populations-in-the-strait-of-gibraltar\/#primaryimage","url":"https:\/\/fundacion-biodiversidad.es\/wp-content\/uploads\/2023\/11\/2_Pardelas-Cenicientas_AOnrubia_FMigres.jpg","contentUrl":"https:\/\/fundacion-biodiversidad.es\/wp-content\/uploads\/2023\/11\/2_Pardelas-Cenicientas_AOnrubia_FMigres.jpg","width":1500,"height":694},{"@type":"BreadcrumbList","@id":"https:\/\/fundacion-biodiversidad.es\/en\/proyectos_ficha\/strait-shearwaters-monitoring-of-balearic-shearwater-and-corys-shearwater-populations-in-the-strait-of-gibraltar\/#breadcrumb","itemListElement":[{"@type":"ListItem","position":1,"name":"Portada","item":"https:\/\/fundacion-biodiversidad.es\/en\/inicio\/"},{"@type":"ListItem","position":2,"name":"MITECO","item":"https:\/\/fundacion-biodiversidad.es\/en\/proyectos_ficha\/"},{"@type":"ListItem","position":3,"name":"Strait Shearwaters: monitoring of Balearic Shearwater and Cory&#8217;s Shearwater populations in the Strait of Gibraltar"}]},{"@type":"WebSite","@id":"https:\/\/fundacion-biodiversidad.es\/en\/#website","url":"https:\/\/fundacion-biodiversidad.es\/en\/","name":"Fundaci\u00f3n Biodiversidad","description":"Fundaci\u00f3n p\u00fablica adscrita al Ministerio para la Transici\u00f3n Ecol\u00f3gica","potentialAction":[{"@type":"SearchAction","target":{"@type":"EntryPoint","urlTemplate":"https:\/\/fundacion-biodiversidad.es\/en\/?s={search_term_string}"},"query-input":{"@type":"PropertyValueSpecification","valueRequired":true,"valueName":"search_term_string"}}],"inLanguage":"en-US"}]}},"_links":{"self":[{"href":"https:\/\/fundacion-biodiversidad.es\/en\/wp-json\/wp\/v2\/proyectos_ficha\/49814","targetHints":{"allow":["GET"]}}],"collection":[{"href":"https:\/\/fundacion-biodiversidad.es\/en\/wp-json\/wp\/v2\/proyectos_ficha"}],"about":[{"href":"https:\/\/fundacion-biodiversidad.es\/en\/wp-json\/wp\/v2\/types\/proyectos_ficha"}],"author":[{"embeddable":true,"href":"https:\/\/fundacion-biodiversidad.es\/en\/wp-json\/wp\/v2\/users\/11"}],"wp:featuredmedia":[{"embeddable":true,"href":"https:\/\/fundacion-biodiversidad.es\/en\/wp-json\/wp\/v2\/media\/49784"}],"wp:attachment":[{"href":"https:\/\/fundacion-biodiversidad.es\/en\/wp-json\/wp\/v2\/media?parent=49814"}],"wp:term":[{"taxonomy":"financiaci_n","embeddable":true,"href":"https:\/\/fundacion-biodiversidad.es\/en\/wp-json\/wp\/v2\/financiaci_n?post=49814"},{"taxonomy":"lineas_actuacion_tematicas","embeddable":true,"href":"https:\/\/fundacion-biodiversidad.es\/en\/wp-json\/wp\/v2\/lineas_actuacion_tematicas?post=49814"}],"curies":[{"name":"wp","href":"https:\/\/api.w.org\/{rel}","templated":true}]}}

<!-- This site is optimized with the Yoast SEO plugin v26.9 - https://yoast.com/product/yoast-seo-wordpress/ -->
<title>Strait Shearwaters: monitoring of Balearic Shearwater and Cory&#039;s Shearwater populations in the Strait of Gibraltar - Fundación Biodiversidad</title>
<meta name="robots" content="index, follow, max-snippet:-1, max-image-preview:large, max-video-preview:-1" />
<link rel="canonical" href="https://fundacion-biodiversidad.es/en/proyectos_ficha/strait-shearwaters-monitoring-of-balearic-shearwater-and-corys-shearwater-populations-in-the-strait-of-gibraltar/" />
<meta property="og:locale" content="en_US" />
<meta property="og:type" content="article" />
<meta property="og:title" content="Strait Shearwaters: monitoring of Balearic Shearwater and Cory&#039;s Shearwater populations in the Strait of Gibraltar - Fundación Biodiversidad" />
<meta property="og:description" content="The aim of the project was to estimate the passage and trends of two threatened seabird species, the Balearic shearwater and the Cory&#8217;s shearwater, based [&hellip;]" />
<meta property="og:url" content="https://fundacion-biodiversidad.es/en/proyectos_ficha/strait-shearwaters-monitoring-of-balearic-shearwater-and-corys-shearwater-populations-in-the-strait-of-gibraltar/" />
<meta property="og:site_name" content="Fundación Biodiversidad" />
<meta property="article:modified_time" content="2025-04-24T11:51:36+00:00" />
<meta property="og:image" content="https://fundacion-biodiversidad.es/wp-content/uploads/2023/11/2_Pardelas-Cenicientas_AOnrubia_FMigres.jpg" />
	<meta property="og:image:width" content="1500" />
	<meta property="og:image:height" content="694" />
	<meta property="og:image:type" content="image/jpeg" />
<meta name="twitter:card" content="summary_large_image" />
<meta name="twitter:label1" content="Est. reading time" />
	<meta name="twitter:data1" content="1 minute" />
<script type="application/ld+json" class="yoast-schema-graph">{"@context":"https://schema.org","@graph":[{"@type":"WebPage","@id":"https://fundacion-biodiversidad.es/en/proyectos_ficha/strait-shearwaters-monitoring-of-balearic-shearwater-and-corys-shearwater-populations-in-the-strait-of-gibraltar/","url":"https://fundacion-biodiversidad.es/en/proyectos_ficha/strait-shearwaters-monitoring-of-balearic-shearwater-and-corys-shearwater-populations-in-the-strait-of-gibraltar/","name":"Strait Shearwaters: monitoring of Balearic Shearwater and Cory's Shearwater populations in the Strait of Gibraltar - Fundación Biodiversidad","isPartOf":{"@id":"https://fundacion-biodiversidad.es/en/#website"},"primaryImageOfPage":{"@id":"https://fundacion-biodiversidad.es/en/proyectos_ficha/strait-shearwaters-monitoring-of-balearic-shearwater-and-corys-shearwater-populations-in-the-strait-of-gibraltar/#primaryimage"},"image":{"@id":"https://fundacion-biodiversidad.es/en/proyectos_ficha/strait-shearwaters-monitoring-of-balearic-shearwater-and-corys-shearwater-populations-in-the-strait-of-gibraltar/#primaryimage"},"thumbnailUrl":"https://fundacion-biodiversidad.es/wp-content/uploads/2023/11/2_Pardelas-Cenicientas_AOnrubia_FMigres.jpg","datePublished":"2023-11-30T08:29:18+00:00","dateModified":"2025-04-24T11:51:36+00:00","breadcrumb":{"@id":"https://fundacion-biodiversidad.es/en/proyectos_ficha/strait-shearwaters-monitoring-of-balearic-shearwater-and-corys-shearwater-populations-in-the-strait-of-gibraltar/#breadcrumb"},"inLanguage":"en-US","potentialAction":[{"@type":"ReadAction","target":["https://fundacion-biodiversidad.es/en/proyectos_ficha/strait-shearwaters-monitoring-of-balearic-shearwater-and-corys-shearwater-populations-in-the-strait-of-gibraltar/"]}]},{"@type":"ImageObject","inLanguage":"en-US","@id":"https://fundacion-biodiversidad.es/en/proyectos_ficha/strait-shearwaters-monitoring-of-balearic-shearwater-and-corys-shearwater-populations-in-the-strait-of-gibraltar/#primaryimage","url":"https://fundacion-biodiversidad.es/wp-content/uploads/2023/11/2_Pardelas-Cenicientas_AOnrubia_FMigres.jpg","contentUrl":"https://fundacion-biodiversidad.es/wp-content/uploads/2023/11/2_Pardelas-Cenicientas_AOnrubia_FMigres.jpg","width":1500,"height":694},{"@type":"BreadcrumbList","@id":"https://fundacion-biodiversidad.es/en/proyectos_ficha/strait-shearwaters-monitoring-of-balearic-shearwater-and-corys-shearwater-populations-in-the-strait-of-gibraltar/#breadcrumb","itemListElement":[{"@type":"ListItem","position":1,"name":"Portada","item":"https://fundacion-biodiversidad.es/en/inicio/"},{"@type":"ListItem","position":2,"name":"MITECO","item":"https://fundacion-biodiversidad.es/en/proyectos_ficha/"},{"@type":"ListItem","position":3,"name":"Strait Shearwaters: monitoring of Balearic Shearwater and Cory&#8217;s Shearwater populations in the Strait of Gibraltar"}]},{"@type":"WebSite","@id":"https://fundacion-biodiversidad.es/en/#website","url":"https://fundacion-biodiversidad.es/en/","name":"Fundación Biodiversidad","description":"Fundación pública adscrita al Ministerio para la Transición Ecológica","potentialAction":[{"@type":"SearchAction","target":{"@type":"EntryPoint","urlTemplate":"https://fundacion-biodiversidad.es/en/?s={search_term_string}"},"query-input":{"@type":"PropertyValueSpecification","valueRequired":true,"valueName":"search_term_string"}}],"inLanguage":"en-US"}]}</script>
<!-- / Yoast SEO plugin. -->

Strait Shearwaters: monitoring of Balearic Shearwater and Cory's Shearwater populations in the Strait of Gibraltar - Fundación Biodiversidad

Fundación Biodiversidad

Fundación pública adscrita al Ministerio para la Transición Ecológica
