{"id":97852691,"date":"2024-05-06T12:23:46","date_gmt":"2024-05-06T10:23:46","guid":{"rendered":"https:\/\/fundacion-biodiversidad.es\/proyectos_ficha\/evaluation-of-the-effects-of-climate-change-on-agricultural-water-demands-eclimar\/"},"modified":"2026-01-15T10:12:37","modified_gmt":"2026-01-15T09:12:37","slug":"evaluation-of-the-effects-of-climate-change-on-agricultural-water-demands-eclimar","status":"publish","type":"proyectos_ficha","link":"https:\/\/fundacion-biodiversidad.es\/en\/proyectos_ficha\/evaluation-of-the-effects-of-climate-change-on-agricultural-water-demands-eclimar\/","title":{"rendered":"Assessment of the Effects of Climate Change on Agricultural Water Demands (ECLIMAR)"},"content":{"rendered":"<p>Through this project, the University of Castilla-La Mancha has contributed to determining the future water demand of irrigated crops, taking into account climate projections according to different scenarios and in successive study periods in the short, medium and long term. He has also worked on generating climate change adaptation scenarios based on improved water use efficiency and changes in land use. <\/p>\n","protected":false},"author":11,"featured_media":97852690,"template":"","meta":{"_acf_changed":false},"financiaci_n":[650],"lineas_actuacion_tematicas":[670],"class_list":["post-97852691","proyectos_ficha","type-proyectos_ficha","status-publish","has-post-thumbnail","hentry","financiaci_n-fundacion-biodiversidad-en","lineas_actuacion_tematicas-drivers-of-biodiversity-loss"],"acf":[],"yoast_head":"<!-- This site is optimized with the Yoast SEO plugin v26.9 - https:\/\/yoast.com\/product\/yoast-seo-wordpress\/ -->\n<title>Assessment of the Effects of Climate Change on Agricultural Water Demands (ECLIMAR) - Fundaci\u00f3n Biodiversidad<\/title>\n<meta name=\"robots\" content=\"index, follow, max-snippet:-1, max-image-preview:large, max-video-preview:-1\" \/>\n<link rel=\"canonical\" href=\"https:\/\/fundacion-biodiversidad.es\/en\/proyectos_ficha\/evaluation-of-the-effects-of-climate-change-on-agricultural-water-demands-eclimar\/\" \/>\n<meta property=\"og:locale\" content=\"en_US\" \/>\n<meta property=\"og:type\" content=\"article\" \/>\n<meta property=\"og:title\" content=\"Assessment of the Effects of Climate Change on Agricultural Water Demands (ECLIMAR) - Fundaci\u00f3n Biodiversidad\" \/>\n<meta property=\"og:description\" content=\"Through this project, the University of Castilla-La Mancha has contributed to determining the future water demand of irrigated crops, taking into account climate projections according [&hellip;]\" \/>\n<meta property=\"og:url\" content=\"https:\/\/fundacion-biodiversidad.es\/en\/proyectos_ficha\/evaluation-of-the-effects-of-climate-change-on-agricultural-water-demands-eclimar\/\" \/>\n<meta property=\"og:site_name\" content=\"Fundaci\u00f3n Biodiversidad\" \/>\n<meta property=\"article:modified_time\" content=\"2026-01-15T09:12:37+00:00\" \/>\n<meta property=\"og:image\" content=\"https:\/\/fundacion-biodiversidad.es\/wp-content\/uploads\/2024\/05\/23.12.14.-FOTO_2023_TySIG_IDR_UCLM-scaled-e1714990738181-1024x468.jpg\" \/>\n<meta name=\"twitter:card\" content=\"summary_large_image\" \/>\n<script type=\"application\/ld+json\" class=\"yoast-schema-graph\">{\"@context\":\"https:\/\/schema.org\",\"@graph\":[{\"@type\":\"WebPage\",\"@id\":\"https:\/\/fundacion-biodiversidad.es\/en\/proyectos_ficha\/evaluation-of-the-effects-of-climate-change-on-agricultural-water-demands-eclimar\/\",\"url\":\"https:\/\/fundacion-biodiversidad.es\/en\/proyectos_ficha\/evaluation-of-the-effects-of-climate-change-on-agricultural-water-demands-eclimar\/\",\"name\":\"Assessment of the Effects of Climate Change on Agricultural Water Demands (ECLIMAR) - Fundaci\u00f3n Biodiversidad\",\"isPartOf\":{\"@id\":\"https:\/\/fundacion-biodiversidad.es\/en\/#website\"},\"primaryImageOfPage\":{\"@id\":\"https:\/\/fundacion-biodiversidad.es\/en\/proyectos_ficha\/evaluation-of-the-effects-of-climate-change-on-agricultural-water-demands-eclimar\/#primaryimage\"},\"image\":{\"@id\":\"https:\/\/fundacion-biodiversidad.es\/en\/proyectos_ficha\/evaluation-of-the-effects-of-climate-change-on-agricultural-water-demands-eclimar\/#primaryimage\"},\"thumbnailUrl\":\"https:\/\/fundacion-biodiversidad.es\/wp-content\/uploads\/2024\/05\/23.12.14.-FOTO_2023_TySIG_IDR_UCLM-scaled-e1714990831763.jpg\",\"datePublished\":\"2024-05-06T10:23:46+00:00\",\"dateModified\":\"2026-01-15T09:12:37+00:00\",\"breadcrumb\":{\"@id\":\"https:\/\/fundacion-biodiversidad.es\/en\/proyectos_ficha\/evaluation-of-the-effects-of-climate-change-on-agricultural-water-demands-eclimar\/#breadcrumb\"},\"inLanguage\":\"en-US\",\"potentialAction\":[{\"@type\":\"ReadAction\",\"target\":[\"https:\/\/fundacion-biodiversidad.es\/en\/proyectos_ficha\/evaluation-of-the-effects-of-climate-change-on-agricultural-water-demands-eclimar\/\"]}]},{\"@type\":\"ImageObject\",\"inLanguage\":\"en-US\",\"@id\":\"https:\/\/fundacion-biodiversidad.es\/en\/proyectos_ficha\/evaluation-of-the-effects-of-climate-change-on-agricultural-water-demands-eclimar\/#primaryimage\",\"url\":\"https:\/\/fundacion-biodiversidad.es\/wp-content\/uploads\/2024\/05\/23.12.14.-FOTO_2023_TySIG_IDR_UCLM-scaled-e1714990831763.jpg\",\"contentUrl\":\"https:\/\/fundacion-biodiversidad.es\/wp-content\/uploads\/2024\/05\/23.12.14.-FOTO_2023_TySIG_IDR_UCLM-scaled-e1714990831763.jpg\",\"width\":4096,\"height\":2304},{\"@type\":\"BreadcrumbList\",\"@id\":\"https:\/\/fundacion-biodiversidad.es\/en\/proyectos_ficha\/evaluation-of-the-effects-of-climate-change-on-agricultural-water-demands-eclimar\/#breadcrumb\",\"itemListElement\":[{\"@type\":\"ListItem\",\"position\":1,\"name\":\"Portada\",\"item\":\"https:\/\/fundacion-biodiversidad.es\/en\/inicio\/\"},{\"@type\":\"ListItem\",\"position\":2,\"name\":\"MITECO\",\"item\":\"https:\/\/fundacion-biodiversidad.es\/en\/proyectos_ficha\/\"},{\"@type\":\"ListItem\",\"position\":3,\"name\":\"Assessment of the Effects of Climate Change on Agricultural Water Demands (ECLIMAR)\"}]},{\"@type\":\"WebSite\",\"@id\":\"https:\/\/fundacion-biodiversidad.es\/en\/#website\",\"url\":\"https:\/\/fundacion-biodiversidad.es\/en\/\",\"name\":\"Fundaci\u00f3n Biodiversidad\",\"description\":\"Fundaci\u00f3n p\u00fablica adscrita al Ministerio para la Transici\u00f3n Ecol\u00f3gica\",\"potentialAction\":[{\"@type\":\"SearchAction\",\"target\":{\"@type\":\"EntryPoint\",\"urlTemplate\":\"https:\/\/fundacion-biodiversidad.es\/en\/?s={search_term_string}\"},\"query-input\":{\"@type\":\"PropertyValueSpecification\",\"valueRequired\":true,\"valueName\":\"search_term_string\"}}],\"inLanguage\":\"en-US\"}]}<\/script>\n<!-- \/ Yoast SEO plugin. -->","yoast_head_json":{"title":"Assessment of the Effects of Climate Change on Agricultural Water Demands (ECLIMAR) - Fundaci\u00f3n Biodiversidad","robots":{"index":"index","follow":"follow","max-snippet":"max-snippet:-1","max-image-preview":"max-image-preview:large","max-video-preview":"max-video-preview:-1"},"canonical":"https:\/\/fundacion-biodiversidad.es\/en\/proyectos_ficha\/evaluation-of-the-effects-of-climate-change-on-agricultural-water-demands-eclimar\/","og_locale":"en_US","og_type":"article","og_title":"Assessment of the Effects of Climate Change on Agricultural Water Demands (ECLIMAR) - Fundaci\u00f3n Biodiversidad","og_description":"Through this project, the University of Castilla-La Mancha has contributed to determining the future water demand of irrigated crops, taking into account climate projections according [&hellip;]","og_url":"https:\/\/fundacion-biodiversidad.es\/en\/proyectos_ficha\/evaluation-of-the-effects-of-climate-change-on-agricultural-water-demands-eclimar\/","og_site_name":"Fundaci\u00f3n Biodiversidad","article_modified_time":"2026-01-15T09:12:37+00:00","og_image":[{"url":"https:\/\/fundacion-biodiversidad.es\/wp-content\/uploads\/2024\/05\/23.12.14.-FOTO_2023_TySIG_IDR_UCLM-scaled-e1714990738181-1024x468.jpg","type":"","width":"","height":""}],"twitter_card":"summary_large_image","schema":{"@context":"https:\/\/schema.org","@graph":[{"@type":"WebPage","@id":"https:\/\/fundacion-biodiversidad.es\/en\/proyectos_ficha\/evaluation-of-the-effects-of-climate-change-on-agricultural-water-demands-eclimar\/","url":"https:\/\/fundacion-biodiversidad.es\/en\/proyectos_ficha\/evaluation-of-the-effects-of-climate-change-on-agricultural-water-demands-eclimar\/","name":"Assessment of the Effects of Climate Change on Agricultural Water Demands (ECLIMAR) - Fundaci\u00f3n Biodiversidad","isPartOf":{"@id":"https:\/\/fundacion-biodiversidad.es\/en\/#website"},"primaryImageOfPage":{"@id":"https:\/\/fundacion-biodiversidad.es\/en\/proyectos_ficha\/evaluation-of-the-effects-of-climate-change-on-agricultural-water-demands-eclimar\/#primaryimage"},"image":{"@id":"https:\/\/fundacion-biodiversidad.es\/en\/proyectos_ficha\/evaluation-of-the-effects-of-climate-change-on-agricultural-water-demands-eclimar\/#primaryimage"},"thumbnailUrl":"https:\/\/fundacion-biodiversidad.es\/wp-content\/uploads\/2024\/05\/23.12.14.-FOTO_2023_TySIG_IDR_UCLM-scaled-e1714990831763.jpg","datePublished":"2024-05-06T10:23:46+00:00","dateModified":"2026-01-15T09:12:37+00:00","breadcrumb":{"@id":"https:\/\/fundacion-biodiversidad.es\/en\/proyectos_ficha\/evaluation-of-the-effects-of-climate-change-on-agricultural-water-demands-eclimar\/#breadcrumb"},"inLanguage":"en-US","potentialAction":[{"@type":"ReadAction","target":["https:\/\/fundacion-biodiversidad.es\/en\/proyectos_ficha\/evaluation-of-the-effects-of-climate-change-on-agricultural-water-demands-eclimar\/"]}]},{"@type":"ImageObject","inLanguage":"en-US","@id":"https:\/\/fundacion-biodiversidad.es\/en\/proyectos_ficha\/evaluation-of-the-effects-of-climate-change-on-agricultural-water-demands-eclimar\/#primaryimage","url":"https:\/\/fundacion-biodiversidad.es\/wp-content\/uploads\/2024\/05\/23.12.14.-FOTO_2023_TySIG_IDR_UCLM-scaled-e1714990831763.jpg","contentUrl":"https:\/\/fundacion-biodiversidad.es\/wp-content\/uploads\/2024\/05\/23.12.14.-FOTO_2023_TySIG_IDR_UCLM-scaled-e1714990831763.jpg","width":4096,"height":2304},{"@type":"BreadcrumbList","@id":"https:\/\/fundacion-biodiversidad.es\/en\/proyectos_ficha\/evaluation-of-the-effects-of-climate-change-on-agricultural-water-demands-eclimar\/#breadcrumb","itemListElement":[{"@type":"ListItem","position":1,"name":"Portada","item":"https:\/\/fundacion-biodiversidad.es\/en\/inicio\/"},{"@type":"ListItem","position":2,"name":"MITECO","item":"https:\/\/fundacion-biodiversidad.es\/en\/proyectos_ficha\/"},{"@type":"ListItem","position":3,"name":"Assessment of the Effects of Climate Change on Agricultural Water Demands (ECLIMAR)"}]},{"@type":"WebSite","@id":"https:\/\/fundacion-biodiversidad.es\/en\/#website","url":"https:\/\/fundacion-biodiversidad.es\/en\/","name":"Fundaci\u00f3n Biodiversidad","description":"Fundaci\u00f3n p\u00fablica adscrita al Ministerio para la Transici\u00f3n Ecol\u00f3gica","potentialAction":[{"@type":"SearchAction","target":{"@type":"EntryPoint","urlTemplate":"https:\/\/fundacion-biodiversidad.es\/en\/?s={search_term_string}"},"query-input":{"@type":"PropertyValueSpecification","valueRequired":true,"valueName":"search_term_string"}}],"inLanguage":"en-US"}]}},"_links":{"self":[{"href":"https:\/\/fundacion-biodiversidad.es\/en\/wp-json\/wp\/v2\/proyectos_ficha\/97852691","targetHints":{"allow":["GET"]}}],"collection":[{"href":"https:\/\/fundacion-biodiversidad.es\/en\/wp-json\/wp\/v2\/proyectos_ficha"}],"about":[{"href":"https:\/\/fundacion-biodiversidad.es\/en\/wp-json\/wp\/v2\/types\/proyectos_ficha"}],"author":[{"embeddable":true,"href":"https:\/\/fundacion-biodiversidad.es\/en\/wp-json\/wp\/v2\/users\/11"}],"wp:featuredmedia":[{"embeddable":true,"href":"https:\/\/fundacion-biodiversidad.es\/en\/wp-json\/wp\/v2\/media\/97852690"}],"wp:attachment":[{"href":"https:\/\/fundacion-biodiversidad.es\/en\/wp-json\/wp\/v2\/media?parent=97852691"}],"wp:term":[{"taxonomy":"financiaci_n","embeddable":true,"href":"https:\/\/fundacion-biodiversidad.es\/en\/wp-json\/wp\/v2\/financiaci_n?post=97852691"},{"taxonomy":"lineas_actuacion_tematicas","embeddable":true,"href":"https:\/\/fundacion-biodiversidad.es\/en\/wp-json\/wp\/v2\/lineas_actuacion_tematicas?post=97852691"}],"curies":[{"name":"wp","href":"https:\/\/api.w.org\/{rel}","templated":true}]}}

<!-- This site is optimized with the Yoast SEO plugin v26.9 - https://yoast.com/product/yoast-seo-wordpress/ -->
<title>Assessment of the Effects of Climate Change on Agricultural Water Demands (ECLIMAR) - Fundación Biodiversidad</title>
<meta name="robots" content="index, follow, max-snippet:-1, max-image-preview:large, max-video-preview:-1" />
<link rel="canonical" href="https://fundacion-biodiversidad.es/en/proyectos_ficha/evaluation-of-the-effects-of-climate-change-on-agricultural-water-demands-eclimar/" />
<meta property="og:locale" content="en_US" />
<meta property="og:type" content="article" />
<meta property="og:title" content="Assessment of the Effects of Climate Change on Agricultural Water Demands (ECLIMAR) - Fundación Biodiversidad" />
<meta property="og:description" content="Through this project, the University of Castilla-La Mancha has contributed to determining the future water demand of irrigated crops, taking into account climate projections according [&hellip;]" />
<meta property="og:url" content="https://fundacion-biodiversidad.es/en/proyectos_ficha/evaluation-of-the-effects-of-climate-change-on-agricultural-water-demands-eclimar/" />
<meta property="og:site_name" content="Fundación Biodiversidad" />
<meta property="article:modified_time" content="2026-01-15T09:12:37+00:00" />
<meta property="og:image" content="https://fundacion-biodiversidad.es/wp-content/uploads/2024/05/23.12.14.-FOTO_2023_TySIG_IDR_UCLM-scaled-e1714990738181-1024x468.jpg" />
<meta name="twitter:card" content="summary_large_image" />
<script type="application/ld+json" class="yoast-schema-graph">{"@context":"https://schema.org","@graph":[{"@type":"WebPage","@id":"https://fundacion-biodiversidad.es/en/proyectos_ficha/evaluation-of-the-effects-of-climate-change-on-agricultural-water-demands-eclimar/","url":"https://fundacion-biodiversidad.es/en/proyectos_ficha/evaluation-of-the-effects-of-climate-change-on-agricultural-water-demands-eclimar/","name":"Assessment of the Effects of Climate Change on Agricultural Water Demands (ECLIMAR) - Fundación Biodiversidad","isPartOf":{"@id":"https://fundacion-biodiversidad.es/en/#website"},"primaryImageOfPage":{"@id":"https://fundacion-biodiversidad.es/en/proyectos_ficha/evaluation-of-the-effects-of-climate-change-on-agricultural-water-demands-eclimar/#primaryimage"},"image":{"@id":"https://fundacion-biodiversidad.es/en/proyectos_ficha/evaluation-of-the-effects-of-climate-change-on-agricultural-water-demands-eclimar/#primaryimage"},"thumbnailUrl":"https://fundacion-biodiversidad.es/wp-content/uploads/2024/05/23.12.14.-FOTO_2023_TySIG_IDR_UCLM-scaled-e1714990831763.jpg","datePublished":"2024-05-06T10:23:46+00:00","dateModified":"2026-01-15T09:12:37+00:00","breadcrumb":{"@id":"https://fundacion-biodiversidad.es/en/proyectos_ficha/evaluation-of-the-effects-of-climate-change-on-agricultural-water-demands-eclimar/#breadcrumb"},"inLanguage":"en-US","potentialAction":[{"@type":"ReadAction","target":["https://fundacion-biodiversidad.es/en/proyectos_ficha/evaluation-of-the-effects-of-climate-change-on-agricultural-water-demands-eclimar/"]}]},{"@type":"ImageObject","inLanguage":"en-US","@id":"https://fundacion-biodiversidad.es/en/proyectos_ficha/evaluation-of-the-effects-of-climate-change-on-agricultural-water-demands-eclimar/#primaryimage","url":"https://fundacion-biodiversidad.es/wp-content/uploads/2024/05/23.12.14.-FOTO_2023_TySIG_IDR_UCLM-scaled-e1714990831763.jpg","contentUrl":"https://fundacion-biodiversidad.es/wp-content/uploads/2024/05/23.12.14.-FOTO_2023_TySIG_IDR_UCLM-scaled-e1714990831763.jpg","width":4096,"height":2304},{"@type":"BreadcrumbList","@id":"https://fundacion-biodiversidad.es/en/proyectos_ficha/evaluation-of-the-effects-of-climate-change-on-agricultural-water-demands-eclimar/#breadcrumb","itemListElement":[{"@type":"ListItem","position":1,"name":"Portada","item":"https://fundacion-biodiversidad.es/en/inicio/"},{"@type":"ListItem","position":2,"name":"MITECO","item":"https://fundacion-biodiversidad.es/en/proyectos_ficha/"},{"@type":"ListItem","position":3,"name":"Assessment of the Effects of Climate Change on Agricultural Water Demands (ECLIMAR)"}]},{"@type":"WebSite","@id":"https://fundacion-biodiversidad.es/en/#website","url":"https://fundacion-biodiversidad.es/en/","name":"Fundación Biodiversidad","description":"Fundación pública adscrita al Ministerio para la Transición Ecológica","potentialAction":[{"@type":"SearchAction","target":{"@type":"EntryPoint","urlTemplate":"https://fundacion-biodiversidad.es/en/?s={search_term_string}"},"query-input":{"@type":"PropertyValueSpecification","valueRequired":true,"valueName":"search_term_string"}}],"inLanguage":"en-US"}]}</script>
<!-- / Yoast SEO plugin. -->

Assessment of the Effects of Climate Change on Agricultural Water Demands (ECLIMAR) - Fundación Biodiversidad

Fundación Biodiversidad

Fundación pública adscrita al Ministerio para la Transición Ecológica
