{"id":97853435,"date":"2024-06-07T14:35:51","date_gmt":"2024-06-07T12:35:51","guid":{"rendered":"https:\/\/fundacion-biodiversidad.es\/proyectos_ficha\/adaptation-research-understanding-the-effects-of-extreme-weather-events-on-coastal-reefs-extreme-reef\/"},"modified":"2025-04-24T13:51:11","modified_gmt":"2025-04-24T11:51:11","slug":"adaptation-research-understanding-the-effects-of-extreme-weather-events-on-coastal-reefs-extreme-reef","status":"publish","type":"proyectos_ficha","link":"https:\/\/fundacion-biodiversidad.es\/en\/proyectos_ficha\/adaptation-research-understanding-the-effects-of-extreme-weather-events-on-coastal-reefs-extreme-reef\/","title":{"rendered":"Adaptation research: understanding the effects of extreme weather events on coastal reefs (EXTREME-REEF)"},"content":{"rendered":"<ul>\n<li><strong>The impacts caused by the increase of extreme events derived from climate change in Marine Protected Areas have been studied.<\/strong><\/li>\n<li><strong>The results of the project suggest that extreme storms have a modifying effect on the biological community and that low tides of short but frequent duration produce more significant and prolonged changes in the biological community than an extreme low tide event.<\/strong><\/li>\n<\/ul>\n","protected":false},"author":11,"featured_media":97853135,"template":"","meta":{"_acf_changed":false},"financiaci_n":[650],"lineas_actuacion_tematicas":[655],"class_list":["post-97853435","proyectos_ficha","type-proyectos_ficha","status-publish","has-post-thumbnail","hentry","financiaci_n-fundacion-biodiversidad-en","lineas_actuacion_tematicas-marine-ecosystems"],"acf":[],"yoast_head":"<!-- This site is optimized with the Yoast SEO plugin v26.9 - https:\/\/yoast.com\/product\/yoast-seo-wordpress\/ -->\n<title>Adaptation research: understanding the effects of extreme weather events on coastal reefs (EXTREME-REEF) - Fundaci\u00f3n Biodiversidad<\/title>\n<meta name=\"robots\" content=\"index, follow, max-snippet:-1, max-image-preview:large, max-video-preview:-1\" \/>\n<link rel=\"canonical\" href=\"https:\/\/fundacion-biodiversidad.es\/en\/proyectos_ficha\/adaptation-research-understanding-the-effects-of-extreme-weather-events-on-coastal-reefs-extreme-reef\/\" \/>\n<meta property=\"og:locale\" content=\"en_US\" \/>\n<meta property=\"og:type\" content=\"article\" \/>\n<meta property=\"og:title\" content=\"Adaptation research: understanding the effects of extreme weather events on coastal reefs (EXTREME-REEF) - Fundaci\u00f3n Biodiversidad\" \/>\n<meta property=\"og:description\" content=\"The impacts caused by the increase of extreme events derived from climate change in Marine Protected Areas have been studied. The results of the project [&hellip;]\" \/>\n<meta property=\"og:url\" content=\"https:\/\/fundacion-biodiversidad.es\/en\/proyectos_ficha\/adaptation-research-understanding-the-effects-of-extreme-weather-events-on-coastal-reefs-extreme-reef\/\" \/>\n<meta property=\"og:site_name\" content=\"Fundaci\u00f3n Biodiversidad\" \/>\n<meta property=\"article:modified_time\" content=\"2025-04-24T11:51:11+00:00\" \/>\n<meta property=\"og:image\" content=\"https:\/\/fundacion-biodiversidad.es\/wp-content\/uploads\/2024\/06\/20161009_153545-e1717763699945-1024x536.jpg\" \/>\n<meta name=\"twitter:card\" content=\"summary_large_image\" \/>\n<script type=\"application\/ld+json\" class=\"yoast-schema-graph\">{\"@context\":\"https:\/\/schema.org\",\"@graph\":[{\"@type\":\"WebPage\",\"@id\":\"https:\/\/fundacion-biodiversidad.es\/en\/proyectos_ficha\/adaptation-research-understanding-the-effects-of-extreme-weather-events-on-coastal-reefs-extreme-reef\/\",\"url\":\"https:\/\/fundacion-biodiversidad.es\/en\/proyectos_ficha\/adaptation-research-understanding-the-effects-of-extreme-weather-events-on-coastal-reefs-extreme-reef\/\",\"name\":\"Adaptation research: understanding the effects of extreme weather events on coastal reefs (EXTREME-REEF) - Fundaci\u00f3n Biodiversidad\",\"isPartOf\":{\"@id\":\"https:\/\/fundacion-biodiversidad.es\/en\/#website\"},\"primaryImageOfPage\":{\"@id\":\"https:\/\/fundacion-biodiversidad.es\/en\/proyectos_ficha\/adaptation-research-understanding-the-effects-of-extreme-weather-events-on-coastal-reefs-extreme-reef\/#primaryimage\"},\"image\":{\"@id\":\"https:\/\/fundacion-biodiversidad.es\/en\/proyectos_ficha\/adaptation-research-understanding-the-effects-of-extreme-weather-events-on-coastal-reefs-extreme-reef\/#primaryimage\"},\"thumbnailUrl\":\"https:\/\/fundacion-biodiversidad.es\/wp-content\/uploads\/2024\/06\/20161009_153545-e1717763699945.jpg\",\"datePublished\":\"2024-06-07T12:35:51+00:00\",\"dateModified\":\"2025-04-24T11:51:11+00:00\",\"breadcrumb\":{\"@id\":\"https:\/\/fundacion-biodiversidad.es\/en\/proyectos_ficha\/adaptation-research-understanding-the-effects-of-extreme-weather-events-on-coastal-reefs-extreme-reef\/#breadcrumb\"},\"inLanguage\":\"en-US\",\"potentialAction\":[{\"@type\":\"ReadAction\",\"target\":[\"https:\/\/fundacion-biodiversidad.es\/en\/proyectos_ficha\/adaptation-research-understanding-the-effects-of-extreme-weather-events-on-coastal-reefs-extreme-reef\/\"]}]},{\"@type\":\"ImageObject\",\"inLanguage\":\"en-US\",\"@id\":\"https:\/\/fundacion-biodiversidad.es\/en\/proyectos_ficha\/adaptation-research-understanding-the-effects-of-extreme-weather-events-on-coastal-reefs-extreme-reef\/#primaryimage\",\"url\":\"https:\/\/fundacion-biodiversidad.es\/wp-content\/uploads\/2024\/06\/20161009_153545-e1717763699945.jpg\",\"contentUrl\":\"https:\/\/fundacion-biodiversidad.es\/wp-content\/uploads\/2024\/06\/20161009_153545-e1717763699945.jpg\",\"width\":3263,\"height\":1708},{\"@type\":\"BreadcrumbList\",\"@id\":\"https:\/\/fundacion-biodiversidad.es\/en\/proyectos_ficha\/adaptation-research-understanding-the-effects-of-extreme-weather-events-on-coastal-reefs-extreme-reef\/#breadcrumb\",\"itemListElement\":[{\"@type\":\"ListItem\",\"position\":1,\"name\":\"Portada\",\"item\":\"https:\/\/fundacion-biodiversidad.es\/en\/inicio\/\"},{\"@type\":\"ListItem\",\"position\":2,\"name\":\"MITECO\",\"item\":\"https:\/\/fundacion-biodiversidad.es\/en\/proyectos_ficha\/\"},{\"@type\":\"ListItem\",\"position\":3,\"name\":\"Adaptation research: understanding the effects of extreme weather events on coastal reefs (EXTREME-REEF)\"}]},{\"@type\":\"WebSite\",\"@id\":\"https:\/\/fundacion-biodiversidad.es\/en\/#website\",\"url\":\"https:\/\/fundacion-biodiversidad.es\/en\/\",\"name\":\"Fundaci\u00f3n Biodiversidad\",\"description\":\"Fundaci\u00f3n p\u00fablica adscrita al Ministerio para la Transici\u00f3n Ecol\u00f3gica\",\"potentialAction\":[{\"@type\":\"SearchAction\",\"target\":{\"@type\":\"EntryPoint\",\"urlTemplate\":\"https:\/\/fundacion-biodiversidad.es\/en\/?s={search_term_string}\"},\"query-input\":{\"@type\":\"PropertyValueSpecification\",\"valueRequired\":true,\"valueName\":\"search_term_string\"}}],\"inLanguage\":\"en-US\"}]}<\/script>\n<!-- \/ Yoast SEO plugin. -->","yoast_head_json":{"title":"Adaptation research: understanding the effects of extreme weather events on coastal reefs (EXTREME-REEF) - Fundaci\u00f3n Biodiversidad","robots":{"index":"index","follow":"follow","max-snippet":"max-snippet:-1","max-image-preview":"max-image-preview:large","max-video-preview":"max-video-preview:-1"},"canonical":"https:\/\/fundacion-biodiversidad.es\/en\/proyectos_ficha\/adaptation-research-understanding-the-effects-of-extreme-weather-events-on-coastal-reefs-extreme-reef\/","og_locale":"en_US","og_type":"article","og_title":"Adaptation research: understanding the effects of extreme weather events on coastal reefs (EXTREME-REEF) - Fundaci\u00f3n Biodiversidad","og_description":"The impacts caused by the increase of extreme events derived from climate change in Marine Protected Areas have been studied. The results of the project [&hellip;]","og_url":"https:\/\/fundacion-biodiversidad.es\/en\/proyectos_ficha\/adaptation-research-understanding-the-effects-of-extreme-weather-events-on-coastal-reefs-extreme-reef\/","og_site_name":"Fundaci\u00f3n Biodiversidad","article_modified_time":"2025-04-24T11:51:11+00:00","og_image":[{"url":"https:\/\/fundacion-biodiversidad.es\/wp-content\/uploads\/2024\/06\/20161009_153545-e1717763699945-1024x536.jpg","type":"","width":"","height":""}],"twitter_card":"summary_large_image","schema":{"@context":"https:\/\/schema.org","@graph":[{"@type":"WebPage","@id":"https:\/\/fundacion-biodiversidad.es\/en\/proyectos_ficha\/adaptation-research-understanding-the-effects-of-extreme-weather-events-on-coastal-reefs-extreme-reef\/","url":"https:\/\/fundacion-biodiversidad.es\/en\/proyectos_ficha\/adaptation-research-understanding-the-effects-of-extreme-weather-events-on-coastal-reefs-extreme-reef\/","name":"Adaptation research: understanding the effects of extreme weather events on coastal reefs (EXTREME-REEF) - Fundaci\u00f3n Biodiversidad","isPartOf":{"@id":"https:\/\/fundacion-biodiversidad.es\/en\/#website"},"primaryImageOfPage":{"@id":"https:\/\/fundacion-biodiversidad.es\/en\/proyectos_ficha\/adaptation-research-understanding-the-effects-of-extreme-weather-events-on-coastal-reefs-extreme-reef\/#primaryimage"},"image":{"@id":"https:\/\/fundacion-biodiversidad.es\/en\/proyectos_ficha\/adaptation-research-understanding-the-effects-of-extreme-weather-events-on-coastal-reefs-extreme-reef\/#primaryimage"},"thumbnailUrl":"https:\/\/fundacion-biodiversidad.es\/wp-content\/uploads\/2024\/06\/20161009_153545-e1717763699945.jpg","datePublished":"2024-06-07T12:35:51+00:00","dateModified":"2025-04-24T11:51:11+00:00","breadcrumb":{"@id":"https:\/\/fundacion-biodiversidad.es\/en\/proyectos_ficha\/adaptation-research-understanding-the-effects-of-extreme-weather-events-on-coastal-reefs-extreme-reef\/#breadcrumb"},"inLanguage":"en-US","potentialAction":[{"@type":"ReadAction","target":["https:\/\/fundacion-biodiversidad.es\/en\/proyectos_ficha\/adaptation-research-understanding-the-effects-of-extreme-weather-events-on-coastal-reefs-extreme-reef\/"]}]},{"@type":"ImageObject","inLanguage":"en-US","@id":"https:\/\/fundacion-biodiversidad.es\/en\/proyectos_ficha\/adaptation-research-understanding-the-effects-of-extreme-weather-events-on-coastal-reefs-extreme-reef\/#primaryimage","url":"https:\/\/fundacion-biodiversidad.es\/wp-content\/uploads\/2024\/06\/20161009_153545-e1717763699945.jpg","contentUrl":"https:\/\/fundacion-biodiversidad.es\/wp-content\/uploads\/2024\/06\/20161009_153545-e1717763699945.jpg","width":3263,"height":1708},{"@type":"BreadcrumbList","@id":"https:\/\/fundacion-biodiversidad.es\/en\/proyectos_ficha\/adaptation-research-understanding-the-effects-of-extreme-weather-events-on-coastal-reefs-extreme-reef\/#breadcrumb","itemListElement":[{"@type":"ListItem","position":1,"name":"Portada","item":"https:\/\/fundacion-biodiversidad.es\/en\/inicio\/"},{"@type":"ListItem","position":2,"name":"MITECO","item":"https:\/\/fundacion-biodiversidad.es\/en\/proyectos_ficha\/"},{"@type":"ListItem","position":3,"name":"Adaptation research: understanding the effects of extreme weather events on coastal reefs (EXTREME-REEF)"}]},{"@type":"WebSite","@id":"https:\/\/fundacion-biodiversidad.es\/en\/#website","url":"https:\/\/fundacion-biodiversidad.es\/en\/","name":"Fundaci\u00f3n Biodiversidad","description":"Fundaci\u00f3n p\u00fablica adscrita al Ministerio para la Transici\u00f3n Ecol\u00f3gica","potentialAction":[{"@type":"SearchAction","target":{"@type":"EntryPoint","urlTemplate":"https:\/\/fundacion-biodiversidad.es\/en\/?s={search_term_string}"},"query-input":{"@type":"PropertyValueSpecification","valueRequired":true,"valueName":"search_term_string"}}],"inLanguage":"en-US"}]}},"_links":{"self":[{"href":"https:\/\/fundacion-biodiversidad.es\/en\/wp-json\/wp\/v2\/proyectos_ficha\/97853435","targetHints":{"allow":["GET"]}}],"collection":[{"href":"https:\/\/fundacion-biodiversidad.es\/en\/wp-json\/wp\/v2\/proyectos_ficha"}],"about":[{"href":"https:\/\/fundacion-biodiversidad.es\/en\/wp-json\/wp\/v2\/types\/proyectos_ficha"}],"author":[{"embeddable":true,"href":"https:\/\/fundacion-biodiversidad.es\/en\/wp-json\/wp\/v2\/users\/11"}],"wp:featuredmedia":[{"embeddable":true,"href":"https:\/\/fundacion-biodiversidad.es\/en\/wp-json\/wp\/v2\/media\/97853135"}],"wp:attachment":[{"href":"https:\/\/fundacion-biodiversidad.es\/en\/wp-json\/wp\/v2\/media?parent=97853435"}],"wp:term":[{"taxonomy":"financiaci_n","embeddable":true,"href":"https:\/\/fundacion-biodiversidad.es\/en\/wp-json\/wp\/v2\/financiaci_n?post=97853435"},{"taxonomy":"lineas_actuacion_tematicas","embeddable":true,"href":"https:\/\/fundacion-biodiversidad.es\/en\/wp-json\/wp\/v2\/lineas_actuacion_tematicas?post=97853435"}],"curies":[{"name":"wp","href":"https:\/\/api.w.org\/{rel}","templated":true}]}}

<!-- This site is optimized with the Yoast SEO plugin v26.9 - https://yoast.com/product/yoast-seo-wordpress/ -->
<title>Adaptation research: understanding the effects of extreme weather events on coastal reefs (EXTREME-REEF) - Fundación Biodiversidad</title>
<meta name="robots" content="index, follow, max-snippet:-1, max-image-preview:large, max-video-preview:-1" />
<link rel="canonical" href="https://fundacion-biodiversidad.es/en/proyectos_ficha/adaptation-research-understanding-the-effects-of-extreme-weather-events-on-coastal-reefs-extreme-reef/" />
<meta property="og:locale" content="en_US" />
<meta property="og:type" content="article" />
<meta property="og:title" content="Adaptation research: understanding the effects of extreme weather events on coastal reefs (EXTREME-REEF) - Fundación Biodiversidad" />
<meta property="og:description" content="The impacts caused by the increase of extreme events derived from climate change in Marine Protected Areas have been studied. The results of the project [&hellip;]" />
<meta property="og:url" content="https://fundacion-biodiversidad.es/en/proyectos_ficha/adaptation-research-understanding-the-effects-of-extreme-weather-events-on-coastal-reefs-extreme-reef/" />
<meta property="og:site_name" content="Fundación Biodiversidad" />
<meta property="article:modified_time" content="2025-04-24T11:51:11+00:00" />
<meta property="og:image" content="https://fundacion-biodiversidad.es/wp-content/uploads/2024/06/20161009_153545-e1717763699945-1024x536.jpg" />
<meta name="twitter:card" content="summary_large_image" />
<script type="application/ld+json" class="yoast-schema-graph">{"@context":"https://schema.org","@graph":[{"@type":"WebPage","@id":"https://fundacion-biodiversidad.es/en/proyectos_ficha/adaptation-research-understanding-the-effects-of-extreme-weather-events-on-coastal-reefs-extreme-reef/","url":"https://fundacion-biodiversidad.es/en/proyectos_ficha/adaptation-research-understanding-the-effects-of-extreme-weather-events-on-coastal-reefs-extreme-reef/","name":"Adaptation research: understanding the effects of extreme weather events on coastal reefs (EXTREME-REEF) - Fundación Biodiversidad","isPartOf":{"@id":"https://fundacion-biodiversidad.es/en/#website"},"primaryImageOfPage":{"@id":"https://fundacion-biodiversidad.es/en/proyectos_ficha/adaptation-research-understanding-the-effects-of-extreme-weather-events-on-coastal-reefs-extreme-reef/#primaryimage"},"image":{"@id":"https://fundacion-biodiversidad.es/en/proyectos_ficha/adaptation-research-understanding-the-effects-of-extreme-weather-events-on-coastal-reefs-extreme-reef/#primaryimage"},"thumbnailUrl":"https://fundacion-biodiversidad.es/wp-content/uploads/2024/06/20161009_153545-e1717763699945.jpg","datePublished":"2024-06-07T12:35:51+00:00","dateModified":"2025-04-24T11:51:11+00:00","breadcrumb":{"@id":"https://fundacion-biodiversidad.es/en/proyectos_ficha/adaptation-research-understanding-the-effects-of-extreme-weather-events-on-coastal-reefs-extreme-reef/#breadcrumb"},"inLanguage":"en-US","potentialAction":[{"@type":"ReadAction","target":["https://fundacion-biodiversidad.es/en/proyectos_ficha/adaptation-research-understanding-the-effects-of-extreme-weather-events-on-coastal-reefs-extreme-reef/"]}]},{"@type":"ImageObject","inLanguage":"en-US","@id":"https://fundacion-biodiversidad.es/en/proyectos_ficha/adaptation-research-understanding-the-effects-of-extreme-weather-events-on-coastal-reefs-extreme-reef/#primaryimage","url":"https://fundacion-biodiversidad.es/wp-content/uploads/2024/06/20161009_153545-e1717763699945.jpg","contentUrl":"https://fundacion-biodiversidad.es/wp-content/uploads/2024/06/20161009_153545-e1717763699945.jpg","width":3263,"height":1708},{"@type":"BreadcrumbList","@id":"https://fundacion-biodiversidad.es/en/proyectos_ficha/adaptation-research-understanding-the-effects-of-extreme-weather-events-on-coastal-reefs-extreme-reef/#breadcrumb","itemListElement":[{"@type":"ListItem","position":1,"name":"Portada","item":"https://fundacion-biodiversidad.es/en/inicio/"},{"@type":"ListItem","position":2,"name":"MITECO","item":"https://fundacion-biodiversidad.es/en/proyectos_ficha/"},{"@type":"ListItem","position":3,"name":"Adaptation research: understanding the effects of extreme weather events on coastal reefs (EXTREME-REEF)"}]},{"@type":"WebSite","@id":"https://fundacion-biodiversidad.es/en/#website","url":"https://fundacion-biodiversidad.es/en/","name":"Fundación Biodiversidad","description":"Fundación pública adscrita al Ministerio para la Transición Ecológica","potentialAction":[{"@type":"SearchAction","target":{"@type":"EntryPoint","urlTemplate":"https://fundacion-biodiversidad.es/en/?s={search_term_string}"},"query-input":{"@type":"PropertyValueSpecification","valueRequired":true,"valueName":"search_term_string"}}],"inLanguage":"en-US"}]}</script>
<!-- / Yoast SEO plugin. -->

Adaptation research: understanding the effects of extreme weather events on coastal reefs (EXTREME-REEF) - Fundación Biodiversidad

Fundación Biodiversidad

Fundación pública adscrita al Ministerio para la Transición Ecológica
