{"id":97854822,"date":"2024-09-16T10:09:18","date_gmt":"2024-09-16T08:09:18","guid":{"rendered":"https:\/\/fundacion-biodiversidad.es\/proyectos_ficha\/identification-of-the-potential-etiological-agents-responsible-for-the-mass-die-offs-of-margaritifera-auricularia-observed-in-spain\/"},"modified":"2025-04-24T13:50:39","modified_gmt":"2025-04-24T11:50:39","slug":"identification-of-the-potential-etiological-agents-responsible-for-the-mass-die-offs-of-margaritifera-auricularia-observed-in-spain","status":"publish","type":"proyectos_ficha","link":"https:\/\/fundacion-biodiversidad.es\/en\/proyectos_ficha\/identification-of-the-potential-etiological-agents-responsible-for-the-mass-die-offs-of-margaritifera-auricularia-observed-in-spain\/","title":{"rendered":"Identification of the potential etiological agents responsible for the mass die-offs of &#8216;Margaritifera auricularia&#8217; observed in Spain"},"content":{"rendered":"<ul>\n<li><strong>It has been found that the population of the species of the Imperial Canal of Aragon is subject to different and serious impacts, such as maintenance works, extreme fluctuations in flow and water pollution, which have led it to a limit situation of conservation.  <\/strong><\/li>\n<li><strong>Several agents and viruses have been detected that could be the cause or contributor to the deaths of <em>M. auricularia<\/em> observed in Spain.<\/strong><\/li>\n<li><strong>The results obtained and the list of management measures identified have been sent to the competent authorities in the matter identified, both regional and state<\/strong><\/li>\n<\/ul>\n","protected":false},"author":11,"featured_media":22405,"template":"","meta":{"_acf_changed":false},"financiaci_n":[650],"lineas_actuacion_tematicas":[654],"class_list":["post-97854822","proyectos_ficha","type-proyectos_ficha","status-publish","has-post-thumbnail","hentry","financiaci_n-fundacion-biodiversidad-en","lineas_actuacion_tematicas-terrestrial-ecosystems"],"acf":[],"yoast_head":"<!-- This site is optimized with the Yoast SEO plugin v26.9 - https:\/\/yoast.com\/product\/yoast-seo-wordpress\/ -->\n<title>Identification of the potential etiological agents responsible for the mass die-offs of &#039;Margaritifera auricularia&#039; observed in Spain - Fundaci\u00f3n Biodiversidad<\/title>\n<meta name=\"robots\" content=\"index, follow, max-snippet:-1, max-image-preview:large, max-video-preview:-1\" \/>\n<link rel=\"canonical\" href=\"https:\/\/fundacion-biodiversidad.es\/en\/proyectos_ficha\/identification-of-the-potential-etiological-agents-responsible-for-the-mass-die-offs-of-margaritifera-auricularia-observed-in-spain\/\" \/>\n<meta property=\"og:locale\" content=\"en_US\" \/>\n<meta property=\"og:type\" content=\"article\" \/>\n<meta property=\"og:title\" content=\"Identification of the potential etiological agents responsible for the mass die-offs of &#039;Margaritifera auricularia&#039; observed in Spain - Fundaci\u00f3n Biodiversidad\" \/>\n<meta property=\"og:description\" content=\"It has been found that the population of the species of the Imperial Canal of Aragon is subject to different and serious impacts, such as [&hellip;]\" \/>\n<meta property=\"og:url\" content=\"https:\/\/fundacion-biodiversidad.es\/en\/proyectos_ficha\/identification-of-the-potential-etiological-agents-responsible-for-the-mass-die-offs-of-margaritifera-auricularia-observed-in-spain\/\" \/>\n<meta property=\"og:site_name\" content=\"Fundaci\u00f3n Biodiversidad\" \/>\n<meta property=\"article:modified_time\" content=\"2025-04-24T11:50:39+00:00\" \/>\n<meta property=\"og:image\" content=\"https:\/\/fundacion-biodiversidad.es\/wp-content\/uploads\/2024\/09\/2018-12-12-Obtencion-de-bivalvos-de-agua-dulce-1024x498.jpg\" \/>\n<meta name=\"twitter:card\" content=\"summary_large_image\" \/>\n<script type=\"application\/ld+json\" class=\"yoast-schema-graph\">{\"@context\":\"https:\/\/schema.org\",\"@graph\":[{\"@type\":\"WebPage\",\"@id\":\"https:\/\/fundacion-biodiversidad.es\/en\/proyectos_ficha\/identification-of-the-potential-etiological-agents-responsible-for-the-mass-die-offs-of-margaritifera-auricularia-observed-in-spain\/\",\"url\":\"https:\/\/fundacion-biodiversidad.es\/en\/proyectos_ficha\/identification-of-the-potential-etiological-agents-responsible-for-the-mass-die-offs-of-margaritifera-auricularia-observed-in-spain\/\",\"name\":\"Identification of the potential etiological agents responsible for the mass die-offs of 'Margaritifera auricularia' observed in Spain - Fundaci\u00f3n Biodiversidad\",\"isPartOf\":{\"@id\":\"https:\/\/fundacion-biodiversidad.es\/en\/#website\"},\"primaryImageOfPage\":{\"@id\":\"https:\/\/fundacion-biodiversidad.es\/en\/proyectos_ficha\/identification-of-the-potential-etiological-agents-responsible-for-the-mass-die-offs-of-margaritifera-auricularia-observed-in-spain\/#primaryimage\"},\"image\":{\"@id\":\"https:\/\/fundacion-biodiversidad.es\/en\/proyectos_ficha\/identification-of-the-potential-etiological-agents-responsible-for-the-mass-die-offs-of-margaritifera-auricularia-observed-in-spain\/#primaryimage\"},\"thumbnailUrl\":\"https:\/\/fundacion-biodiversidad.es\/wp-content\/uploads\/2022\/11\/no-imagen.jpg\",\"datePublished\":\"2024-09-16T08:09:18+00:00\",\"dateModified\":\"2025-04-24T11:50:39+00:00\",\"breadcrumb\":{\"@id\":\"https:\/\/fundacion-biodiversidad.es\/en\/proyectos_ficha\/identification-of-the-potential-etiological-agents-responsible-for-the-mass-die-offs-of-margaritifera-auricularia-observed-in-spain\/#breadcrumb\"},\"inLanguage\":\"en-US\",\"potentialAction\":[{\"@type\":\"ReadAction\",\"target\":[\"https:\/\/fundacion-biodiversidad.es\/en\/proyectos_ficha\/identification-of-the-potential-etiological-agents-responsible-for-the-mass-die-offs-of-margaritifera-auricularia-observed-in-spain\/\"]}]},{\"@type\":\"ImageObject\",\"inLanguage\":\"en-US\",\"@id\":\"https:\/\/fundacion-biodiversidad.es\/en\/proyectos_ficha\/identification-of-the-potential-etiological-agents-responsible-for-the-mass-die-offs-of-margaritifera-auricularia-observed-in-spain\/#primaryimage\",\"url\":\"https:\/\/fundacion-biodiversidad.es\/wp-content\/uploads\/2022\/11\/no-imagen.jpg\",\"contentUrl\":\"https:\/\/fundacion-biodiversidad.es\/wp-content\/uploads\/2022\/11\/no-imagen.jpg\",\"width\":2048,\"height\":2048,\"caption\":\"Formaci\u00f3n en medio ambiente natural\"},{\"@type\":\"BreadcrumbList\",\"@id\":\"https:\/\/fundacion-biodiversidad.es\/en\/proyectos_ficha\/identification-of-the-potential-etiological-agents-responsible-for-the-mass-die-offs-of-margaritifera-auricularia-observed-in-spain\/#breadcrumb\",\"itemListElement\":[{\"@type\":\"ListItem\",\"position\":1,\"name\":\"Portada\",\"item\":\"https:\/\/fundacion-biodiversidad.es\/en\/inicio\/\"},{\"@type\":\"ListItem\",\"position\":2,\"name\":\"MITECO\",\"item\":\"https:\/\/fundacion-biodiversidad.es\/en\/proyectos_ficha\/\"},{\"@type\":\"ListItem\",\"position\":3,\"name\":\"Identification of the potential etiological agents responsible for the mass die-offs of &#8216;Margaritifera auricularia&#8217; observed in Spain\"}]},{\"@type\":\"WebSite\",\"@id\":\"https:\/\/fundacion-biodiversidad.es\/en\/#website\",\"url\":\"https:\/\/fundacion-biodiversidad.es\/en\/\",\"name\":\"Fundaci\u00f3n Biodiversidad\",\"description\":\"Fundaci\u00f3n p\u00fablica adscrita al Ministerio para la Transici\u00f3n Ecol\u00f3gica\",\"potentialAction\":[{\"@type\":\"SearchAction\",\"target\":{\"@type\":\"EntryPoint\",\"urlTemplate\":\"https:\/\/fundacion-biodiversidad.es\/en\/?s={search_term_string}\"},\"query-input\":{\"@type\":\"PropertyValueSpecification\",\"valueRequired\":true,\"valueName\":\"search_term_string\"}}],\"inLanguage\":\"en-US\"}]}<\/script>\n<!-- \/ Yoast SEO plugin. -->","yoast_head_json":{"title":"Identification of the potential etiological agents responsible for the mass die-offs of 'Margaritifera auricularia' observed in Spain - Fundaci\u00f3n Biodiversidad","robots":{"index":"index","follow":"follow","max-snippet":"max-snippet:-1","max-image-preview":"max-image-preview:large","max-video-preview":"max-video-preview:-1"},"canonical":"https:\/\/fundacion-biodiversidad.es\/en\/proyectos_ficha\/identification-of-the-potential-etiological-agents-responsible-for-the-mass-die-offs-of-margaritifera-auricularia-observed-in-spain\/","og_locale":"en_US","og_type":"article","og_title":"Identification of the potential etiological agents responsible for the mass die-offs of 'Margaritifera auricularia' observed in Spain - Fundaci\u00f3n Biodiversidad","og_description":"It has been found that the population of the species of the Imperial Canal of Aragon is subject to different and serious impacts, such as [&hellip;]","og_url":"https:\/\/fundacion-biodiversidad.es\/en\/proyectos_ficha\/identification-of-the-potential-etiological-agents-responsible-for-the-mass-die-offs-of-margaritifera-auricularia-observed-in-spain\/","og_site_name":"Fundaci\u00f3n Biodiversidad","article_modified_time":"2025-04-24T11:50:39+00:00","og_image":[{"url":"https:\/\/fundacion-biodiversidad.es\/wp-content\/uploads\/2024\/09\/2018-12-12-Obtencion-de-bivalvos-de-agua-dulce-1024x498.jpg","type":"","width":"","height":""}],"twitter_card":"summary_large_image","schema":{"@context":"https:\/\/schema.org","@graph":[{"@type":"WebPage","@id":"https:\/\/fundacion-biodiversidad.es\/en\/proyectos_ficha\/identification-of-the-potential-etiological-agents-responsible-for-the-mass-die-offs-of-margaritifera-auricularia-observed-in-spain\/","url":"https:\/\/fundacion-biodiversidad.es\/en\/proyectos_ficha\/identification-of-the-potential-etiological-agents-responsible-for-the-mass-die-offs-of-margaritifera-auricularia-observed-in-spain\/","name":"Identification of the potential etiological agents responsible for the mass die-offs of 'Margaritifera auricularia' observed in Spain - Fundaci\u00f3n Biodiversidad","isPartOf":{"@id":"https:\/\/fundacion-biodiversidad.es\/en\/#website"},"primaryImageOfPage":{"@id":"https:\/\/fundacion-biodiversidad.es\/en\/proyectos_ficha\/identification-of-the-potential-etiological-agents-responsible-for-the-mass-die-offs-of-margaritifera-auricularia-observed-in-spain\/#primaryimage"},"image":{"@id":"https:\/\/fundacion-biodiversidad.es\/en\/proyectos_ficha\/identification-of-the-potential-etiological-agents-responsible-for-the-mass-die-offs-of-margaritifera-auricularia-observed-in-spain\/#primaryimage"},"thumbnailUrl":"https:\/\/fundacion-biodiversidad.es\/wp-content\/uploads\/2022\/11\/no-imagen.jpg","datePublished":"2024-09-16T08:09:18+00:00","dateModified":"2025-04-24T11:50:39+00:00","breadcrumb":{"@id":"https:\/\/fundacion-biodiversidad.es\/en\/proyectos_ficha\/identification-of-the-potential-etiological-agents-responsible-for-the-mass-die-offs-of-margaritifera-auricularia-observed-in-spain\/#breadcrumb"},"inLanguage":"en-US","potentialAction":[{"@type":"ReadAction","target":["https:\/\/fundacion-biodiversidad.es\/en\/proyectos_ficha\/identification-of-the-potential-etiological-agents-responsible-for-the-mass-die-offs-of-margaritifera-auricularia-observed-in-spain\/"]}]},{"@type":"ImageObject","inLanguage":"en-US","@id":"https:\/\/fundacion-biodiversidad.es\/en\/proyectos_ficha\/identification-of-the-potential-etiological-agents-responsible-for-the-mass-die-offs-of-margaritifera-auricularia-observed-in-spain\/#primaryimage","url":"https:\/\/fundacion-biodiversidad.es\/wp-content\/uploads\/2022\/11\/no-imagen.jpg","contentUrl":"https:\/\/fundacion-biodiversidad.es\/wp-content\/uploads\/2022\/11\/no-imagen.jpg","width":2048,"height":2048,"caption":"Formaci\u00f3n en medio ambiente natural"},{"@type":"BreadcrumbList","@id":"https:\/\/fundacion-biodiversidad.es\/en\/proyectos_ficha\/identification-of-the-potential-etiological-agents-responsible-for-the-mass-die-offs-of-margaritifera-auricularia-observed-in-spain\/#breadcrumb","itemListElement":[{"@type":"ListItem","position":1,"name":"Portada","item":"https:\/\/fundacion-biodiversidad.es\/en\/inicio\/"},{"@type":"ListItem","position":2,"name":"MITECO","item":"https:\/\/fundacion-biodiversidad.es\/en\/proyectos_ficha\/"},{"@type":"ListItem","position":3,"name":"Identification of the potential etiological agents responsible for the mass die-offs of &#8216;Margaritifera auricularia&#8217; observed in Spain"}]},{"@type":"WebSite","@id":"https:\/\/fundacion-biodiversidad.es\/en\/#website","url":"https:\/\/fundacion-biodiversidad.es\/en\/","name":"Fundaci\u00f3n Biodiversidad","description":"Fundaci\u00f3n p\u00fablica adscrita al Ministerio para la Transici\u00f3n Ecol\u00f3gica","potentialAction":[{"@type":"SearchAction","target":{"@type":"EntryPoint","urlTemplate":"https:\/\/fundacion-biodiversidad.es\/en\/?s={search_term_string}"},"query-input":{"@type":"PropertyValueSpecification","valueRequired":true,"valueName":"search_term_string"}}],"inLanguage":"en-US"}]}},"_links":{"self":[{"href":"https:\/\/fundacion-biodiversidad.es\/en\/wp-json\/wp\/v2\/proyectos_ficha\/97854822","targetHints":{"allow":["GET"]}}],"collection":[{"href":"https:\/\/fundacion-biodiversidad.es\/en\/wp-json\/wp\/v2\/proyectos_ficha"}],"about":[{"href":"https:\/\/fundacion-biodiversidad.es\/en\/wp-json\/wp\/v2\/types\/proyectos_ficha"}],"author":[{"embeddable":true,"href":"https:\/\/fundacion-biodiversidad.es\/en\/wp-json\/wp\/v2\/users\/11"}],"wp:featuredmedia":[{"embeddable":true,"href":"https:\/\/fundacion-biodiversidad.es\/en\/wp-json\/wp\/v2\/media\/22405"}],"wp:attachment":[{"href":"https:\/\/fundacion-biodiversidad.es\/en\/wp-json\/wp\/v2\/media?parent=97854822"}],"wp:term":[{"taxonomy":"financiaci_n","embeddable":true,"href":"https:\/\/fundacion-biodiversidad.es\/en\/wp-json\/wp\/v2\/financiaci_n?post=97854822"},{"taxonomy":"lineas_actuacion_tematicas","embeddable":true,"href":"https:\/\/fundacion-biodiversidad.es\/en\/wp-json\/wp\/v2\/lineas_actuacion_tematicas?post=97854822"}],"curies":[{"name":"wp","href":"https:\/\/api.w.org\/{rel}","templated":true}]}}

<!-- This site is optimized with the Yoast SEO plugin v26.9 - https://yoast.com/product/yoast-seo-wordpress/ -->
<title>Identification of the potential etiological agents responsible for the mass die-offs of &#039;Margaritifera auricularia&#039; observed in Spain - Fundación Biodiversidad</title>
<meta name="robots" content="index, follow, max-snippet:-1, max-image-preview:large, max-video-preview:-1" />
<link rel="canonical" href="https://fundacion-biodiversidad.es/en/proyectos_ficha/identification-of-the-potential-etiological-agents-responsible-for-the-mass-die-offs-of-margaritifera-auricularia-observed-in-spain/" />
<meta property="og:locale" content="en_US" />
<meta property="og:type" content="article" />
<meta property="og:title" content="Identification of the potential etiological agents responsible for the mass die-offs of &#039;Margaritifera auricularia&#039; observed in Spain - Fundación Biodiversidad" />
<meta property="og:description" content="It has been found that the population of the species of the Imperial Canal of Aragon is subject to different and serious impacts, such as [&hellip;]" />
<meta property="og:url" content="https://fundacion-biodiversidad.es/en/proyectos_ficha/identification-of-the-potential-etiological-agents-responsible-for-the-mass-die-offs-of-margaritifera-auricularia-observed-in-spain/" />
<meta property="og:site_name" content="Fundación Biodiversidad" />
<meta property="article:modified_time" content="2025-04-24T11:50:39+00:00" />
<meta property="og:image" content="https://fundacion-biodiversidad.es/wp-content/uploads/2024/09/2018-12-12-Obtencion-de-bivalvos-de-agua-dulce-1024x498.jpg" />
<meta name="twitter:card" content="summary_large_image" />
<script type="application/ld+json" class="yoast-schema-graph">{"@context":"https://schema.org","@graph":[{"@type":"WebPage","@id":"https://fundacion-biodiversidad.es/en/proyectos_ficha/identification-of-the-potential-etiological-agents-responsible-for-the-mass-die-offs-of-margaritifera-auricularia-observed-in-spain/","url":"https://fundacion-biodiversidad.es/en/proyectos_ficha/identification-of-the-potential-etiological-agents-responsible-for-the-mass-die-offs-of-margaritifera-auricularia-observed-in-spain/","name":"Identification of the potential etiological agents responsible for the mass die-offs of 'Margaritifera auricularia' observed in Spain - Fundación Biodiversidad","isPartOf":{"@id":"https://fundacion-biodiversidad.es/en/#website"},"primaryImageOfPage":{"@id":"https://fundacion-biodiversidad.es/en/proyectos_ficha/identification-of-the-potential-etiological-agents-responsible-for-the-mass-die-offs-of-margaritifera-auricularia-observed-in-spain/#primaryimage"},"image":{"@id":"https://fundacion-biodiversidad.es/en/proyectos_ficha/identification-of-the-potential-etiological-agents-responsible-for-the-mass-die-offs-of-margaritifera-auricularia-observed-in-spain/#primaryimage"},"thumbnailUrl":"https://fundacion-biodiversidad.es/wp-content/uploads/2022/11/no-imagen.jpg","datePublished":"2024-09-16T08:09:18+00:00","dateModified":"2025-04-24T11:50:39+00:00","breadcrumb":{"@id":"https://fundacion-biodiversidad.es/en/proyectos_ficha/identification-of-the-potential-etiological-agents-responsible-for-the-mass-die-offs-of-margaritifera-auricularia-observed-in-spain/#breadcrumb"},"inLanguage":"en-US","potentialAction":[{"@type":"ReadAction","target":["https://fundacion-biodiversidad.es/en/proyectos_ficha/identification-of-the-potential-etiological-agents-responsible-for-the-mass-die-offs-of-margaritifera-auricularia-observed-in-spain/"]}]},{"@type":"ImageObject","inLanguage":"en-US","@id":"https://fundacion-biodiversidad.es/en/proyectos_ficha/identification-of-the-potential-etiological-agents-responsible-for-the-mass-die-offs-of-margaritifera-auricularia-observed-in-spain/#primaryimage","url":"https://fundacion-biodiversidad.es/wp-content/uploads/2022/11/no-imagen.jpg","contentUrl":"https://fundacion-biodiversidad.es/wp-content/uploads/2022/11/no-imagen.jpg","width":2048,"height":2048,"caption":"Formación en medio ambiente natural"},{"@type":"BreadcrumbList","@id":"https://fundacion-biodiversidad.es/en/proyectos_ficha/identification-of-the-potential-etiological-agents-responsible-for-the-mass-die-offs-of-margaritifera-auricularia-observed-in-spain/#breadcrumb","itemListElement":[{"@type":"ListItem","position":1,"name":"Portada","item":"https://fundacion-biodiversidad.es/en/inicio/"},{"@type":"ListItem","position":2,"name":"MITECO","item":"https://fundacion-biodiversidad.es/en/proyectos_ficha/"},{"@type":"ListItem","position":3,"name":"Identification of the potential etiological agents responsible for the mass die-offs of &#8216;Margaritifera auricularia&#8217; observed in Spain"}]},{"@type":"WebSite","@id":"https://fundacion-biodiversidad.es/en/#website","url":"https://fundacion-biodiversidad.es/en/","name":"Fundación Biodiversidad","description":"Fundación pública adscrita al Ministerio para la Transición Ecológica","potentialAction":[{"@type":"SearchAction","target":{"@type":"EntryPoint","urlTemplate":"https://fundacion-biodiversidad.es/en/?s={search_term_string}"},"query-input":{"@type":"PropertyValueSpecification","valueRequired":true,"valueName":"search_term_string"}}],"inLanguage":"en-US"}]}</script>
<!-- / Yoast SEO plugin. -->

Identification of the potential etiological agents responsible for the mass die-offs of 'Margaritifera auricularia' observed in Spain - Fundación Biodiversidad

Fundación Biodiversidad

Formación en medio ambiente natural

Fundación pública adscrita al Ministerio para la Transición Ecológica
