{"id":97855170,"date":"2024-12-04T12:40:47","date_gmt":"2024-12-04T11:40:47","guid":{"rendered":"https:\/\/fundacion-biodiversidad.es\/proyectos_ficha\/compatibility-of-new-and-traditional-uses-with-the-conservation-of-the-cantabrian-capercaillie-and-the-brown-bear-in-undivided-forests-in-the-natura-2000-network\/"},"modified":"2024-12-04T12:40:47","modified_gmt":"2024-12-04T11:40:47","slug":"compatibility-of-new-and-traditional-uses-with-the-conservation-of-the-cantabrian-capercaillie-and-the-brown-bear-in-undivided-forests-in-the-natura-2000-network","status":"publish","type":"proyectos_ficha","link":"https:\/\/fundacion-biodiversidad.es\/en\/proyectos_ficha\/compatibility-of-new-and-traditional-uses-with-the-conservation-of-the-cantabrian-capercaillie-and-the-brown-bear-in-undivided-forests-in-the-natura-2000-network\/","title":{"rendered":"Compatibility of new and traditional uses with the conservation of the Cantabrian capercaillie and the brown bear in undivided forests in the Natura 2000 Network"},"content":{"rendered":"<ul>\n<li><strong>Three pilot forests in southwestern Asturias have been studied through analysis and mapping of the relevant habitats of the species under study and a proposal for compatibility and conservation actions.  <\/strong><\/li>\n<li><strong>A Management Model for Undivided Forests has been developed with measures aimed at the strategic conservation priorities provided for in the Priority Action Framework (MAP) of the Natura 2000 Network for the habitats of the Cantabrian capercaillie and the brown bear.<\/strong><\/li>\n<li><strong>Dissemination actions have been carried out on the project with various social actors who live in the area of action.  <\/strong><\/li>\n<\/ul>\n","protected":false},"author":11,"featured_media":22405,"template":"","meta":{"_acf_changed":false},"financiaci_n":[650],"lineas_actuacion_tematicas":[654],"class_list":["post-97855170","proyectos_ficha","type-proyectos_ficha","status-publish","has-post-thumbnail","hentry","financiaci_n-fundacion-biodiversidad-en","lineas_actuacion_tematicas-terrestrial-ecosystems"],"acf":[],"yoast_head":"<!-- This site is optimized with the Yoast SEO plugin v26.9 - https:\/\/yoast.com\/product\/yoast-seo-wordpress\/ -->\n<title>Compatibility of new and traditional uses with the conservation of the Cantabrian capercaillie and the brown bear in undivided forests in the Natura 2000 Network - Fundaci\u00f3n Biodiversidad<\/title>\n<meta name=\"robots\" content=\"index, follow, max-snippet:-1, max-image-preview:large, max-video-preview:-1\" \/>\n<link rel=\"canonical\" href=\"https:\/\/fundacion-biodiversidad.es\/en\/proyectos_ficha\/compatibility-of-new-and-traditional-uses-with-the-conservation-of-the-cantabrian-capercaillie-and-the-brown-bear-in-undivided-forests-in-the-natura-2000-network\/\" \/>\n<meta property=\"og:locale\" content=\"en_US\" \/>\n<meta property=\"og:type\" content=\"article\" \/>\n<meta property=\"og:title\" content=\"Compatibility of new and traditional uses with the conservation of the Cantabrian capercaillie and the brown bear in undivided forests in the Natura 2000 Network - Fundaci\u00f3n Biodiversidad\" \/>\n<meta property=\"og:description\" content=\"Three pilot forests in southwestern Asturias have been studied through analysis and mapping of the relevant habitats of the species under study and a proposal [&hellip;]\" \/>\n<meta property=\"og:url\" content=\"https:\/\/fundacion-biodiversidad.es\/en\/proyectos_ficha\/compatibility-of-new-and-traditional-uses-with-the-conservation-of-the-cantabrian-capercaillie-and-the-brown-bear-in-undivided-forests-in-the-natura-2000-network\/\" \/>\n<meta property=\"og:site_name\" content=\"Fundaci\u00f3n Biodiversidad\" \/>\n<meta property=\"og:image\" content=\"https:\/\/fundacion-biodiversidad.es\/wp-content\/uploads\/2024\/12\/Foto-3.-Monte-de-Fuentes-de-Corbero-scaled-e1733312385747-1024x536.jpg\" \/>\n<meta name=\"twitter:card\" content=\"summary_large_image\" \/>\n<script type=\"application\/ld+json\" class=\"yoast-schema-graph\">{\"@context\":\"https:\/\/schema.org\",\"@graph\":[{\"@type\":\"WebPage\",\"@id\":\"https:\/\/fundacion-biodiversidad.es\/en\/proyectos_ficha\/compatibility-of-new-and-traditional-uses-with-the-conservation-of-the-cantabrian-capercaillie-and-the-brown-bear-in-undivided-forests-in-the-natura-2000-network\/\",\"url\":\"https:\/\/fundacion-biodiversidad.es\/en\/proyectos_ficha\/compatibility-of-new-and-traditional-uses-with-the-conservation-of-the-cantabrian-capercaillie-and-the-brown-bear-in-undivided-forests-in-the-natura-2000-network\/\",\"name\":\"Compatibility of new and traditional uses with the conservation of the Cantabrian capercaillie and the brown bear in undivided forests in the Natura 2000 Network - Fundaci\u00f3n Biodiversidad\",\"isPartOf\":{\"@id\":\"https:\/\/fundacion-biodiversidad.es\/en\/#website\"},\"primaryImageOfPage\":{\"@id\":\"https:\/\/fundacion-biodiversidad.es\/en\/proyectos_ficha\/compatibility-of-new-and-traditional-uses-with-the-conservation-of-the-cantabrian-capercaillie-and-the-brown-bear-in-undivided-forests-in-the-natura-2000-network\/#primaryimage\"},\"image\":{\"@id\":\"https:\/\/fundacion-biodiversidad.es\/en\/proyectos_ficha\/compatibility-of-new-and-traditional-uses-with-the-conservation-of-the-cantabrian-capercaillie-and-the-brown-bear-in-undivided-forests-in-the-natura-2000-network\/#primaryimage\"},\"thumbnailUrl\":\"https:\/\/fundacion-biodiversidad.es\/wp-content\/uploads\/2022\/11\/no-imagen.jpg\",\"datePublished\":\"2024-12-04T11:40:47+00:00\",\"breadcrumb\":{\"@id\":\"https:\/\/fundacion-biodiversidad.es\/en\/proyectos_ficha\/compatibility-of-new-and-traditional-uses-with-the-conservation-of-the-cantabrian-capercaillie-and-the-brown-bear-in-undivided-forests-in-the-natura-2000-network\/#breadcrumb\"},\"inLanguage\":\"en-US\",\"potentialAction\":[{\"@type\":\"ReadAction\",\"target\":[\"https:\/\/fundacion-biodiversidad.es\/en\/proyectos_ficha\/compatibility-of-new-and-traditional-uses-with-the-conservation-of-the-cantabrian-capercaillie-and-the-brown-bear-in-undivided-forests-in-the-natura-2000-network\/\"]}]},{\"@type\":\"ImageObject\",\"inLanguage\":\"en-US\",\"@id\":\"https:\/\/fundacion-biodiversidad.es\/en\/proyectos_ficha\/compatibility-of-new-and-traditional-uses-with-the-conservation-of-the-cantabrian-capercaillie-and-the-brown-bear-in-undivided-forests-in-the-natura-2000-network\/#primaryimage\",\"url\":\"https:\/\/fundacion-biodiversidad.es\/wp-content\/uploads\/2022\/11\/no-imagen.jpg\",\"contentUrl\":\"https:\/\/fundacion-biodiversidad.es\/wp-content\/uploads\/2022\/11\/no-imagen.jpg\",\"width\":2048,\"height\":2048,\"caption\":\"Formaci\u00f3n en medio ambiente natural\"},{\"@type\":\"BreadcrumbList\",\"@id\":\"https:\/\/fundacion-biodiversidad.es\/en\/proyectos_ficha\/compatibility-of-new-and-traditional-uses-with-the-conservation-of-the-cantabrian-capercaillie-and-the-brown-bear-in-undivided-forests-in-the-natura-2000-network\/#breadcrumb\",\"itemListElement\":[{\"@type\":\"ListItem\",\"position\":1,\"name\":\"Portada\",\"item\":\"https:\/\/fundacion-biodiversidad.es\/en\/inicio\/\"},{\"@type\":\"ListItem\",\"position\":2,\"name\":\"MITECO\",\"item\":\"https:\/\/fundacion-biodiversidad.es\/en\/proyectos_ficha\/\"},{\"@type\":\"ListItem\",\"position\":3,\"name\":\"Compatibility of new and traditional uses with the conservation of the Cantabrian capercaillie and the brown bear in undivided forests in the Natura 2000 Network\"}]},{\"@type\":\"WebSite\",\"@id\":\"https:\/\/fundacion-biodiversidad.es\/en\/#website\",\"url\":\"https:\/\/fundacion-biodiversidad.es\/en\/\",\"name\":\"Fundaci\u00f3n Biodiversidad\",\"description\":\"Fundaci\u00f3n p\u00fablica adscrita al Ministerio para la Transici\u00f3n Ecol\u00f3gica\",\"potentialAction\":[{\"@type\":\"SearchAction\",\"target\":{\"@type\":\"EntryPoint\",\"urlTemplate\":\"https:\/\/fundacion-biodiversidad.es\/en\/?s={search_term_string}\"},\"query-input\":{\"@type\":\"PropertyValueSpecification\",\"valueRequired\":true,\"valueName\":\"search_term_string\"}}],\"inLanguage\":\"en-US\"}]}<\/script>\n<!-- \/ Yoast SEO plugin. -->","yoast_head_json":{"title":"Compatibility of new and traditional uses with the conservation of the Cantabrian capercaillie and the brown bear in undivided forests in the Natura 2000 Network - Fundaci\u00f3n Biodiversidad","robots":{"index":"index","follow":"follow","max-snippet":"max-snippet:-1","max-image-preview":"max-image-preview:large","max-video-preview":"max-video-preview:-1"},"canonical":"https:\/\/fundacion-biodiversidad.es\/en\/proyectos_ficha\/compatibility-of-new-and-traditional-uses-with-the-conservation-of-the-cantabrian-capercaillie-and-the-brown-bear-in-undivided-forests-in-the-natura-2000-network\/","og_locale":"en_US","og_type":"article","og_title":"Compatibility of new and traditional uses with the conservation of the Cantabrian capercaillie and the brown bear in undivided forests in the Natura 2000 Network - Fundaci\u00f3n Biodiversidad","og_description":"Three pilot forests in southwestern Asturias have been studied through analysis and mapping of the relevant habitats of the species under study and a proposal [&hellip;]","og_url":"https:\/\/fundacion-biodiversidad.es\/en\/proyectos_ficha\/compatibility-of-new-and-traditional-uses-with-the-conservation-of-the-cantabrian-capercaillie-and-the-brown-bear-in-undivided-forests-in-the-natura-2000-network\/","og_site_name":"Fundaci\u00f3n Biodiversidad","og_image":[{"url":"https:\/\/fundacion-biodiversidad.es\/wp-content\/uploads\/2024\/12\/Foto-3.-Monte-de-Fuentes-de-Corbero-scaled-e1733312385747-1024x536.jpg","type":"","width":"","height":""}],"twitter_card":"summary_large_image","schema":{"@context":"https:\/\/schema.org","@graph":[{"@type":"WebPage","@id":"https:\/\/fundacion-biodiversidad.es\/en\/proyectos_ficha\/compatibility-of-new-and-traditional-uses-with-the-conservation-of-the-cantabrian-capercaillie-and-the-brown-bear-in-undivided-forests-in-the-natura-2000-network\/","url":"https:\/\/fundacion-biodiversidad.es\/en\/proyectos_ficha\/compatibility-of-new-and-traditional-uses-with-the-conservation-of-the-cantabrian-capercaillie-and-the-brown-bear-in-undivided-forests-in-the-natura-2000-network\/","name":"Compatibility of new and traditional uses with the conservation of the Cantabrian capercaillie and the brown bear in undivided forests in the Natura 2000 Network - Fundaci\u00f3n Biodiversidad","isPartOf":{"@id":"https:\/\/fundacion-biodiversidad.es\/en\/#website"},"primaryImageOfPage":{"@id":"https:\/\/fundacion-biodiversidad.es\/en\/proyectos_ficha\/compatibility-of-new-and-traditional-uses-with-the-conservation-of-the-cantabrian-capercaillie-and-the-brown-bear-in-undivided-forests-in-the-natura-2000-network\/#primaryimage"},"image":{"@id":"https:\/\/fundacion-biodiversidad.es\/en\/proyectos_ficha\/compatibility-of-new-and-traditional-uses-with-the-conservation-of-the-cantabrian-capercaillie-and-the-brown-bear-in-undivided-forests-in-the-natura-2000-network\/#primaryimage"},"thumbnailUrl":"https:\/\/fundacion-biodiversidad.es\/wp-content\/uploads\/2022\/11\/no-imagen.jpg","datePublished":"2024-12-04T11:40:47+00:00","breadcrumb":{"@id":"https:\/\/fundacion-biodiversidad.es\/en\/proyectos_ficha\/compatibility-of-new-and-traditional-uses-with-the-conservation-of-the-cantabrian-capercaillie-and-the-brown-bear-in-undivided-forests-in-the-natura-2000-network\/#breadcrumb"},"inLanguage":"en-US","potentialAction":[{"@type":"ReadAction","target":["https:\/\/fundacion-biodiversidad.es\/en\/proyectos_ficha\/compatibility-of-new-and-traditional-uses-with-the-conservation-of-the-cantabrian-capercaillie-and-the-brown-bear-in-undivided-forests-in-the-natura-2000-network\/"]}]},{"@type":"ImageObject","inLanguage":"en-US","@id":"https:\/\/fundacion-biodiversidad.es\/en\/proyectos_ficha\/compatibility-of-new-and-traditional-uses-with-the-conservation-of-the-cantabrian-capercaillie-and-the-brown-bear-in-undivided-forests-in-the-natura-2000-network\/#primaryimage","url":"https:\/\/fundacion-biodiversidad.es\/wp-content\/uploads\/2022\/11\/no-imagen.jpg","contentUrl":"https:\/\/fundacion-biodiversidad.es\/wp-content\/uploads\/2022\/11\/no-imagen.jpg","width":2048,"height":2048,"caption":"Formaci\u00f3n en medio ambiente natural"},{"@type":"BreadcrumbList","@id":"https:\/\/fundacion-biodiversidad.es\/en\/proyectos_ficha\/compatibility-of-new-and-traditional-uses-with-the-conservation-of-the-cantabrian-capercaillie-and-the-brown-bear-in-undivided-forests-in-the-natura-2000-network\/#breadcrumb","itemListElement":[{"@type":"ListItem","position":1,"name":"Portada","item":"https:\/\/fundacion-biodiversidad.es\/en\/inicio\/"},{"@type":"ListItem","position":2,"name":"MITECO","item":"https:\/\/fundacion-biodiversidad.es\/en\/proyectos_ficha\/"},{"@type":"ListItem","position":3,"name":"Compatibility of new and traditional uses with the conservation of the Cantabrian capercaillie and the brown bear in undivided forests in the Natura 2000 Network"}]},{"@type":"WebSite","@id":"https:\/\/fundacion-biodiversidad.es\/en\/#website","url":"https:\/\/fundacion-biodiversidad.es\/en\/","name":"Fundaci\u00f3n Biodiversidad","description":"Fundaci\u00f3n p\u00fablica adscrita al Ministerio para la Transici\u00f3n Ecol\u00f3gica","potentialAction":[{"@type":"SearchAction","target":{"@type":"EntryPoint","urlTemplate":"https:\/\/fundacion-biodiversidad.es\/en\/?s={search_term_string}"},"query-input":{"@type":"PropertyValueSpecification","valueRequired":true,"valueName":"search_term_string"}}],"inLanguage":"en-US"}]}},"_links":{"self":[{"href":"https:\/\/fundacion-biodiversidad.es\/en\/wp-json\/wp\/v2\/proyectos_ficha\/97855170","targetHints":{"allow":["GET"]}}],"collection":[{"href":"https:\/\/fundacion-biodiversidad.es\/en\/wp-json\/wp\/v2\/proyectos_ficha"}],"about":[{"href":"https:\/\/fundacion-biodiversidad.es\/en\/wp-json\/wp\/v2\/types\/proyectos_ficha"}],"author":[{"embeddable":true,"href":"https:\/\/fundacion-biodiversidad.es\/en\/wp-json\/wp\/v2\/users\/11"}],"wp:featuredmedia":[{"embeddable":true,"href":"https:\/\/fundacion-biodiversidad.es\/en\/wp-json\/wp\/v2\/media\/22405"}],"wp:attachment":[{"href":"https:\/\/fundacion-biodiversidad.es\/en\/wp-json\/wp\/v2\/media?parent=97855170"}],"wp:term":[{"taxonomy":"financiaci_n","embeddable":true,"href":"https:\/\/fundacion-biodiversidad.es\/en\/wp-json\/wp\/v2\/financiaci_n?post=97855170"},{"taxonomy":"lineas_actuacion_tematicas","embeddable":true,"href":"https:\/\/fundacion-biodiversidad.es\/en\/wp-json\/wp\/v2\/lineas_actuacion_tematicas?post=97855170"}],"curies":[{"name":"wp","href":"https:\/\/api.w.org\/{rel}","templated":true}]}}

<!-- This site is optimized with the Yoast SEO plugin v26.9 - https://yoast.com/product/yoast-seo-wordpress/ -->
<title>Compatibility of new and traditional uses with the conservation of the Cantabrian capercaillie and the brown bear in undivided forests in the Natura 2000 Network - Fundación Biodiversidad</title>
<meta name="robots" content="index, follow, max-snippet:-1, max-image-preview:large, max-video-preview:-1" />
<link rel="canonical" href="https://fundacion-biodiversidad.es/en/proyectos_ficha/compatibility-of-new-and-traditional-uses-with-the-conservation-of-the-cantabrian-capercaillie-and-the-brown-bear-in-undivided-forests-in-the-natura-2000-network/" />
<meta property="og:locale" content="en_US" />
<meta property="og:type" content="article" />
<meta property="og:title" content="Compatibility of new and traditional uses with the conservation of the Cantabrian capercaillie and the brown bear in undivided forests in the Natura 2000 Network - Fundación Biodiversidad" />
<meta property="og:description" content="Three pilot forests in southwestern Asturias have been studied through analysis and mapping of the relevant habitats of the species under study and a proposal [&hellip;]" />
<meta property="og:url" content="https://fundacion-biodiversidad.es/en/proyectos_ficha/compatibility-of-new-and-traditional-uses-with-the-conservation-of-the-cantabrian-capercaillie-and-the-brown-bear-in-undivided-forests-in-the-natura-2000-network/" />
<meta property="og:site_name" content="Fundación Biodiversidad" />
<meta property="og:image" content="https://fundacion-biodiversidad.es/wp-content/uploads/2024/12/Foto-3.-Monte-de-Fuentes-de-Corbero-scaled-e1733312385747-1024x536.jpg" />
<meta name="twitter:card" content="summary_large_image" />
<script type="application/ld+json" class="yoast-schema-graph">{"@context":"https://schema.org","@graph":[{"@type":"WebPage","@id":"https://fundacion-biodiversidad.es/en/proyectos_ficha/compatibility-of-new-and-traditional-uses-with-the-conservation-of-the-cantabrian-capercaillie-and-the-brown-bear-in-undivided-forests-in-the-natura-2000-network/","url":"https://fundacion-biodiversidad.es/en/proyectos_ficha/compatibility-of-new-and-traditional-uses-with-the-conservation-of-the-cantabrian-capercaillie-and-the-brown-bear-in-undivided-forests-in-the-natura-2000-network/","name":"Compatibility of new and traditional uses with the conservation of the Cantabrian capercaillie and the brown bear in undivided forests in the Natura 2000 Network - Fundación Biodiversidad","isPartOf":{"@id":"https://fundacion-biodiversidad.es/en/#website"},"primaryImageOfPage":{"@id":"https://fundacion-biodiversidad.es/en/proyectos_ficha/compatibility-of-new-and-traditional-uses-with-the-conservation-of-the-cantabrian-capercaillie-and-the-brown-bear-in-undivided-forests-in-the-natura-2000-network/#primaryimage"},"image":{"@id":"https://fundacion-biodiversidad.es/en/proyectos_ficha/compatibility-of-new-and-traditional-uses-with-the-conservation-of-the-cantabrian-capercaillie-and-the-brown-bear-in-undivided-forests-in-the-natura-2000-network/#primaryimage"},"thumbnailUrl":"https://fundacion-biodiversidad.es/wp-content/uploads/2022/11/no-imagen.jpg","datePublished":"2024-12-04T11:40:47+00:00","breadcrumb":{"@id":"https://fundacion-biodiversidad.es/en/proyectos_ficha/compatibility-of-new-and-traditional-uses-with-the-conservation-of-the-cantabrian-capercaillie-and-the-brown-bear-in-undivided-forests-in-the-natura-2000-network/#breadcrumb"},"inLanguage":"en-US","potentialAction":[{"@type":"ReadAction","target":["https://fundacion-biodiversidad.es/en/proyectos_ficha/compatibility-of-new-and-traditional-uses-with-the-conservation-of-the-cantabrian-capercaillie-and-the-brown-bear-in-undivided-forests-in-the-natura-2000-network/"]}]},{"@type":"ImageObject","inLanguage":"en-US","@id":"https://fundacion-biodiversidad.es/en/proyectos_ficha/compatibility-of-new-and-traditional-uses-with-the-conservation-of-the-cantabrian-capercaillie-and-the-brown-bear-in-undivided-forests-in-the-natura-2000-network/#primaryimage","url":"https://fundacion-biodiversidad.es/wp-content/uploads/2022/11/no-imagen.jpg","contentUrl":"https://fundacion-biodiversidad.es/wp-content/uploads/2022/11/no-imagen.jpg","width":2048,"height":2048,"caption":"Formación en medio ambiente natural"},{"@type":"BreadcrumbList","@id":"https://fundacion-biodiversidad.es/en/proyectos_ficha/compatibility-of-new-and-traditional-uses-with-the-conservation-of-the-cantabrian-capercaillie-and-the-brown-bear-in-undivided-forests-in-the-natura-2000-network/#breadcrumb","itemListElement":[{"@type":"ListItem","position":1,"name":"Portada","item":"https://fundacion-biodiversidad.es/en/inicio/"},{"@type":"ListItem","position":2,"name":"MITECO","item":"https://fundacion-biodiversidad.es/en/proyectos_ficha/"},{"@type":"ListItem","position":3,"name":"Compatibility of new and traditional uses with the conservation of the Cantabrian capercaillie and the brown bear in undivided forests in the Natura 2000 Network"}]},{"@type":"WebSite","@id":"https://fundacion-biodiversidad.es/en/#website","url":"https://fundacion-biodiversidad.es/en/","name":"Fundación Biodiversidad","description":"Fundación pública adscrita al Ministerio para la Transición Ecológica","potentialAction":[{"@type":"SearchAction","target":{"@type":"EntryPoint","urlTemplate":"https://fundacion-biodiversidad.es/en/?s={search_term_string}"},"query-input":{"@type":"PropertyValueSpecification","valueRequired":true,"valueName":"search_term_string"}}],"inLanguage":"en-US"}]}</script>
<!-- / Yoast SEO plugin. -->

Compatibility of new and traditional uses with the conservation of the Cantabrian capercaillie and the brown bear in undivided forests in the Natura 2000 Network - Fundación Biodiversidad

Fundación Biodiversidad

Formación en medio ambiente natural

Fundación pública adscrita al Ministerio para la Transición Ecológica
