{"id":97856101,"date":"2024-09-23T11:35:29","date_gmt":"2024-09-23T09:35:29","guid":{"rendered":"https:\/\/fundacion-biodiversidad.es\/proyectos_ficha\/integration-of-the-demographic-challenge-for-adaptation-to-climate-change-in-protected-areas-integradapt\/"},"modified":"2025-12-15T13:17:54","modified_gmt":"2025-12-15T12:17:54","slug":"integration-of-the-demographic-challenge-for-adaptation-to-climate-change-in-protected-areas-integradapt","status":"publish","type":"proyectos_ficha","link":"https:\/\/fundacion-biodiversidad.es\/en\/proyectos_ficha\/integration-of-the-demographic-challenge-for-adaptation-to-climate-change-in-protected-areas-integradapt\/","title":{"rendered":"Integration of the demographic challenge for adaptation to climate change in protected areas (IntegrAdapt)"},"content":{"rendered":"<p>Through this project, the <strong>Fernando Gonz\u00e1lez Bern\u00e1ldez Foundation <\/strong>has promoted the integration of the fight against depopulation and its contribution to adaptation to climate change in the management and planning of protected areas.<\/p>\n<p>&nbsp;<\/p>\n<p>&nbsp;<\/p>\n<p>&nbsp;<\/p>\n<h6><\/h6>\n<p><em>Photo: Alto Tajo Natural Park<\/em><\/p>\n","protected":false},"author":11,"featured_media":22405,"template":"","meta":{"_acf_changed":false},"financiaci_n":[650],"lineas_actuacion_tematicas":[670],"class_list":["post-97856101","proyectos_ficha","type-proyectos_ficha","status-publish","has-post-thumbnail","hentry","financiaci_n-fundacion-biodiversidad-en","lineas_actuacion_tematicas-drivers-of-biodiversity-loss"],"acf":[],"yoast_head":"<!-- This site is optimized with the Yoast SEO plugin v26.9 - https:\/\/yoast.com\/product\/yoast-seo-wordpress\/ -->\n<title>Integration of the demographic challenge for adaptation to climate change in protected areas (IntegrAdapt) - Fundaci\u00f3n Biodiversidad<\/title>\n<meta name=\"robots\" content=\"index, follow, max-snippet:-1, max-image-preview:large, max-video-preview:-1\" \/>\n<link rel=\"canonical\" href=\"https:\/\/fundacion-biodiversidad.es\/en\/proyectos_ficha\/integration-of-the-demographic-challenge-for-adaptation-to-climate-change-in-protected-areas-integradapt\/\" \/>\n<meta property=\"og:locale\" content=\"en_US\" \/>\n<meta property=\"og:type\" content=\"article\" \/>\n<meta property=\"og:title\" content=\"Integration of the demographic challenge for adaptation to climate change in protected areas (IntegrAdapt) - Fundaci\u00f3n Biodiversidad\" \/>\n<meta property=\"og:description\" content=\"Through this project, the Fernando Gonz\u00e1lez Bern\u00e1ldez Foundation has promoted the integration of the fight against depopulation and its contribution to adaptation to climate change [&hellip;]\" \/>\n<meta property=\"og:url\" content=\"https:\/\/fundacion-biodiversidad.es\/en\/proyectos_ficha\/integration-of-the-demographic-challenge-for-adaptation-to-climate-change-in-protected-areas-integradapt\/\" \/>\n<meta property=\"og:site_name\" content=\"Fundaci\u00f3n Biodiversidad\" \/>\n<meta property=\"article:modified_time\" content=\"2025-12-15T12:17:54+00:00\" \/>\n<meta property=\"og:image\" content=\"https:\/\/fundacion-biodiversidad.es\/wp-content\/uploads\/2024\/09\/23.09.24.-chozon_AltoTajo-1024x472.jpg\" \/>\n<meta name=\"twitter:card\" content=\"summary_large_image\" \/>\n<script type=\"application\/ld+json\" class=\"yoast-schema-graph\">{\"@context\":\"https:\/\/schema.org\",\"@graph\":[{\"@type\":\"WebPage\",\"@id\":\"https:\/\/fundacion-biodiversidad.es\/en\/proyectos_ficha\/integration-of-the-demographic-challenge-for-adaptation-to-climate-change-in-protected-areas-integradapt\/\",\"url\":\"https:\/\/fundacion-biodiversidad.es\/en\/proyectos_ficha\/integration-of-the-demographic-challenge-for-adaptation-to-climate-change-in-protected-areas-integradapt\/\",\"name\":\"Integration of the demographic challenge for adaptation to climate change in protected areas (IntegrAdapt) - Fundaci\u00f3n Biodiversidad\",\"isPartOf\":{\"@id\":\"https:\/\/fundacion-biodiversidad.es\/en\/#website\"},\"primaryImageOfPage\":{\"@id\":\"https:\/\/fundacion-biodiversidad.es\/en\/proyectos_ficha\/integration-of-the-demographic-challenge-for-adaptation-to-climate-change-in-protected-areas-integradapt\/#primaryimage\"},\"image\":{\"@id\":\"https:\/\/fundacion-biodiversidad.es\/en\/proyectos_ficha\/integration-of-the-demographic-challenge-for-adaptation-to-climate-change-in-protected-areas-integradapt\/#primaryimage\"},\"thumbnailUrl\":\"https:\/\/fundacion-biodiversidad.es\/wp-content\/uploads\/2022\/11\/no-imagen.jpg\",\"datePublished\":\"2024-09-23T09:35:29+00:00\",\"dateModified\":\"2025-12-15T12:17:54+00:00\",\"breadcrumb\":{\"@id\":\"https:\/\/fundacion-biodiversidad.es\/en\/proyectos_ficha\/integration-of-the-demographic-challenge-for-adaptation-to-climate-change-in-protected-areas-integradapt\/#breadcrumb\"},\"inLanguage\":\"en-US\",\"potentialAction\":[{\"@type\":\"ReadAction\",\"target\":[\"https:\/\/fundacion-biodiversidad.es\/en\/proyectos_ficha\/integration-of-the-demographic-challenge-for-adaptation-to-climate-change-in-protected-areas-integradapt\/\"]}]},{\"@type\":\"ImageObject\",\"inLanguage\":\"en-US\",\"@id\":\"https:\/\/fundacion-biodiversidad.es\/en\/proyectos_ficha\/integration-of-the-demographic-challenge-for-adaptation-to-climate-change-in-protected-areas-integradapt\/#primaryimage\",\"url\":\"https:\/\/fundacion-biodiversidad.es\/wp-content\/uploads\/2022\/11\/no-imagen.jpg\",\"contentUrl\":\"https:\/\/fundacion-biodiversidad.es\/wp-content\/uploads\/2022\/11\/no-imagen.jpg\",\"width\":2048,\"height\":2048,\"caption\":\"Formaci\u00f3n en medio ambiente natural\"},{\"@type\":\"BreadcrumbList\",\"@id\":\"https:\/\/fundacion-biodiversidad.es\/en\/proyectos_ficha\/integration-of-the-demographic-challenge-for-adaptation-to-climate-change-in-protected-areas-integradapt\/#breadcrumb\",\"itemListElement\":[{\"@type\":\"ListItem\",\"position\":1,\"name\":\"Portada\",\"item\":\"https:\/\/fundacion-biodiversidad.es\/en\/inicio\/\"},{\"@type\":\"ListItem\",\"position\":2,\"name\":\"MITECO\",\"item\":\"https:\/\/fundacion-biodiversidad.es\/en\/proyectos_ficha\/\"},{\"@type\":\"ListItem\",\"position\":3,\"name\":\"Integration of the demographic challenge for adaptation to climate change in protected areas (IntegrAdapt)\"}]},{\"@type\":\"WebSite\",\"@id\":\"https:\/\/fundacion-biodiversidad.es\/en\/#website\",\"url\":\"https:\/\/fundacion-biodiversidad.es\/en\/\",\"name\":\"Fundaci\u00f3n Biodiversidad\",\"description\":\"Fundaci\u00f3n p\u00fablica adscrita al Ministerio para la Transici\u00f3n Ecol\u00f3gica\",\"potentialAction\":[{\"@type\":\"SearchAction\",\"target\":{\"@type\":\"EntryPoint\",\"urlTemplate\":\"https:\/\/fundacion-biodiversidad.es\/en\/?s={search_term_string}\"},\"query-input\":{\"@type\":\"PropertyValueSpecification\",\"valueRequired\":true,\"valueName\":\"search_term_string\"}}],\"inLanguage\":\"en-US\"}]}<\/script>\n<!-- \/ Yoast SEO plugin. -->","yoast_head_json":{"title":"Integration of the demographic challenge for adaptation to climate change in protected areas (IntegrAdapt) - Fundaci\u00f3n Biodiversidad","robots":{"index":"index","follow":"follow","max-snippet":"max-snippet:-1","max-image-preview":"max-image-preview:large","max-video-preview":"max-video-preview:-1"},"canonical":"https:\/\/fundacion-biodiversidad.es\/en\/proyectos_ficha\/integration-of-the-demographic-challenge-for-adaptation-to-climate-change-in-protected-areas-integradapt\/","og_locale":"en_US","og_type":"article","og_title":"Integration of the demographic challenge for adaptation to climate change in protected areas (IntegrAdapt) - Fundaci\u00f3n Biodiversidad","og_description":"Through this project, the Fernando Gonz\u00e1lez Bern\u00e1ldez Foundation has promoted the integration of the fight against depopulation and its contribution to adaptation to climate change [&hellip;]","og_url":"https:\/\/fundacion-biodiversidad.es\/en\/proyectos_ficha\/integration-of-the-demographic-challenge-for-adaptation-to-climate-change-in-protected-areas-integradapt\/","og_site_name":"Fundaci\u00f3n Biodiversidad","article_modified_time":"2025-12-15T12:17:54+00:00","og_image":[{"url":"https:\/\/fundacion-biodiversidad.es\/wp-content\/uploads\/2024\/09\/23.09.24.-chozon_AltoTajo-1024x472.jpg","type":"","width":"","height":""}],"twitter_card":"summary_large_image","schema":{"@context":"https:\/\/schema.org","@graph":[{"@type":"WebPage","@id":"https:\/\/fundacion-biodiversidad.es\/en\/proyectos_ficha\/integration-of-the-demographic-challenge-for-adaptation-to-climate-change-in-protected-areas-integradapt\/","url":"https:\/\/fundacion-biodiversidad.es\/en\/proyectos_ficha\/integration-of-the-demographic-challenge-for-adaptation-to-climate-change-in-protected-areas-integradapt\/","name":"Integration of the demographic challenge for adaptation to climate change in protected areas (IntegrAdapt) - Fundaci\u00f3n Biodiversidad","isPartOf":{"@id":"https:\/\/fundacion-biodiversidad.es\/en\/#website"},"primaryImageOfPage":{"@id":"https:\/\/fundacion-biodiversidad.es\/en\/proyectos_ficha\/integration-of-the-demographic-challenge-for-adaptation-to-climate-change-in-protected-areas-integradapt\/#primaryimage"},"image":{"@id":"https:\/\/fundacion-biodiversidad.es\/en\/proyectos_ficha\/integration-of-the-demographic-challenge-for-adaptation-to-climate-change-in-protected-areas-integradapt\/#primaryimage"},"thumbnailUrl":"https:\/\/fundacion-biodiversidad.es\/wp-content\/uploads\/2022\/11\/no-imagen.jpg","datePublished":"2024-09-23T09:35:29+00:00","dateModified":"2025-12-15T12:17:54+00:00","breadcrumb":{"@id":"https:\/\/fundacion-biodiversidad.es\/en\/proyectos_ficha\/integration-of-the-demographic-challenge-for-adaptation-to-climate-change-in-protected-areas-integradapt\/#breadcrumb"},"inLanguage":"en-US","potentialAction":[{"@type":"ReadAction","target":["https:\/\/fundacion-biodiversidad.es\/en\/proyectos_ficha\/integration-of-the-demographic-challenge-for-adaptation-to-climate-change-in-protected-areas-integradapt\/"]}]},{"@type":"ImageObject","inLanguage":"en-US","@id":"https:\/\/fundacion-biodiversidad.es\/en\/proyectos_ficha\/integration-of-the-demographic-challenge-for-adaptation-to-climate-change-in-protected-areas-integradapt\/#primaryimage","url":"https:\/\/fundacion-biodiversidad.es\/wp-content\/uploads\/2022\/11\/no-imagen.jpg","contentUrl":"https:\/\/fundacion-biodiversidad.es\/wp-content\/uploads\/2022\/11\/no-imagen.jpg","width":2048,"height":2048,"caption":"Formaci\u00f3n en medio ambiente natural"},{"@type":"BreadcrumbList","@id":"https:\/\/fundacion-biodiversidad.es\/en\/proyectos_ficha\/integration-of-the-demographic-challenge-for-adaptation-to-climate-change-in-protected-areas-integradapt\/#breadcrumb","itemListElement":[{"@type":"ListItem","position":1,"name":"Portada","item":"https:\/\/fundacion-biodiversidad.es\/en\/inicio\/"},{"@type":"ListItem","position":2,"name":"MITECO","item":"https:\/\/fundacion-biodiversidad.es\/en\/proyectos_ficha\/"},{"@type":"ListItem","position":3,"name":"Integration of the demographic challenge for adaptation to climate change in protected areas (IntegrAdapt)"}]},{"@type":"WebSite","@id":"https:\/\/fundacion-biodiversidad.es\/en\/#website","url":"https:\/\/fundacion-biodiversidad.es\/en\/","name":"Fundaci\u00f3n Biodiversidad","description":"Fundaci\u00f3n p\u00fablica adscrita al Ministerio para la Transici\u00f3n Ecol\u00f3gica","potentialAction":[{"@type":"SearchAction","target":{"@type":"EntryPoint","urlTemplate":"https:\/\/fundacion-biodiversidad.es\/en\/?s={search_term_string}"},"query-input":{"@type":"PropertyValueSpecification","valueRequired":true,"valueName":"search_term_string"}}],"inLanguage":"en-US"}]}},"_links":{"self":[{"href":"https:\/\/fundacion-biodiversidad.es\/en\/wp-json\/wp\/v2\/proyectos_ficha\/97856101","targetHints":{"allow":["GET"]}}],"collection":[{"href":"https:\/\/fundacion-biodiversidad.es\/en\/wp-json\/wp\/v2\/proyectos_ficha"}],"about":[{"href":"https:\/\/fundacion-biodiversidad.es\/en\/wp-json\/wp\/v2\/types\/proyectos_ficha"}],"author":[{"embeddable":true,"href":"https:\/\/fundacion-biodiversidad.es\/en\/wp-json\/wp\/v2\/users\/11"}],"wp:featuredmedia":[{"embeddable":true,"href":"https:\/\/fundacion-biodiversidad.es\/en\/wp-json\/wp\/v2\/media\/22405"}],"wp:attachment":[{"href":"https:\/\/fundacion-biodiversidad.es\/en\/wp-json\/wp\/v2\/media?parent=97856101"}],"wp:term":[{"taxonomy":"financiaci_n","embeddable":true,"href":"https:\/\/fundacion-biodiversidad.es\/en\/wp-json\/wp\/v2\/financiaci_n?post=97856101"},{"taxonomy":"lineas_actuacion_tematicas","embeddable":true,"href":"https:\/\/fundacion-biodiversidad.es\/en\/wp-json\/wp\/v2\/lineas_actuacion_tematicas?post=97856101"}],"curies":[{"name":"wp","href":"https:\/\/api.w.org\/{rel}","templated":true}]}}

<p>Through this project, the <strong>Fernando González Bernáldez Foundation </strong>has promoted the integration of the fight against depopulation and its contribution to adaptation to climate change in the management and planning of protected areas.</p>
<p>&nbsp;</p>
<p>&nbsp;</p>
<p>&nbsp;</p>
<h6></h6>
<p><em>Photo: Alto Tajo Natural Park</em></p>

<!-- This site is optimized with the Yoast SEO plugin v26.9 - https://yoast.com/product/yoast-seo-wordpress/ -->
<title>Integration of the demographic challenge for adaptation to climate change in protected areas (IntegrAdapt) - Fundación Biodiversidad</title>
<meta name="robots" content="index, follow, max-snippet:-1, max-image-preview:large, max-video-preview:-1" />
<link rel="canonical" href="https://fundacion-biodiversidad.es/en/proyectos_ficha/integration-of-the-demographic-challenge-for-adaptation-to-climate-change-in-protected-areas-integradapt/" />
<meta property="og:locale" content="en_US" />
<meta property="og:type" content="article" />
<meta property="og:title" content="Integration of the demographic challenge for adaptation to climate change in protected areas (IntegrAdapt) - Fundación Biodiversidad" />
<meta property="og:description" content="Through this project, the Fernando González Bernáldez Foundation has promoted the integration of the fight against depopulation and its contribution to adaptation to climate change [&hellip;]" />
<meta property="og:url" content="https://fundacion-biodiversidad.es/en/proyectos_ficha/integration-of-the-demographic-challenge-for-adaptation-to-climate-change-in-protected-areas-integradapt/" />
<meta property="og:site_name" content="Fundación Biodiversidad" />
<meta property="article:modified_time" content="2025-12-15T12:17:54+00:00" />
<meta property="og:image" content="https://fundacion-biodiversidad.es/wp-content/uploads/2024/09/23.09.24.-chozon_AltoTajo-1024x472.jpg" />
<meta name="twitter:card" content="summary_large_image" />
<script type="application/ld+json" class="yoast-schema-graph">{"@context":"https://schema.org","@graph":[{"@type":"WebPage","@id":"https://fundacion-biodiversidad.es/en/proyectos_ficha/integration-of-the-demographic-challenge-for-adaptation-to-climate-change-in-protected-areas-integradapt/","url":"https://fundacion-biodiversidad.es/en/proyectos_ficha/integration-of-the-demographic-challenge-for-adaptation-to-climate-change-in-protected-areas-integradapt/","name":"Integration of the demographic challenge for adaptation to climate change in protected areas (IntegrAdapt) - Fundación Biodiversidad","isPartOf":{"@id":"https://fundacion-biodiversidad.es/en/#website"},"primaryImageOfPage":{"@id":"https://fundacion-biodiversidad.es/en/proyectos_ficha/integration-of-the-demographic-challenge-for-adaptation-to-climate-change-in-protected-areas-integradapt/#primaryimage"},"image":{"@id":"https://fundacion-biodiversidad.es/en/proyectos_ficha/integration-of-the-demographic-challenge-for-adaptation-to-climate-change-in-protected-areas-integradapt/#primaryimage"},"thumbnailUrl":"https://fundacion-biodiversidad.es/wp-content/uploads/2022/11/no-imagen.jpg","datePublished":"2024-09-23T09:35:29+00:00","dateModified":"2025-12-15T12:17:54+00:00","breadcrumb":{"@id":"https://fundacion-biodiversidad.es/en/proyectos_ficha/integration-of-the-demographic-challenge-for-adaptation-to-climate-change-in-protected-areas-integradapt/#breadcrumb"},"inLanguage":"en-US","potentialAction":[{"@type":"ReadAction","target":["https://fundacion-biodiversidad.es/en/proyectos_ficha/integration-of-the-demographic-challenge-for-adaptation-to-climate-change-in-protected-areas-integradapt/"]}]},{"@type":"ImageObject","inLanguage":"en-US","@id":"https://fundacion-biodiversidad.es/en/proyectos_ficha/integration-of-the-demographic-challenge-for-adaptation-to-climate-change-in-protected-areas-integradapt/#primaryimage","url":"https://fundacion-biodiversidad.es/wp-content/uploads/2022/11/no-imagen.jpg","contentUrl":"https://fundacion-biodiversidad.es/wp-content/uploads/2022/11/no-imagen.jpg","width":2048,"height":2048,"caption":"Formación en medio ambiente natural"},{"@type":"BreadcrumbList","@id":"https://fundacion-biodiversidad.es/en/proyectos_ficha/integration-of-the-demographic-challenge-for-adaptation-to-climate-change-in-protected-areas-integradapt/#breadcrumb","itemListElement":[{"@type":"ListItem","position":1,"name":"Portada","item":"https://fundacion-biodiversidad.es/en/inicio/"},{"@type":"ListItem","position":2,"name":"MITECO","item":"https://fundacion-biodiversidad.es/en/proyectos_ficha/"},{"@type":"ListItem","position":3,"name":"Integration of the demographic challenge for adaptation to climate change in protected areas (IntegrAdapt)"}]},{"@type":"WebSite","@id":"https://fundacion-biodiversidad.es/en/#website","url":"https://fundacion-biodiversidad.es/en/","name":"Fundación Biodiversidad","description":"Fundación pública adscrita al Ministerio para la Transición Ecológica","potentialAction":[{"@type":"SearchAction","target":{"@type":"EntryPoint","urlTemplate":"https://fundacion-biodiversidad.es/en/?s={search_term_string}"},"query-input":{"@type":"PropertyValueSpecification","valueRequired":true,"valueName":"search_term_string"}}],"inLanguage":"en-US"}]}</script>
<!-- / Yoast SEO plugin. -->

Integration of the demographic challenge for adaptation to climate change in protected areas (IntegrAdapt) - Fundación Biodiversidad

Through this project, the Fernando González Bernáldez Foundation has promoted the integration of the fight against depopulation and its contribution to adaptation to climate change [&hellip;]

Fundación Biodiversidad

Formación en medio ambiente natural

Fundación pública adscrita al Ministerio para la Transición Ecológica
