{"id":97857000,"date":"2024-08-29T15:41:55","date_gmt":"2024-08-29T13:41:55","guid":{"rendered":"https:\/\/fundacion-biodiversidad.es\/proyectos_ficha\/multimethodological-approach-for-the-conservation-of-euphorbia-fontquerinana-an-endemism-of-the-island-of-mallorca-in-critical-danger-of-extinction\/"},"modified":"2024-08-29T15:41:55","modified_gmt":"2024-08-29T13:41:55","slug":"multimethodological-approach-for-the-conservation-of-euphorbia-fontquerinana-an-endemism-of-the-island-of-mallorca-in-critical-danger-of-extinction","status":"publish","type":"proyectos_ficha","link":"https:\/\/fundacion-biodiversidad.es\/en\/proyectos_ficha\/multimethodological-approach-for-the-conservation-of-euphorbia-fontquerinana-an-endemism-of-the-island-of-mallorca-in-critical-danger-of-extinction\/","title":{"rendered":"Multimethodological approach for the conservation of &#8216;Euphorbia fontquerinana&#8217;, an endemism of the island of Mallorca in Critical Danger of Extinction"},"content":{"rendered":"<ul>\n<li><strong>Information on the demographic status of the population of <em>Euphorbia fontqueriana<\/em> Greuter has been collected and georeferenced to obtain a highly accurate distribution map.<\/strong><\/li>\n<li><strong>Reproductive biology studies have been carried out, the characterization of their habitat has been deepened to generate potential distribution maps for future population translocations and chemical defenses against herbivory have been analyzed.<\/strong><\/li>\n<li><strong>A report has been generated with the main results to guide the management strategies of this threatened species.<\/strong><\/li>\n<\/ul>\n","protected":false},"author":11,"featured_media":22405,"template":"","meta":{"_acf_changed":false},"financiaci_n":[650],"lineas_actuacion_tematicas":[654],"class_list":["post-97857000","proyectos_ficha","type-proyectos_ficha","status-publish","has-post-thumbnail","hentry","financiaci_n-fundacion-biodiversidad-en","lineas_actuacion_tematicas-terrestrial-ecosystems"],"acf":[],"yoast_head":"<!-- This site is optimized with the Yoast SEO plugin v26.9 - https:\/\/yoast.com\/product\/yoast-seo-wordpress\/ -->\n<title>Multimethodological approach for the conservation of &#039;Euphorbia fontquerinana&#039;, an endemism of the island of Mallorca in Critical Danger of Extinction - Fundaci\u00f3n Biodiversidad<\/title>\n<meta name=\"robots\" content=\"index, follow, max-snippet:-1, max-image-preview:large, max-video-preview:-1\" \/>\n<link rel=\"canonical\" href=\"https:\/\/fundacion-biodiversidad.es\/en\/proyectos_ficha\/multimethodological-approach-for-the-conservation-of-euphorbia-fontquerinana-an-endemism-of-the-island-of-mallorca-in-critical-danger-of-extinction\/\" \/>\n<meta property=\"og:locale\" content=\"en_US\" \/>\n<meta property=\"og:type\" content=\"article\" \/>\n<meta property=\"og:title\" content=\"Multimethodological approach for the conservation of &#039;Euphorbia fontquerinana&#039;, an endemism of the island of Mallorca in Critical Danger of Extinction - Fundaci\u00f3n Biodiversidad\" \/>\n<meta property=\"og:description\" content=\"Information on the demographic status of the population of Euphorbia fontqueriana Greuter has been collected and georeferenced to obtain a highly accurate distribution map. Reproductive [&hellip;]\" \/>\n<meta property=\"og:url\" content=\"https:\/\/fundacion-biodiversidad.es\/en\/proyectos_ficha\/multimethodological-approach-for-the-conservation-of-euphorbia-fontquerinana-an-endemism-of-the-island-of-mallorca-in-critical-danger-of-extinction\/\" \/>\n<meta property=\"og:site_name\" content=\"Fundaci\u00f3n Biodiversidad\" \/>\n<meta property=\"og:image\" content=\"https:\/\/fundacion-biodiversidad.es\/wp-content\/uploads\/2024\/08\/Foto-representativa-1-e1724938848930-1024x536.jpg\" \/>\n<meta name=\"twitter:card\" content=\"summary_large_image\" \/>\n<script type=\"application\/ld+json\" class=\"yoast-schema-graph\">{\"@context\":\"https:\/\/schema.org\",\"@graph\":[{\"@type\":\"WebPage\",\"@id\":\"https:\/\/fundacion-biodiversidad.es\/en\/proyectos_ficha\/multimethodological-approach-for-the-conservation-of-euphorbia-fontquerinana-an-endemism-of-the-island-of-mallorca-in-critical-danger-of-extinction\/\",\"url\":\"https:\/\/fundacion-biodiversidad.es\/en\/proyectos_ficha\/multimethodological-approach-for-the-conservation-of-euphorbia-fontquerinana-an-endemism-of-the-island-of-mallorca-in-critical-danger-of-extinction\/\",\"name\":\"Multimethodological approach for the conservation of 'Euphorbia fontquerinana', an endemism of the island of Mallorca in Critical Danger of Extinction - Fundaci\u00f3n Biodiversidad\",\"isPartOf\":{\"@id\":\"https:\/\/fundacion-biodiversidad.es\/en\/#website\"},\"primaryImageOfPage\":{\"@id\":\"https:\/\/fundacion-biodiversidad.es\/en\/proyectos_ficha\/multimethodological-approach-for-the-conservation-of-euphorbia-fontquerinana-an-endemism-of-the-island-of-mallorca-in-critical-danger-of-extinction\/#primaryimage\"},\"image\":{\"@id\":\"https:\/\/fundacion-biodiversidad.es\/en\/proyectos_ficha\/multimethodological-approach-for-the-conservation-of-euphorbia-fontquerinana-an-endemism-of-the-island-of-mallorca-in-critical-danger-of-extinction\/#primaryimage\"},\"thumbnailUrl\":\"https:\/\/fundacion-biodiversidad.es\/wp-content\/uploads\/2022\/11\/no-imagen.jpg\",\"datePublished\":\"2024-08-29T13:41:55+00:00\",\"breadcrumb\":{\"@id\":\"https:\/\/fundacion-biodiversidad.es\/en\/proyectos_ficha\/multimethodological-approach-for-the-conservation-of-euphorbia-fontquerinana-an-endemism-of-the-island-of-mallorca-in-critical-danger-of-extinction\/#breadcrumb\"},\"inLanguage\":\"en-US\",\"potentialAction\":[{\"@type\":\"ReadAction\",\"target\":[\"https:\/\/fundacion-biodiversidad.es\/en\/proyectos_ficha\/multimethodological-approach-for-the-conservation-of-euphorbia-fontquerinana-an-endemism-of-the-island-of-mallorca-in-critical-danger-of-extinction\/\"]}]},{\"@type\":\"ImageObject\",\"inLanguage\":\"en-US\",\"@id\":\"https:\/\/fundacion-biodiversidad.es\/en\/proyectos_ficha\/multimethodological-approach-for-the-conservation-of-euphorbia-fontquerinana-an-endemism-of-the-island-of-mallorca-in-critical-danger-of-extinction\/#primaryimage\",\"url\":\"https:\/\/fundacion-biodiversidad.es\/wp-content\/uploads\/2022\/11\/no-imagen.jpg\",\"contentUrl\":\"https:\/\/fundacion-biodiversidad.es\/wp-content\/uploads\/2022\/11\/no-imagen.jpg\",\"width\":2048,\"height\":2048,\"caption\":\"Formaci\u00f3n en medio ambiente natural\"},{\"@type\":\"BreadcrumbList\",\"@id\":\"https:\/\/fundacion-biodiversidad.es\/en\/proyectos_ficha\/multimethodological-approach-for-the-conservation-of-euphorbia-fontquerinana-an-endemism-of-the-island-of-mallorca-in-critical-danger-of-extinction\/#breadcrumb\",\"itemListElement\":[{\"@type\":\"ListItem\",\"position\":1,\"name\":\"Portada\",\"item\":\"https:\/\/fundacion-biodiversidad.es\/en\/inicio\/\"},{\"@type\":\"ListItem\",\"position\":2,\"name\":\"MITECO\",\"item\":\"https:\/\/fundacion-biodiversidad.es\/en\/proyectos_ficha\/\"},{\"@type\":\"ListItem\",\"position\":3,\"name\":\"Multimethodological approach for the conservation of &#8216;Euphorbia fontquerinana&#8217;, an endemism of the island of Mallorca in Critical Danger of Extinction\"}]},{\"@type\":\"WebSite\",\"@id\":\"https:\/\/fundacion-biodiversidad.es\/en\/#website\",\"url\":\"https:\/\/fundacion-biodiversidad.es\/en\/\",\"name\":\"Fundaci\u00f3n Biodiversidad\",\"description\":\"Fundaci\u00f3n p\u00fablica adscrita al Ministerio para la Transici\u00f3n Ecol\u00f3gica\",\"potentialAction\":[{\"@type\":\"SearchAction\",\"target\":{\"@type\":\"EntryPoint\",\"urlTemplate\":\"https:\/\/fundacion-biodiversidad.es\/en\/?s={search_term_string}\"},\"query-input\":{\"@type\":\"PropertyValueSpecification\",\"valueRequired\":true,\"valueName\":\"search_term_string\"}}],\"inLanguage\":\"en-US\"}]}<\/script>\n<!-- \/ Yoast SEO plugin. -->","yoast_head_json":{"title":"Multimethodological approach for the conservation of 'Euphorbia fontquerinana', an endemism of the island of Mallorca in Critical Danger of Extinction - Fundaci\u00f3n Biodiversidad","robots":{"index":"index","follow":"follow","max-snippet":"max-snippet:-1","max-image-preview":"max-image-preview:large","max-video-preview":"max-video-preview:-1"},"canonical":"https:\/\/fundacion-biodiversidad.es\/en\/proyectos_ficha\/multimethodological-approach-for-the-conservation-of-euphorbia-fontquerinana-an-endemism-of-the-island-of-mallorca-in-critical-danger-of-extinction\/","og_locale":"en_US","og_type":"article","og_title":"Multimethodological approach for the conservation of 'Euphorbia fontquerinana', an endemism of the island of Mallorca in Critical Danger of Extinction - Fundaci\u00f3n Biodiversidad","og_description":"Information on the demographic status of the population of Euphorbia fontqueriana Greuter has been collected and georeferenced to obtain a highly accurate distribution map. Reproductive [&hellip;]","og_url":"https:\/\/fundacion-biodiversidad.es\/en\/proyectos_ficha\/multimethodological-approach-for-the-conservation-of-euphorbia-fontquerinana-an-endemism-of-the-island-of-mallorca-in-critical-danger-of-extinction\/","og_site_name":"Fundaci\u00f3n Biodiversidad","og_image":[{"url":"https:\/\/fundacion-biodiversidad.es\/wp-content\/uploads\/2024\/08\/Foto-representativa-1-e1724938848930-1024x536.jpg","type":"","width":"","height":""}],"twitter_card":"summary_large_image","schema":{"@context":"https:\/\/schema.org","@graph":[{"@type":"WebPage","@id":"https:\/\/fundacion-biodiversidad.es\/en\/proyectos_ficha\/multimethodological-approach-for-the-conservation-of-euphorbia-fontquerinana-an-endemism-of-the-island-of-mallorca-in-critical-danger-of-extinction\/","url":"https:\/\/fundacion-biodiversidad.es\/en\/proyectos_ficha\/multimethodological-approach-for-the-conservation-of-euphorbia-fontquerinana-an-endemism-of-the-island-of-mallorca-in-critical-danger-of-extinction\/","name":"Multimethodological approach for the conservation of 'Euphorbia fontquerinana', an endemism of the island of Mallorca in Critical Danger of Extinction - Fundaci\u00f3n Biodiversidad","isPartOf":{"@id":"https:\/\/fundacion-biodiversidad.es\/en\/#website"},"primaryImageOfPage":{"@id":"https:\/\/fundacion-biodiversidad.es\/en\/proyectos_ficha\/multimethodological-approach-for-the-conservation-of-euphorbia-fontquerinana-an-endemism-of-the-island-of-mallorca-in-critical-danger-of-extinction\/#primaryimage"},"image":{"@id":"https:\/\/fundacion-biodiversidad.es\/en\/proyectos_ficha\/multimethodological-approach-for-the-conservation-of-euphorbia-fontquerinana-an-endemism-of-the-island-of-mallorca-in-critical-danger-of-extinction\/#primaryimage"},"thumbnailUrl":"https:\/\/fundacion-biodiversidad.es\/wp-content\/uploads\/2022\/11\/no-imagen.jpg","datePublished":"2024-08-29T13:41:55+00:00","breadcrumb":{"@id":"https:\/\/fundacion-biodiversidad.es\/en\/proyectos_ficha\/multimethodological-approach-for-the-conservation-of-euphorbia-fontquerinana-an-endemism-of-the-island-of-mallorca-in-critical-danger-of-extinction\/#breadcrumb"},"inLanguage":"en-US","potentialAction":[{"@type":"ReadAction","target":["https:\/\/fundacion-biodiversidad.es\/en\/proyectos_ficha\/multimethodological-approach-for-the-conservation-of-euphorbia-fontquerinana-an-endemism-of-the-island-of-mallorca-in-critical-danger-of-extinction\/"]}]},{"@type":"ImageObject","inLanguage":"en-US","@id":"https:\/\/fundacion-biodiversidad.es\/en\/proyectos_ficha\/multimethodological-approach-for-the-conservation-of-euphorbia-fontquerinana-an-endemism-of-the-island-of-mallorca-in-critical-danger-of-extinction\/#primaryimage","url":"https:\/\/fundacion-biodiversidad.es\/wp-content\/uploads\/2022\/11\/no-imagen.jpg","contentUrl":"https:\/\/fundacion-biodiversidad.es\/wp-content\/uploads\/2022\/11\/no-imagen.jpg","width":2048,"height":2048,"caption":"Formaci\u00f3n en medio ambiente natural"},{"@type":"BreadcrumbList","@id":"https:\/\/fundacion-biodiversidad.es\/en\/proyectos_ficha\/multimethodological-approach-for-the-conservation-of-euphorbia-fontquerinana-an-endemism-of-the-island-of-mallorca-in-critical-danger-of-extinction\/#breadcrumb","itemListElement":[{"@type":"ListItem","position":1,"name":"Portada","item":"https:\/\/fundacion-biodiversidad.es\/en\/inicio\/"},{"@type":"ListItem","position":2,"name":"MITECO","item":"https:\/\/fundacion-biodiversidad.es\/en\/proyectos_ficha\/"},{"@type":"ListItem","position":3,"name":"Multimethodological approach for the conservation of &#8216;Euphorbia fontquerinana&#8217;, an endemism of the island of Mallorca in Critical Danger of Extinction"}]},{"@type":"WebSite","@id":"https:\/\/fundacion-biodiversidad.es\/en\/#website","url":"https:\/\/fundacion-biodiversidad.es\/en\/","name":"Fundaci\u00f3n Biodiversidad","description":"Fundaci\u00f3n p\u00fablica adscrita al Ministerio para la Transici\u00f3n Ecol\u00f3gica","potentialAction":[{"@type":"SearchAction","target":{"@type":"EntryPoint","urlTemplate":"https:\/\/fundacion-biodiversidad.es\/en\/?s={search_term_string}"},"query-input":{"@type":"PropertyValueSpecification","valueRequired":true,"valueName":"search_term_string"}}],"inLanguage":"en-US"}]}},"_links":{"self":[{"href":"https:\/\/fundacion-biodiversidad.es\/en\/wp-json\/wp\/v2\/proyectos_ficha\/97857000","targetHints":{"allow":["GET"]}}],"collection":[{"href":"https:\/\/fundacion-biodiversidad.es\/en\/wp-json\/wp\/v2\/proyectos_ficha"}],"about":[{"href":"https:\/\/fundacion-biodiversidad.es\/en\/wp-json\/wp\/v2\/types\/proyectos_ficha"}],"author":[{"embeddable":true,"href":"https:\/\/fundacion-biodiversidad.es\/en\/wp-json\/wp\/v2\/users\/11"}],"wp:featuredmedia":[{"embeddable":true,"href":"https:\/\/fundacion-biodiversidad.es\/en\/wp-json\/wp\/v2\/media\/22405"}],"wp:attachment":[{"href":"https:\/\/fundacion-biodiversidad.es\/en\/wp-json\/wp\/v2\/media?parent=97857000"}],"wp:term":[{"taxonomy":"financiaci_n","embeddable":true,"href":"https:\/\/fundacion-biodiversidad.es\/en\/wp-json\/wp\/v2\/financiaci_n?post=97857000"},{"taxonomy":"lineas_actuacion_tematicas","embeddable":true,"href":"https:\/\/fundacion-biodiversidad.es\/en\/wp-json\/wp\/v2\/lineas_actuacion_tematicas?post=97857000"}],"curies":[{"name":"wp","href":"https:\/\/api.w.org\/{rel}","templated":true}]}}

<!-- This site is optimized with the Yoast SEO plugin v26.9 - https://yoast.com/product/yoast-seo-wordpress/ -->
<title>Multimethodological approach for the conservation of &#039;Euphorbia fontquerinana&#039;, an endemism of the island of Mallorca in Critical Danger of Extinction - Fundación Biodiversidad</title>
<meta name="robots" content="index, follow, max-snippet:-1, max-image-preview:large, max-video-preview:-1" />
<link rel="canonical" href="https://fundacion-biodiversidad.es/en/proyectos_ficha/multimethodological-approach-for-the-conservation-of-euphorbia-fontquerinana-an-endemism-of-the-island-of-mallorca-in-critical-danger-of-extinction/" />
<meta property="og:locale" content="en_US" />
<meta property="og:type" content="article" />
<meta property="og:title" content="Multimethodological approach for the conservation of &#039;Euphorbia fontquerinana&#039;, an endemism of the island of Mallorca in Critical Danger of Extinction - Fundación Biodiversidad" />
<meta property="og:description" content="Information on the demographic status of the population of Euphorbia fontqueriana Greuter has been collected and georeferenced to obtain a highly accurate distribution map. Reproductive [&hellip;]" />
<meta property="og:url" content="https://fundacion-biodiversidad.es/en/proyectos_ficha/multimethodological-approach-for-the-conservation-of-euphorbia-fontquerinana-an-endemism-of-the-island-of-mallorca-in-critical-danger-of-extinction/" />
<meta property="og:site_name" content="Fundación Biodiversidad" />
<meta property="og:image" content="https://fundacion-biodiversidad.es/wp-content/uploads/2024/08/Foto-representativa-1-e1724938848930-1024x536.jpg" />
<meta name="twitter:card" content="summary_large_image" />
<script type="application/ld+json" class="yoast-schema-graph">{"@context":"https://schema.org","@graph":[{"@type":"WebPage","@id":"https://fundacion-biodiversidad.es/en/proyectos_ficha/multimethodological-approach-for-the-conservation-of-euphorbia-fontquerinana-an-endemism-of-the-island-of-mallorca-in-critical-danger-of-extinction/","url":"https://fundacion-biodiversidad.es/en/proyectos_ficha/multimethodological-approach-for-the-conservation-of-euphorbia-fontquerinana-an-endemism-of-the-island-of-mallorca-in-critical-danger-of-extinction/","name":"Multimethodological approach for the conservation of 'Euphorbia fontquerinana', an endemism of the island of Mallorca in Critical Danger of Extinction - Fundación Biodiversidad","isPartOf":{"@id":"https://fundacion-biodiversidad.es/en/#website"},"primaryImageOfPage":{"@id":"https://fundacion-biodiversidad.es/en/proyectos_ficha/multimethodological-approach-for-the-conservation-of-euphorbia-fontquerinana-an-endemism-of-the-island-of-mallorca-in-critical-danger-of-extinction/#primaryimage"},"image":{"@id":"https://fundacion-biodiversidad.es/en/proyectos_ficha/multimethodological-approach-for-the-conservation-of-euphorbia-fontquerinana-an-endemism-of-the-island-of-mallorca-in-critical-danger-of-extinction/#primaryimage"},"thumbnailUrl":"https://fundacion-biodiversidad.es/wp-content/uploads/2022/11/no-imagen.jpg","datePublished":"2024-08-29T13:41:55+00:00","breadcrumb":{"@id":"https://fundacion-biodiversidad.es/en/proyectos_ficha/multimethodological-approach-for-the-conservation-of-euphorbia-fontquerinana-an-endemism-of-the-island-of-mallorca-in-critical-danger-of-extinction/#breadcrumb"},"inLanguage":"en-US","potentialAction":[{"@type":"ReadAction","target":["https://fundacion-biodiversidad.es/en/proyectos_ficha/multimethodological-approach-for-the-conservation-of-euphorbia-fontquerinana-an-endemism-of-the-island-of-mallorca-in-critical-danger-of-extinction/"]}]},{"@type":"ImageObject","inLanguage":"en-US","@id":"https://fundacion-biodiversidad.es/en/proyectos_ficha/multimethodological-approach-for-the-conservation-of-euphorbia-fontquerinana-an-endemism-of-the-island-of-mallorca-in-critical-danger-of-extinction/#primaryimage","url":"https://fundacion-biodiversidad.es/wp-content/uploads/2022/11/no-imagen.jpg","contentUrl":"https://fundacion-biodiversidad.es/wp-content/uploads/2022/11/no-imagen.jpg","width":2048,"height":2048,"caption":"Formación en medio ambiente natural"},{"@type":"BreadcrumbList","@id":"https://fundacion-biodiversidad.es/en/proyectos_ficha/multimethodological-approach-for-the-conservation-of-euphorbia-fontquerinana-an-endemism-of-the-island-of-mallorca-in-critical-danger-of-extinction/#breadcrumb","itemListElement":[{"@type":"ListItem","position":1,"name":"Portada","item":"https://fundacion-biodiversidad.es/en/inicio/"},{"@type":"ListItem","position":2,"name":"MITECO","item":"https://fundacion-biodiversidad.es/en/proyectos_ficha/"},{"@type":"ListItem","position":3,"name":"Multimethodological approach for the conservation of &#8216;Euphorbia fontquerinana&#8217;, an endemism of the island of Mallorca in Critical Danger of Extinction"}]},{"@type":"WebSite","@id":"https://fundacion-biodiversidad.es/en/#website","url":"https://fundacion-biodiversidad.es/en/","name":"Fundación Biodiversidad","description":"Fundación pública adscrita al Ministerio para la Transición Ecológica","potentialAction":[{"@type":"SearchAction","target":{"@type":"EntryPoint","urlTemplate":"https://fundacion-biodiversidad.es/en/?s={search_term_string}"},"query-input":{"@type":"PropertyValueSpecification","valueRequired":true,"valueName":"search_term_string"}}],"inLanguage":"en-US"}]}</script>
<!-- / Yoast SEO plugin. -->

Multimethodological approach for the conservation of 'Euphorbia fontquerinana', an endemism of the island of Mallorca in Critical Danger of Extinction - Fundación Biodiversidad

Fundación Biodiversidad

Formación en medio ambiente natural

Fundación pública adscrita al Ministerio para la Transición Ecológica
