{"id":97857003,"date":"2024-08-16T12:53:02","date_gmt":"2024-08-16T10:53:02","guid":{"rendered":"https:\/\/fundacion-biodiversidad.es\/proyectos_ficha\/monitoring-of-national-and-european-policies-and-eu-directives-through-participation-in-national-advisory-bodies-and-networks-for-environmental-protection-in-2024-and-2025\/"},"modified":"2024-08-16T12:53:02","modified_gmt":"2024-08-16T10:53:02","slug":"monitoring-of-national-and-european-policies-and-eu-directives-through-participation-in-national-advisory-bodies-and-networks-for-environmental-protection-in-2024-and-2025","status":"publish","type":"proyectos_ficha","link":"https:\/\/fundacion-biodiversidad.es\/en\/proyectos_ficha\/monitoring-of-national-and-european-policies-and-eu-directives-through-participation-in-national-advisory-bodies-and-networks-for-environmental-protection-in-2024-and-2025\/","title":{"rendered":"Monitoring of national and European policies and EU directives through participation in national advisory bodies and networks for environmental protection in 2024 and 2025"},"content":{"rendered":"<p>Through this project, <strong>WWF Spain<\/strong> seeks to contribute to the protection of the environment and the conservation of biodiversity through public participation and political action. To this end, it will participate in advisory bodies and national and international commissions and networks related to environmental issues. <\/p>\n","protected":false},"author":11,"featured_media":22405,"template":"","meta":{"_acf_changed":false},"financiaci_n":[650],"lineas_actuacion_tematicas":[685],"class_list":["post-97857003","proyectos_ficha","type-proyectos_ficha","status-publish","has-post-thumbnail","hentry","financiaci_n-fundacion-biodiversidad-en","lineas_actuacion_tematicas-international-relations"],"acf":[],"yoast_head":"<!-- This site is optimized with the Yoast SEO plugin v26.9 - https:\/\/yoast.com\/product\/yoast-seo-wordpress\/ -->\n<title>Monitoring of national and European policies and EU directives through participation in national advisory bodies and networks for environmental protection in 2024 and 2025 - Fundaci\u00f3n Biodiversidad<\/title>\n<meta name=\"robots\" content=\"index, follow, max-snippet:-1, max-image-preview:large, max-video-preview:-1\" \/>\n<link rel=\"canonical\" href=\"https:\/\/fundacion-biodiversidad.es\/en\/proyectos_ficha\/monitoring-of-national-and-european-policies-and-eu-directives-through-participation-in-national-advisory-bodies-and-networks-for-environmental-protection-in-2024-and-2025\/\" \/>\n<meta property=\"og:locale\" content=\"en_US\" \/>\n<meta property=\"og:type\" content=\"article\" \/>\n<meta property=\"og:title\" content=\"Monitoring of national and European policies and EU directives through participation in national advisory bodies and networks for environmental protection in 2024 and 2025 - Fundaci\u00f3n Biodiversidad\" \/>\n<meta property=\"og:description\" content=\"Through this project, WWF Spain seeks to contribute to the protection of the environment and the conservation of biodiversity through public participation and political action. [&hellip;]\" \/>\n<meta property=\"og:url\" content=\"https:\/\/fundacion-biodiversidad.es\/en\/proyectos_ficha\/monitoring-of-national-and-european-policies-and-eu-directives-through-participation-in-national-advisory-bodies-and-networks-for-environmental-protection-in-2024-and-2025\/\" \/>\n<meta property=\"og:site_name\" content=\"Fundaci\u00f3n Biodiversidad\" \/>\n<meta property=\"og:image\" content=\"https:\/\/fundacion-biodiversidad.es\/wp-content\/uploads\/2024\/08\/WWF-e1724743734487-1024x536.jpg\" \/>\n<meta name=\"twitter:card\" content=\"summary_large_image\" \/>\n<script type=\"application\/ld+json\" class=\"yoast-schema-graph\">{\"@context\":\"https:\/\/schema.org\",\"@graph\":[{\"@type\":\"WebPage\",\"@id\":\"https:\/\/fundacion-biodiversidad.es\/en\/proyectos_ficha\/monitoring-of-national-and-european-policies-and-eu-directives-through-participation-in-national-advisory-bodies-and-networks-for-environmental-protection-in-2024-and-2025\/\",\"url\":\"https:\/\/fundacion-biodiversidad.es\/en\/proyectos_ficha\/monitoring-of-national-and-european-policies-and-eu-directives-through-participation-in-national-advisory-bodies-and-networks-for-environmental-protection-in-2024-and-2025\/\",\"name\":\"Monitoring of national and European policies and EU directives through participation in national advisory bodies and networks for environmental protection in 2024 and 2025 - Fundaci\u00f3n Biodiversidad\",\"isPartOf\":{\"@id\":\"https:\/\/fundacion-biodiversidad.es\/en\/#website\"},\"primaryImageOfPage\":{\"@id\":\"https:\/\/fundacion-biodiversidad.es\/en\/proyectos_ficha\/monitoring-of-national-and-european-policies-and-eu-directives-through-participation-in-national-advisory-bodies-and-networks-for-environmental-protection-in-2024-and-2025\/#primaryimage\"},\"image\":{\"@id\":\"https:\/\/fundacion-biodiversidad.es\/en\/proyectos_ficha\/monitoring-of-national-and-european-policies-and-eu-directives-through-participation-in-national-advisory-bodies-and-networks-for-environmental-protection-in-2024-and-2025\/#primaryimage\"},\"thumbnailUrl\":\"https:\/\/fundacion-biodiversidad.es\/wp-content\/uploads\/2022\/11\/no-imagen.jpg\",\"datePublished\":\"2024-08-16T10:53:02+00:00\",\"breadcrumb\":{\"@id\":\"https:\/\/fundacion-biodiversidad.es\/en\/proyectos_ficha\/monitoring-of-national-and-european-policies-and-eu-directives-through-participation-in-national-advisory-bodies-and-networks-for-environmental-protection-in-2024-and-2025\/#breadcrumb\"},\"inLanguage\":\"en-US\",\"potentialAction\":[{\"@type\":\"ReadAction\",\"target\":[\"https:\/\/fundacion-biodiversidad.es\/en\/proyectos_ficha\/monitoring-of-national-and-european-policies-and-eu-directives-through-participation-in-national-advisory-bodies-and-networks-for-environmental-protection-in-2024-and-2025\/\"]}]},{\"@type\":\"ImageObject\",\"inLanguage\":\"en-US\",\"@id\":\"https:\/\/fundacion-biodiversidad.es\/en\/proyectos_ficha\/monitoring-of-national-and-european-policies-and-eu-directives-through-participation-in-national-advisory-bodies-and-networks-for-environmental-protection-in-2024-and-2025\/#primaryimage\",\"url\":\"https:\/\/fundacion-biodiversidad.es\/wp-content\/uploads\/2022\/11\/no-imagen.jpg\",\"contentUrl\":\"https:\/\/fundacion-biodiversidad.es\/wp-content\/uploads\/2022\/11\/no-imagen.jpg\",\"width\":2048,\"height\":2048,\"caption\":\"Formaci\u00f3n en medio ambiente natural\"},{\"@type\":\"BreadcrumbList\",\"@id\":\"https:\/\/fundacion-biodiversidad.es\/en\/proyectos_ficha\/monitoring-of-national-and-european-policies-and-eu-directives-through-participation-in-national-advisory-bodies-and-networks-for-environmental-protection-in-2024-and-2025\/#breadcrumb\",\"itemListElement\":[{\"@type\":\"ListItem\",\"position\":1,\"name\":\"Portada\",\"item\":\"https:\/\/fundacion-biodiversidad.es\/en\/inicio\/\"},{\"@type\":\"ListItem\",\"position\":2,\"name\":\"MITECO\",\"item\":\"https:\/\/fundacion-biodiversidad.es\/en\/proyectos_ficha\/\"},{\"@type\":\"ListItem\",\"position\":3,\"name\":\"Monitoring of national and European policies and EU directives through participation in national advisory bodies and networks for environmental protection in 2024 and 2025\"}]},{\"@type\":\"WebSite\",\"@id\":\"https:\/\/fundacion-biodiversidad.es\/en\/#website\",\"url\":\"https:\/\/fundacion-biodiversidad.es\/en\/\",\"name\":\"Fundaci\u00f3n Biodiversidad\",\"description\":\"Fundaci\u00f3n p\u00fablica adscrita al Ministerio para la Transici\u00f3n Ecol\u00f3gica\",\"potentialAction\":[{\"@type\":\"SearchAction\",\"target\":{\"@type\":\"EntryPoint\",\"urlTemplate\":\"https:\/\/fundacion-biodiversidad.es\/en\/?s={search_term_string}\"},\"query-input\":{\"@type\":\"PropertyValueSpecification\",\"valueRequired\":true,\"valueName\":\"search_term_string\"}}],\"inLanguage\":\"en-US\"}]}<\/script>\n<!-- \/ Yoast SEO plugin. -->","yoast_head_json":{"title":"Monitoring of national and European policies and EU directives through participation in national advisory bodies and networks for environmental protection in 2024 and 2025 - Fundaci\u00f3n Biodiversidad","robots":{"index":"index","follow":"follow","max-snippet":"max-snippet:-1","max-image-preview":"max-image-preview:large","max-video-preview":"max-video-preview:-1"},"canonical":"https:\/\/fundacion-biodiversidad.es\/en\/proyectos_ficha\/monitoring-of-national-and-european-policies-and-eu-directives-through-participation-in-national-advisory-bodies-and-networks-for-environmental-protection-in-2024-and-2025\/","og_locale":"en_US","og_type":"article","og_title":"Monitoring of national and European policies and EU directives through participation in national advisory bodies and networks for environmental protection in 2024 and 2025 - Fundaci\u00f3n Biodiversidad","og_description":"Through this project, WWF Spain seeks to contribute to the protection of the environment and the conservation of biodiversity through public participation and political action. [&hellip;]","og_url":"https:\/\/fundacion-biodiversidad.es\/en\/proyectos_ficha\/monitoring-of-national-and-european-policies-and-eu-directives-through-participation-in-national-advisory-bodies-and-networks-for-environmental-protection-in-2024-and-2025\/","og_site_name":"Fundaci\u00f3n Biodiversidad","og_image":[{"url":"https:\/\/fundacion-biodiversidad.es\/wp-content\/uploads\/2024\/08\/WWF-e1724743734487-1024x536.jpg","type":"","width":"","height":""}],"twitter_card":"summary_large_image","schema":{"@context":"https:\/\/schema.org","@graph":[{"@type":"WebPage","@id":"https:\/\/fundacion-biodiversidad.es\/en\/proyectos_ficha\/monitoring-of-national-and-european-policies-and-eu-directives-through-participation-in-national-advisory-bodies-and-networks-for-environmental-protection-in-2024-and-2025\/","url":"https:\/\/fundacion-biodiversidad.es\/en\/proyectos_ficha\/monitoring-of-national-and-european-policies-and-eu-directives-through-participation-in-national-advisory-bodies-and-networks-for-environmental-protection-in-2024-and-2025\/","name":"Monitoring of national and European policies and EU directives through participation in national advisory bodies and networks for environmental protection in 2024 and 2025 - Fundaci\u00f3n Biodiversidad","isPartOf":{"@id":"https:\/\/fundacion-biodiversidad.es\/en\/#website"},"primaryImageOfPage":{"@id":"https:\/\/fundacion-biodiversidad.es\/en\/proyectos_ficha\/monitoring-of-national-and-european-policies-and-eu-directives-through-participation-in-national-advisory-bodies-and-networks-for-environmental-protection-in-2024-and-2025\/#primaryimage"},"image":{"@id":"https:\/\/fundacion-biodiversidad.es\/en\/proyectos_ficha\/monitoring-of-national-and-european-policies-and-eu-directives-through-participation-in-national-advisory-bodies-and-networks-for-environmental-protection-in-2024-and-2025\/#primaryimage"},"thumbnailUrl":"https:\/\/fundacion-biodiversidad.es\/wp-content\/uploads\/2022\/11\/no-imagen.jpg","datePublished":"2024-08-16T10:53:02+00:00","breadcrumb":{"@id":"https:\/\/fundacion-biodiversidad.es\/en\/proyectos_ficha\/monitoring-of-national-and-european-policies-and-eu-directives-through-participation-in-national-advisory-bodies-and-networks-for-environmental-protection-in-2024-and-2025\/#breadcrumb"},"inLanguage":"en-US","potentialAction":[{"@type":"ReadAction","target":["https:\/\/fundacion-biodiversidad.es\/en\/proyectos_ficha\/monitoring-of-national-and-european-policies-and-eu-directives-through-participation-in-national-advisory-bodies-and-networks-for-environmental-protection-in-2024-and-2025\/"]}]},{"@type":"ImageObject","inLanguage":"en-US","@id":"https:\/\/fundacion-biodiversidad.es\/en\/proyectos_ficha\/monitoring-of-national-and-european-policies-and-eu-directives-through-participation-in-national-advisory-bodies-and-networks-for-environmental-protection-in-2024-and-2025\/#primaryimage","url":"https:\/\/fundacion-biodiversidad.es\/wp-content\/uploads\/2022\/11\/no-imagen.jpg","contentUrl":"https:\/\/fundacion-biodiversidad.es\/wp-content\/uploads\/2022\/11\/no-imagen.jpg","width":2048,"height":2048,"caption":"Formaci\u00f3n en medio ambiente natural"},{"@type":"BreadcrumbList","@id":"https:\/\/fundacion-biodiversidad.es\/en\/proyectos_ficha\/monitoring-of-national-and-european-policies-and-eu-directives-through-participation-in-national-advisory-bodies-and-networks-for-environmental-protection-in-2024-and-2025\/#breadcrumb","itemListElement":[{"@type":"ListItem","position":1,"name":"Portada","item":"https:\/\/fundacion-biodiversidad.es\/en\/inicio\/"},{"@type":"ListItem","position":2,"name":"MITECO","item":"https:\/\/fundacion-biodiversidad.es\/en\/proyectos_ficha\/"},{"@type":"ListItem","position":3,"name":"Monitoring of national and European policies and EU directives through participation in national advisory bodies and networks for environmental protection in 2024 and 2025"}]},{"@type":"WebSite","@id":"https:\/\/fundacion-biodiversidad.es\/en\/#website","url":"https:\/\/fundacion-biodiversidad.es\/en\/","name":"Fundaci\u00f3n Biodiversidad","description":"Fundaci\u00f3n p\u00fablica adscrita al Ministerio para la Transici\u00f3n Ecol\u00f3gica","potentialAction":[{"@type":"SearchAction","target":{"@type":"EntryPoint","urlTemplate":"https:\/\/fundacion-biodiversidad.es\/en\/?s={search_term_string}"},"query-input":{"@type":"PropertyValueSpecification","valueRequired":true,"valueName":"search_term_string"}}],"inLanguage":"en-US"}]}},"_links":{"self":[{"href":"https:\/\/fundacion-biodiversidad.es\/en\/wp-json\/wp\/v2\/proyectos_ficha\/97857003","targetHints":{"allow":["GET"]}}],"collection":[{"href":"https:\/\/fundacion-biodiversidad.es\/en\/wp-json\/wp\/v2\/proyectos_ficha"}],"about":[{"href":"https:\/\/fundacion-biodiversidad.es\/en\/wp-json\/wp\/v2\/types\/proyectos_ficha"}],"author":[{"embeddable":true,"href":"https:\/\/fundacion-biodiversidad.es\/en\/wp-json\/wp\/v2\/users\/11"}],"wp:featuredmedia":[{"embeddable":true,"href":"https:\/\/fundacion-biodiversidad.es\/en\/wp-json\/wp\/v2\/media\/22405"}],"wp:attachment":[{"href":"https:\/\/fundacion-biodiversidad.es\/en\/wp-json\/wp\/v2\/media?parent=97857003"}],"wp:term":[{"taxonomy":"financiaci_n","embeddable":true,"href":"https:\/\/fundacion-biodiversidad.es\/en\/wp-json\/wp\/v2\/financiaci_n?post=97857003"},{"taxonomy":"lineas_actuacion_tematicas","embeddable":true,"href":"https:\/\/fundacion-biodiversidad.es\/en\/wp-json\/wp\/v2\/lineas_actuacion_tematicas?post=97857003"}],"curies":[{"name":"wp","href":"https:\/\/api.w.org\/{rel}","templated":true}]}}

<!-- This site is optimized with the Yoast SEO plugin v26.9 - https://yoast.com/product/yoast-seo-wordpress/ -->
<title>Monitoring of national and European policies and EU directives through participation in national advisory bodies and networks for environmental protection in 2024 and 2025 - Fundación Biodiversidad</title>
<meta name="robots" content="index, follow, max-snippet:-1, max-image-preview:large, max-video-preview:-1" />
<link rel="canonical" href="https://fundacion-biodiversidad.es/en/proyectos_ficha/monitoring-of-national-and-european-policies-and-eu-directives-through-participation-in-national-advisory-bodies-and-networks-for-environmental-protection-in-2024-and-2025/" />
<meta property="og:locale" content="en_US" />
<meta property="og:type" content="article" />
<meta property="og:title" content="Monitoring of national and European policies and EU directives through participation in national advisory bodies and networks for environmental protection in 2024 and 2025 - Fundación Biodiversidad" />
<meta property="og:description" content="Through this project, WWF Spain seeks to contribute to the protection of the environment and the conservation of biodiversity through public participation and political action. [&hellip;]" />
<meta property="og:url" content="https://fundacion-biodiversidad.es/en/proyectos_ficha/monitoring-of-national-and-european-policies-and-eu-directives-through-participation-in-national-advisory-bodies-and-networks-for-environmental-protection-in-2024-and-2025/" />
<meta property="og:site_name" content="Fundación Biodiversidad" />
<meta property="og:image" content="https://fundacion-biodiversidad.es/wp-content/uploads/2024/08/WWF-e1724743734487-1024x536.jpg" />
<meta name="twitter:card" content="summary_large_image" />
<script type="application/ld+json" class="yoast-schema-graph">{"@context":"https://schema.org","@graph":[{"@type":"WebPage","@id":"https://fundacion-biodiversidad.es/en/proyectos_ficha/monitoring-of-national-and-european-policies-and-eu-directives-through-participation-in-national-advisory-bodies-and-networks-for-environmental-protection-in-2024-and-2025/","url":"https://fundacion-biodiversidad.es/en/proyectos_ficha/monitoring-of-national-and-european-policies-and-eu-directives-through-participation-in-national-advisory-bodies-and-networks-for-environmental-protection-in-2024-and-2025/","name":"Monitoring of national and European policies and EU directives through participation in national advisory bodies and networks for environmental protection in 2024 and 2025 - Fundación Biodiversidad","isPartOf":{"@id":"https://fundacion-biodiversidad.es/en/#website"},"primaryImageOfPage":{"@id":"https://fundacion-biodiversidad.es/en/proyectos_ficha/monitoring-of-national-and-european-policies-and-eu-directives-through-participation-in-national-advisory-bodies-and-networks-for-environmental-protection-in-2024-and-2025/#primaryimage"},"image":{"@id":"https://fundacion-biodiversidad.es/en/proyectos_ficha/monitoring-of-national-and-european-policies-and-eu-directives-through-participation-in-national-advisory-bodies-and-networks-for-environmental-protection-in-2024-and-2025/#primaryimage"},"thumbnailUrl":"https://fundacion-biodiversidad.es/wp-content/uploads/2022/11/no-imagen.jpg","datePublished":"2024-08-16T10:53:02+00:00","breadcrumb":{"@id":"https://fundacion-biodiversidad.es/en/proyectos_ficha/monitoring-of-national-and-european-policies-and-eu-directives-through-participation-in-national-advisory-bodies-and-networks-for-environmental-protection-in-2024-and-2025/#breadcrumb"},"inLanguage":"en-US","potentialAction":[{"@type":"ReadAction","target":["https://fundacion-biodiversidad.es/en/proyectos_ficha/monitoring-of-national-and-european-policies-and-eu-directives-through-participation-in-national-advisory-bodies-and-networks-for-environmental-protection-in-2024-and-2025/"]}]},{"@type":"ImageObject","inLanguage":"en-US","@id":"https://fundacion-biodiversidad.es/en/proyectos_ficha/monitoring-of-national-and-european-policies-and-eu-directives-through-participation-in-national-advisory-bodies-and-networks-for-environmental-protection-in-2024-and-2025/#primaryimage","url":"https://fundacion-biodiversidad.es/wp-content/uploads/2022/11/no-imagen.jpg","contentUrl":"https://fundacion-biodiversidad.es/wp-content/uploads/2022/11/no-imagen.jpg","width":2048,"height":2048,"caption":"Formación en medio ambiente natural"},{"@type":"BreadcrumbList","@id":"https://fundacion-biodiversidad.es/en/proyectos_ficha/monitoring-of-national-and-european-policies-and-eu-directives-through-participation-in-national-advisory-bodies-and-networks-for-environmental-protection-in-2024-and-2025/#breadcrumb","itemListElement":[{"@type":"ListItem","position":1,"name":"Portada","item":"https://fundacion-biodiversidad.es/en/inicio/"},{"@type":"ListItem","position":2,"name":"MITECO","item":"https://fundacion-biodiversidad.es/en/proyectos_ficha/"},{"@type":"ListItem","position":3,"name":"Monitoring of national and European policies and EU directives through participation in national advisory bodies and networks for environmental protection in 2024 and 2025"}]},{"@type":"WebSite","@id":"https://fundacion-biodiversidad.es/en/#website","url":"https://fundacion-biodiversidad.es/en/","name":"Fundación Biodiversidad","description":"Fundación pública adscrita al Ministerio para la Transición Ecológica","potentialAction":[{"@type":"SearchAction","target":{"@type":"EntryPoint","urlTemplate":"https://fundacion-biodiversidad.es/en/?s={search_term_string}"},"query-input":{"@type":"PropertyValueSpecification","valueRequired":true,"valueName":"search_term_string"}}],"inLanguage":"en-US"}]}</script>
<!-- / Yoast SEO plugin. -->

Monitoring of national and European policies and EU directives through participation in national advisory bodies and networks for environmental protection in 2024 and 2025 - Fundación Biodiversidad

Fundación Biodiversidad

Formación en medio ambiente natural

Fundación pública adscrita al Ministerio para la Transición Ecológica
