{"id":97860506,"date":"2014-03-24T12:26:59","date_gmt":"2014-03-24T11:26:59","guid":{"rendered":"https:\/\/fundacion-biodiversidad.es\/proyectos_ficha\/recovery-of-native-varieties-a-combined-strategy-for-biodiversity-conservation-and-sustainable-development-of-the-rural-environment\/"},"modified":"2014-03-24T12:26:59","modified_gmt":"2014-03-24T11:26:59","slug":"recovery-of-native-varieties-a-combined-strategy-for-biodiversity-conservation-and-sustainable-development-of-the-rural-environment","status":"publish","type":"proyectos_ficha","link":"https:\/\/fundacion-biodiversidad.es\/en\/proyectos_ficha\/recovery-of-native-varieties-a-combined-strategy-for-biodiversity-conservation-and-sustainable-development-of-the-rural-environment\/","title":{"rendered":"Recovery of native varieties, a combined strategy for biodiversity conservation and sustainable development of the rural environment"},"content":{"rendered":"<p>\n            <span>To achieve the objectives of promoting the sustainable development of the rural environment, the project involves farmers, technicians and researchers, as well as consumers.<\/span>\n          <\/p>\n<p>          <!--more--><\/p>\n<p>To achieve the objectives of promoting the sustainable development of the rural environment, the project involves farmers, technicians and researchers, as well as consumers.<\/p>\n<div><\/div>\n<div>\n            <span>The project has six planned actions, including a map of experiences of use and conservation of native varieties; the promotion and consolidation of the Reseeding and Exchange Network (ReI) of farmers, technicians, researchers, consumers, amateurs, for the exchange and conservation of native varieties; the development of an online database for public consultation; and the increase in knowledge and consumption of native varieties by consumers.<\/span>\n          <\/div>\n<p>Specifically, it is intended to:<\/p>\n<ol>\n<li>Consolidate the network of replanting and exchange of experiences in the use and conservation of native varieties that are still conserved by farmers, or that are in public germplasm banks and other informal banks of local associations or groups.<\/li>\n<li>To share the methodologies for inventorying and characterising these native varieties with a series of botanical, agronomic and cultural descriptors.<\/li>\n<li>To share knowledge on traditional use and management linked to native varieties.<\/li>\n<li>To determine common criteria for the assessment of the agronomic performance of these native varieties, with the help of expert farmers in the area.<\/li>\n<li>To evaluate the quality and commercial demand of native varieties in a participatory manner according to the criteria expressed by farmers and consumers.<\/li>\n<li>To disseminate and promote the importance of native varieties among associations and consumer groups located in the area of action of the project.<\/li>\n<\/ol>\n","protected":false},"author":11,"featured_media":22405,"template":"","meta":{"_acf_changed":false},"financiaci_n":[650],"lineas_actuacion_tematicas":[654],"class_list":["post-97860506","proyectos_ficha","type-proyectos_ficha","status-publish","has-post-thumbnail","hentry","financiaci_n-fundacion-biodiversidad-en","lineas_actuacion_tematicas-terrestrial-ecosystems"],"acf":[],"yoast_head":"<!-- This site is optimized with the Yoast SEO plugin v26.9 - https:\/\/yoast.com\/product\/yoast-seo-wordpress\/ -->\n<title>Recovery of native varieties, a combined strategy for biodiversity conservation and sustainable development of the rural environment - Fundaci\u00f3n Biodiversidad<\/title>\n<meta name=\"robots\" content=\"index, follow, max-snippet:-1, max-image-preview:large, max-video-preview:-1\" \/>\n<link rel=\"canonical\" href=\"https:\/\/fundacion-biodiversidad.es\/en\/proyectos_ficha\/recovery-of-native-varieties-a-combined-strategy-for-biodiversity-conservation-and-sustainable-development-of-the-rural-environment\/\" \/>\n<meta property=\"og:locale\" content=\"en_US\" \/>\n<meta property=\"og:type\" content=\"article\" \/>\n<meta property=\"og:title\" content=\"Recovery of native varieties, a combined strategy for biodiversity conservation and sustainable development of the rural environment - Fundaci\u00f3n Biodiversidad\" \/>\n<meta property=\"og:description\" content=\"To achieve the objectives of promoting the sustainable development of the rural environment, the project involves farmers, technicians and researchers, as well as consumers.\" \/>\n<meta property=\"og:url\" content=\"https:\/\/fundacion-biodiversidad.es\/en\/proyectos_ficha\/recovery-of-native-varieties-a-combined-strategy-for-biodiversity-conservation-and-sustainable-development-of-the-rural-environment\/\" \/>\n<meta property=\"og:site_name\" content=\"Fundaci\u00f3n Biodiversidad\" \/>\n<meta property=\"og:image\" content=\"https:\/\/fundacion-biodiversidad.es\/wp-content\/uploads\/2022\/11\/no-imagen.jpg\" \/>\n\t<meta property=\"og:image:width\" content=\"2048\" \/>\n\t<meta property=\"og:image:height\" content=\"2048\" \/>\n\t<meta property=\"og:image:type\" content=\"image\/jpeg\" \/>\n<meta name=\"twitter:card\" content=\"summary_large_image\" \/>\n<meta name=\"twitter:label1\" content=\"Est. reading time\" \/>\n\t<meta name=\"twitter:data1\" content=\"1 minute\" \/>\n<script type=\"application\/ld+json\" class=\"yoast-schema-graph\">{\"@context\":\"https:\/\/schema.org\",\"@graph\":[{\"@type\":\"WebPage\",\"@id\":\"https:\/\/fundacion-biodiversidad.es\/en\/proyectos_ficha\/recovery-of-native-varieties-a-combined-strategy-for-biodiversity-conservation-and-sustainable-development-of-the-rural-environment\/\",\"url\":\"https:\/\/fundacion-biodiversidad.es\/en\/proyectos_ficha\/recovery-of-native-varieties-a-combined-strategy-for-biodiversity-conservation-and-sustainable-development-of-the-rural-environment\/\",\"name\":\"Recovery of native varieties, a combined strategy for biodiversity conservation and sustainable development of the rural environment - Fundaci\u00f3n Biodiversidad\",\"isPartOf\":{\"@id\":\"https:\/\/fundacion-biodiversidad.es\/en\/#website\"},\"primaryImageOfPage\":{\"@id\":\"https:\/\/fundacion-biodiversidad.es\/en\/proyectos_ficha\/recovery-of-native-varieties-a-combined-strategy-for-biodiversity-conservation-and-sustainable-development-of-the-rural-environment\/#primaryimage\"},\"image\":{\"@id\":\"https:\/\/fundacion-biodiversidad.es\/en\/proyectos_ficha\/recovery-of-native-varieties-a-combined-strategy-for-biodiversity-conservation-and-sustainable-development-of-the-rural-environment\/#primaryimage\"},\"thumbnailUrl\":\"https:\/\/fundacion-biodiversidad.es\/wp-content\/uploads\/2022\/11\/no-imagen.jpg\",\"datePublished\":\"2014-03-24T11:26:59+00:00\",\"breadcrumb\":{\"@id\":\"https:\/\/fundacion-biodiversidad.es\/en\/proyectos_ficha\/recovery-of-native-varieties-a-combined-strategy-for-biodiversity-conservation-and-sustainable-development-of-the-rural-environment\/#breadcrumb\"},\"inLanguage\":\"en-US\",\"potentialAction\":[{\"@type\":\"ReadAction\",\"target\":[\"https:\/\/fundacion-biodiversidad.es\/en\/proyectos_ficha\/recovery-of-native-varieties-a-combined-strategy-for-biodiversity-conservation-and-sustainable-development-of-the-rural-environment\/\"]}]},{\"@type\":\"ImageObject\",\"inLanguage\":\"en-US\",\"@id\":\"https:\/\/fundacion-biodiversidad.es\/en\/proyectos_ficha\/recovery-of-native-varieties-a-combined-strategy-for-biodiversity-conservation-and-sustainable-development-of-the-rural-environment\/#primaryimage\",\"url\":\"https:\/\/fundacion-biodiversidad.es\/wp-content\/uploads\/2022\/11\/no-imagen.jpg\",\"contentUrl\":\"https:\/\/fundacion-biodiversidad.es\/wp-content\/uploads\/2022\/11\/no-imagen.jpg\",\"width\":2048,\"height\":2048,\"caption\":\"Formaci\u00f3n en medio ambiente natural\"},{\"@type\":\"BreadcrumbList\",\"@id\":\"https:\/\/fundacion-biodiversidad.es\/en\/proyectos_ficha\/recovery-of-native-varieties-a-combined-strategy-for-biodiversity-conservation-and-sustainable-development-of-the-rural-environment\/#breadcrumb\",\"itemListElement\":[{\"@type\":\"ListItem\",\"position\":1,\"name\":\"Portada\",\"item\":\"https:\/\/fundacion-biodiversidad.es\/en\/inicio\/\"},{\"@type\":\"ListItem\",\"position\":2,\"name\":\"MITECO\",\"item\":\"https:\/\/fundacion-biodiversidad.es\/en\/proyectos_ficha\/\"},{\"@type\":\"ListItem\",\"position\":3,\"name\":\"Recovery of native varieties, a combined strategy for biodiversity conservation and sustainable development of the rural environment\"}]},{\"@type\":\"WebSite\",\"@id\":\"https:\/\/fundacion-biodiversidad.es\/en\/#website\",\"url\":\"https:\/\/fundacion-biodiversidad.es\/en\/\",\"name\":\"Fundaci\u00f3n Biodiversidad\",\"description\":\"Fundaci\u00f3n p\u00fablica adscrita al Ministerio para la Transici\u00f3n Ecol\u00f3gica\",\"potentialAction\":[{\"@type\":\"SearchAction\",\"target\":{\"@type\":\"EntryPoint\",\"urlTemplate\":\"https:\/\/fundacion-biodiversidad.es\/en\/?s={search_term_string}\"},\"query-input\":{\"@type\":\"PropertyValueSpecification\",\"valueRequired\":true,\"valueName\":\"search_term_string\"}}],\"inLanguage\":\"en-US\"}]}<\/script>\n<!-- \/ Yoast SEO plugin. -->","yoast_head_json":{"title":"Recovery of native varieties, a combined strategy for biodiversity conservation and sustainable development of the rural environment - Fundaci\u00f3n Biodiversidad","robots":{"index":"index","follow":"follow","max-snippet":"max-snippet:-1","max-image-preview":"max-image-preview:large","max-video-preview":"max-video-preview:-1"},"canonical":"https:\/\/fundacion-biodiversidad.es\/en\/proyectos_ficha\/recovery-of-native-varieties-a-combined-strategy-for-biodiversity-conservation-and-sustainable-development-of-the-rural-environment\/","og_locale":"en_US","og_type":"article","og_title":"Recovery of native varieties, a combined strategy for biodiversity conservation and sustainable development of the rural environment - Fundaci\u00f3n Biodiversidad","og_description":"To achieve the objectives of promoting the sustainable development of the rural environment, the project involves farmers, technicians and researchers, as well as consumers.","og_url":"https:\/\/fundacion-biodiversidad.es\/en\/proyectos_ficha\/recovery-of-native-varieties-a-combined-strategy-for-biodiversity-conservation-and-sustainable-development-of-the-rural-environment\/","og_site_name":"Fundaci\u00f3n Biodiversidad","og_image":[{"width":2048,"height":2048,"url":"https:\/\/fundacion-biodiversidad.es\/wp-content\/uploads\/2022\/11\/no-imagen.jpg","type":"image\/jpeg"}],"twitter_card":"summary_large_image","twitter_misc":{"Est. reading time":"1 minute"},"schema":{"@context":"https:\/\/schema.org","@graph":[{"@type":"WebPage","@id":"https:\/\/fundacion-biodiversidad.es\/en\/proyectos_ficha\/recovery-of-native-varieties-a-combined-strategy-for-biodiversity-conservation-and-sustainable-development-of-the-rural-environment\/","url":"https:\/\/fundacion-biodiversidad.es\/en\/proyectos_ficha\/recovery-of-native-varieties-a-combined-strategy-for-biodiversity-conservation-and-sustainable-development-of-the-rural-environment\/","name":"Recovery of native varieties, a combined strategy for biodiversity conservation and sustainable development of the rural environment - Fundaci\u00f3n Biodiversidad","isPartOf":{"@id":"https:\/\/fundacion-biodiversidad.es\/en\/#website"},"primaryImageOfPage":{"@id":"https:\/\/fundacion-biodiversidad.es\/en\/proyectos_ficha\/recovery-of-native-varieties-a-combined-strategy-for-biodiversity-conservation-and-sustainable-development-of-the-rural-environment\/#primaryimage"},"image":{"@id":"https:\/\/fundacion-biodiversidad.es\/en\/proyectos_ficha\/recovery-of-native-varieties-a-combined-strategy-for-biodiversity-conservation-and-sustainable-development-of-the-rural-environment\/#primaryimage"},"thumbnailUrl":"https:\/\/fundacion-biodiversidad.es\/wp-content\/uploads\/2022\/11\/no-imagen.jpg","datePublished":"2014-03-24T11:26:59+00:00","breadcrumb":{"@id":"https:\/\/fundacion-biodiversidad.es\/en\/proyectos_ficha\/recovery-of-native-varieties-a-combined-strategy-for-biodiversity-conservation-and-sustainable-development-of-the-rural-environment\/#breadcrumb"},"inLanguage":"en-US","potentialAction":[{"@type":"ReadAction","target":["https:\/\/fundacion-biodiversidad.es\/en\/proyectos_ficha\/recovery-of-native-varieties-a-combined-strategy-for-biodiversity-conservation-and-sustainable-development-of-the-rural-environment\/"]}]},{"@type":"ImageObject","inLanguage":"en-US","@id":"https:\/\/fundacion-biodiversidad.es\/en\/proyectos_ficha\/recovery-of-native-varieties-a-combined-strategy-for-biodiversity-conservation-and-sustainable-development-of-the-rural-environment\/#primaryimage","url":"https:\/\/fundacion-biodiversidad.es\/wp-content\/uploads\/2022\/11\/no-imagen.jpg","contentUrl":"https:\/\/fundacion-biodiversidad.es\/wp-content\/uploads\/2022\/11\/no-imagen.jpg","width":2048,"height":2048,"caption":"Formaci\u00f3n en medio ambiente natural"},{"@type":"BreadcrumbList","@id":"https:\/\/fundacion-biodiversidad.es\/en\/proyectos_ficha\/recovery-of-native-varieties-a-combined-strategy-for-biodiversity-conservation-and-sustainable-development-of-the-rural-environment\/#breadcrumb","itemListElement":[{"@type":"ListItem","position":1,"name":"Portada","item":"https:\/\/fundacion-biodiversidad.es\/en\/inicio\/"},{"@type":"ListItem","position":2,"name":"MITECO","item":"https:\/\/fundacion-biodiversidad.es\/en\/proyectos_ficha\/"},{"@type":"ListItem","position":3,"name":"Recovery of native varieties, a combined strategy for biodiversity conservation and sustainable development of the rural environment"}]},{"@type":"WebSite","@id":"https:\/\/fundacion-biodiversidad.es\/en\/#website","url":"https:\/\/fundacion-biodiversidad.es\/en\/","name":"Fundaci\u00f3n Biodiversidad","description":"Fundaci\u00f3n p\u00fablica adscrita al Ministerio para la Transici\u00f3n Ecol\u00f3gica","potentialAction":[{"@type":"SearchAction","target":{"@type":"EntryPoint","urlTemplate":"https:\/\/fundacion-biodiversidad.es\/en\/?s={search_term_string}"},"query-input":{"@type":"PropertyValueSpecification","valueRequired":true,"valueName":"search_term_string"}}],"inLanguage":"en-US"}]}},"_links":{"self":[{"href":"https:\/\/fundacion-biodiversidad.es\/en\/wp-json\/wp\/v2\/proyectos_ficha\/97860506","targetHints":{"allow":["GET"]}}],"collection":[{"href":"https:\/\/fundacion-biodiversidad.es\/en\/wp-json\/wp\/v2\/proyectos_ficha"}],"about":[{"href":"https:\/\/fundacion-biodiversidad.es\/en\/wp-json\/wp\/v2\/types\/proyectos_ficha"}],"author":[{"embeddable":true,"href":"https:\/\/fundacion-biodiversidad.es\/en\/wp-json\/wp\/v2\/users\/11"}],"wp:featuredmedia":[{"embeddable":true,"href":"https:\/\/fundacion-biodiversidad.es\/en\/wp-json\/wp\/v2\/media\/22405"}],"wp:attachment":[{"href":"https:\/\/fundacion-biodiversidad.es\/en\/wp-json\/wp\/v2\/media?parent=97860506"}],"wp:term":[{"taxonomy":"financiaci_n","embeddable":true,"href":"https:\/\/fundacion-biodiversidad.es\/en\/wp-json\/wp\/v2\/financiaci_n?post=97860506"},{"taxonomy":"lineas_actuacion_tematicas","embeddable":true,"href":"https:\/\/fundacion-biodiversidad.es\/en\/wp-json\/wp\/v2\/lineas_actuacion_tematicas?post=97860506"}],"curies":[{"name":"wp","href":"https:\/\/api.w.org\/{rel}","templated":true}]}}

<!-- This site is optimized with the Yoast SEO plugin v26.9 - https://yoast.com/product/yoast-seo-wordpress/ -->
<title>Recovery of native varieties, a combined strategy for biodiversity conservation and sustainable development of the rural environment - Fundación Biodiversidad</title>
<meta name="robots" content="index, follow, max-snippet:-1, max-image-preview:large, max-video-preview:-1" />
<link rel="canonical" href="https://fundacion-biodiversidad.es/en/proyectos_ficha/recovery-of-native-varieties-a-combined-strategy-for-biodiversity-conservation-and-sustainable-development-of-the-rural-environment/" />
<meta property="og:locale" content="en_US" />
<meta property="og:type" content="article" />
<meta property="og:title" content="Recovery of native varieties, a combined strategy for biodiversity conservation and sustainable development of the rural environment - Fundación Biodiversidad" />
<meta property="og:description" content="To achieve the objectives of promoting the sustainable development of the rural environment, the project involves farmers, technicians and researchers, as well as consumers." />
<meta property="og:url" content="https://fundacion-biodiversidad.es/en/proyectos_ficha/recovery-of-native-varieties-a-combined-strategy-for-biodiversity-conservation-and-sustainable-development-of-the-rural-environment/" />
<meta property="og:site_name" content="Fundación Biodiversidad" />
<meta property="og:image" content="https://fundacion-biodiversidad.es/wp-content/uploads/2022/11/no-imagen.jpg" />
	<meta property="og:image:width" content="2048" />
	<meta property="og:image:height" content="2048" />
	<meta property="og:image:type" content="image/jpeg" />
<meta name="twitter:card" content="summary_large_image" />
<meta name="twitter:label1" content="Est. reading time" />
	<meta name="twitter:data1" content="1 minute" />
<script type="application/ld+json" class="yoast-schema-graph">{"@context":"https://schema.org","@graph":[{"@type":"WebPage","@id":"https://fundacion-biodiversidad.es/en/proyectos_ficha/recovery-of-native-varieties-a-combined-strategy-for-biodiversity-conservation-and-sustainable-development-of-the-rural-environment/","url":"https://fundacion-biodiversidad.es/en/proyectos_ficha/recovery-of-native-varieties-a-combined-strategy-for-biodiversity-conservation-and-sustainable-development-of-the-rural-environment/","name":"Recovery of native varieties, a combined strategy for biodiversity conservation and sustainable development of the rural environment - Fundación Biodiversidad","isPartOf":{"@id":"https://fundacion-biodiversidad.es/en/#website"},"primaryImageOfPage":{"@id":"https://fundacion-biodiversidad.es/en/proyectos_ficha/recovery-of-native-varieties-a-combined-strategy-for-biodiversity-conservation-and-sustainable-development-of-the-rural-environment/#primaryimage"},"image":{"@id":"https://fundacion-biodiversidad.es/en/proyectos_ficha/recovery-of-native-varieties-a-combined-strategy-for-biodiversity-conservation-and-sustainable-development-of-the-rural-environment/#primaryimage"},"thumbnailUrl":"https://fundacion-biodiversidad.es/wp-content/uploads/2022/11/no-imagen.jpg","datePublished":"2014-03-24T11:26:59+00:00","breadcrumb":{"@id":"https://fundacion-biodiversidad.es/en/proyectos_ficha/recovery-of-native-varieties-a-combined-strategy-for-biodiversity-conservation-and-sustainable-development-of-the-rural-environment/#breadcrumb"},"inLanguage":"en-US","potentialAction":[{"@type":"ReadAction","target":["https://fundacion-biodiversidad.es/en/proyectos_ficha/recovery-of-native-varieties-a-combined-strategy-for-biodiversity-conservation-and-sustainable-development-of-the-rural-environment/"]}]},{"@type":"ImageObject","inLanguage":"en-US","@id":"https://fundacion-biodiversidad.es/en/proyectos_ficha/recovery-of-native-varieties-a-combined-strategy-for-biodiversity-conservation-and-sustainable-development-of-the-rural-environment/#primaryimage","url":"https://fundacion-biodiversidad.es/wp-content/uploads/2022/11/no-imagen.jpg","contentUrl":"https://fundacion-biodiversidad.es/wp-content/uploads/2022/11/no-imagen.jpg","width":2048,"height":2048,"caption":"Formación en medio ambiente natural"},{"@type":"BreadcrumbList","@id":"https://fundacion-biodiversidad.es/en/proyectos_ficha/recovery-of-native-varieties-a-combined-strategy-for-biodiversity-conservation-and-sustainable-development-of-the-rural-environment/#breadcrumb","itemListElement":[{"@type":"ListItem","position":1,"name":"Portada","item":"https://fundacion-biodiversidad.es/en/inicio/"},{"@type":"ListItem","position":2,"name":"MITECO","item":"https://fundacion-biodiversidad.es/en/proyectos_ficha/"},{"@type":"ListItem","position":3,"name":"Recovery of native varieties, a combined strategy for biodiversity conservation and sustainable development of the rural environment"}]},{"@type":"WebSite","@id":"https://fundacion-biodiversidad.es/en/#website","url":"https://fundacion-biodiversidad.es/en/","name":"Fundación Biodiversidad","description":"Fundación pública adscrita al Ministerio para la Transición Ecológica","potentialAction":[{"@type":"SearchAction","target":{"@type":"EntryPoint","urlTemplate":"https://fundacion-biodiversidad.es/en/?s={search_term_string}"},"query-input":{"@type":"PropertyValueSpecification","valueRequired":true,"valueName":"search_term_string"}}],"inLanguage":"en-US"}]}</script>
<!-- / Yoast SEO plugin. -->

Recovery of native varieties, a combined strategy for biodiversity conservation and sustainable development of the rural environment - Fundación Biodiversidad

Fundación Biodiversidad

Formación en medio ambiente natural

Fundación pública adscrita al Ministerio para la Transición Ecológica
