{"id":97860625,"date":"2014-03-24T12:27:32","date_gmt":"2014-03-24T11:27:32","guid":{"rendered":"https:\/\/fundacion-biodiversidad.es\/proyectos_ficha\/water-rivers-and-villages-tribute-to-those-who-fight-to-defend-rivers-and-their-people\/"},"modified":"2014-03-24T12:27:32","modified_gmt":"2014-03-24T11:27:32","slug":"water-rivers-and-villages-tribute-to-those-who-fight-to-defend-rivers-and-their-people","status":"publish","type":"proyectos_ficha","link":"https:\/\/fundacion-biodiversidad.es\/en\/proyectos_ficha\/water-rivers-and-villages-tribute-to-those-who-fight-to-defend-rivers-and-their-people\/","title":{"rendered":"Water, rivers and villages: tribute to those who fight to defend rivers and their people"},"content":{"rendered":"<p>          <span>The purpose of this initiative is the realization and subsequent exhibition of the exhibition &#8220;Water, rivers and peoples: tribute to those who fight to defend rivers and their people&#8221;, in order to raise awareness among visitors to ExpoZaragoza 2008 about the problem of water, directly showing the experiences of people affected by hydraulic policies worldwide.<\/span><\/p>\n<p>          <!--more--><\/p>\n<p>          <span>The purpose of this initiative is the realization and subsequent exhibition of the exhibition &#8220;Water, rivers and peoples: tribute to those who fight to defend rivers and their people&#8221;, in order to raise awareness among visitors to ExpoZaragoza 2008 about the problem of water, directly showing the experiences of people affected by hydraulic policies worldwide.<\/span><\/p>\n<p>The exhibition, which has acquired an international and itinerant character, includes 23 practical cases illustrating the realities around water, from popular initiative, collective struggles and the application of technology to the achievements of cooperation. To this end, various studies have been carried out aimed at compiling basic information on each case, as well as photographs, videos and existing testimonies. <\/p>\n","protected":false},"author":11,"featured_media":22405,"template":"","meta":{"_acf_changed":false},"financiaci_n":[650],"lineas_actuacion_tematicas":[654],"class_list":["post-97860625","proyectos_ficha","type-proyectos_ficha","status-publish","has-post-thumbnail","hentry","financiaci_n-fundacion-biodiversidad-en","lineas_actuacion_tematicas-terrestrial-ecosystems"],"acf":[],"yoast_head":"<!-- This site is optimized with the Yoast SEO plugin v26.9 - https:\/\/yoast.com\/product\/yoast-seo-wordpress\/ -->\n<title>Water, rivers and villages: tribute to those who fight to defend rivers and their people - Fundaci\u00f3n Biodiversidad<\/title>\n<meta name=\"robots\" content=\"index, follow, max-snippet:-1, max-image-preview:large, max-video-preview:-1\" \/>\n<link rel=\"canonical\" href=\"https:\/\/fundacion-biodiversidad.es\/en\/proyectos_ficha\/water-rivers-and-villages-tribute-to-those-who-fight-to-defend-rivers-and-their-people\/\" \/>\n<meta property=\"og:locale\" content=\"en_US\" \/>\n<meta property=\"og:type\" content=\"article\" \/>\n<meta property=\"og:title\" content=\"Water, rivers and villages: tribute to those who fight to defend rivers and their people - Fundaci\u00f3n Biodiversidad\" \/>\n<meta property=\"og:description\" content=\"The purpose of this initiative is the realization and subsequent exhibition of the exhibition &#8220;Water, rivers and peoples: tribute to those who fight to defend [&hellip;]\" \/>\n<meta property=\"og:url\" content=\"https:\/\/fundacion-biodiversidad.es\/en\/proyectos_ficha\/water-rivers-and-villages-tribute-to-those-who-fight-to-defend-rivers-and-their-people\/\" \/>\n<meta property=\"og:site_name\" content=\"Fundaci\u00f3n Biodiversidad\" \/>\n<meta property=\"og:image\" content=\"https:\/\/fundacion-biodiversidad.es\/wp-content\/uploads\/2022\/11\/no-imagen.jpg\" \/>\n\t<meta property=\"og:image:width\" content=\"2048\" \/>\n\t<meta property=\"og:image:height\" content=\"2048\" \/>\n\t<meta property=\"og:image:type\" content=\"image\/jpeg\" \/>\n<meta name=\"twitter:card\" content=\"summary_large_image\" \/>\n<meta name=\"twitter:label1\" content=\"Est. reading time\" \/>\n\t<meta name=\"twitter:data1\" content=\"1 minute\" \/>\n<script type=\"application\/ld+json\" class=\"yoast-schema-graph\">{\"@context\":\"https:\/\/schema.org\",\"@graph\":[{\"@type\":\"WebPage\",\"@id\":\"https:\/\/fundacion-biodiversidad.es\/en\/proyectos_ficha\/water-rivers-and-villages-tribute-to-those-who-fight-to-defend-rivers-and-their-people\/\",\"url\":\"https:\/\/fundacion-biodiversidad.es\/en\/proyectos_ficha\/water-rivers-and-villages-tribute-to-those-who-fight-to-defend-rivers-and-their-people\/\",\"name\":\"Water, rivers and villages: tribute to those who fight to defend rivers and their people - Fundaci\u00f3n Biodiversidad\",\"isPartOf\":{\"@id\":\"https:\/\/fundacion-biodiversidad.es\/en\/#website\"},\"primaryImageOfPage\":{\"@id\":\"https:\/\/fundacion-biodiversidad.es\/en\/proyectos_ficha\/water-rivers-and-villages-tribute-to-those-who-fight-to-defend-rivers-and-their-people\/#primaryimage\"},\"image\":{\"@id\":\"https:\/\/fundacion-biodiversidad.es\/en\/proyectos_ficha\/water-rivers-and-villages-tribute-to-those-who-fight-to-defend-rivers-and-their-people\/#primaryimage\"},\"thumbnailUrl\":\"https:\/\/fundacion-biodiversidad.es\/wp-content\/uploads\/2022\/11\/no-imagen.jpg\",\"datePublished\":\"2014-03-24T11:27:32+00:00\",\"breadcrumb\":{\"@id\":\"https:\/\/fundacion-biodiversidad.es\/en\/proyectos_ficha\/water-rivers-and-villages-tribute-to-those-who-fight-to-defend-rivers-and-their-people\/#breadcrumb\"},\"inLanguage\":\"en-US\",\"potentialAction\":[{\"@type\":\"ReadAction\",\"target\":[\"https:\/\/fundacion-biodiversidad.es\/en\/proyectos_ficha\/water-rivers-and-villages-tribute-to-those-who-fight-to-defend-rivers-and-their-people\/\"]}]},{\"@type\":\"ImageObject\",\"inLanguage\":\"en-US\",\"@id\":\"https:\/\/fundacion-biodiversidad.es\/en\/proyectos_ficha\/water-rivers-and-villages-tribute-to-those-who-fight-to-defend-rivers-and-their-people\/#primaryimage\",\"url\":\"https:\/\/fundacion-biodiversidad.es\/wp-content\/uploads\/2022\/11\/no-imagen.jpg\",\"contentUrl\":\"https:\/\/fundacion-biodiversidad.es\/wp-content\/uploads\/2022\/11\/no-imagen.jpg\",\"width\":2048,\"height\":2048,\"caption\":\"Formaci\u00f3n en medio ambiente natural\"},{\"@type\":\"BreadcrumbList\",\"@id\":\"https:\/\/fundacion-biodiversidad.es\/en\/proyectos_ficha\/water-rivers-and-villages-tribute-to-those-who-fight-to-defend-rivers-and-their-people\/#breadcrumb\",\"itemListElement\":[{\"@type\":\"ListItem\",\"position\":1,\"name\":\"Portada\",\"item\":\"https:\/\/fundacion-biodiversidad.es\/en\/inicio\/\"},{\"@type\":\"ListItem\",\"position\":2,\"name\":\"MITECO\",\"item\":\"https:\/\/fundacion-biodiversidad.es\/en\/proyectos_ficha\/\"},{\"@type\":\"ListItem\",\"position\":3,\"name\":\"Water, rivers and villages: tribute to those who fight to defend rivers and their people\"}]},{\"@type\":\"WebSite\",\"@id\":\"https:\/\/fundacion-biodiversidad.es\/en\/#website\",\"url\":\"https:\/\/fundacion-biodiversidad.es\/en\/\",\"name\":\"Fundaci\u00f3n Biodiversidad\",\"description\":\"Fundaci\u00f3n p\u00fablica adscrita al Ministerio para la Transici\u00f3n Ecol\u00f3gica\",\"potentialAction\":[{\"@type\":\"SearchAction\",\"target\":{\"@type\":\"EntryPoint\",\"urlTemplate\":\"https:\/\/fundacion-biodiversidad.es\/en\/?s={search_term_string}\"},\"query-input\":{\"@type\":\"PropertyValueSpecification\",\"valueRequired\":true,\"valueName\":\"search_term_string\"}}],\"inLanguage\":\"en-US\"}]}<\/script>\n<!-- \/ Yoast SEO plugin. -->","yoast_head_json":{"title":"Water, rivers and villages: tribute to those who fight to defend rivers and their people - Fundaci\u00f3n Biodiversidad","robots":{"index":"index","follow":"follow","max-snippet":"max-snippet:-1","max-image-preview":"max-image-preview:large","max-video-preview":"max-video-preview:-1"},"canonical":"https:\/\/fundacion-biodiversidad.es\/en\/proyectos_ficha\/water-rivers-and-villages-tribute-to-those-who-fight-to-defend-rivers-and-their-people\/","og_locale":"en_US","og_type":"article","og_title":"Water, rivers and villages: tribute to those who fight to defend rivers and their people - Fundaci\u00f3n Biodiversidad","og_description":"The purpose of this initiative is the realization and subsequent exhibition of the exhibition &#8220;Water, rivers and peoples: tribute to those who fight to defend [&hellip;]","og_url":"https:\/\/fundacion-biodiversidad.es\/en\/proyectos_ficha\/water-rivers-and-villages-tribute-to-those-who-fight-to-defend-rivers-and-their-people\/","og_site_name":"Fundaci\u00f3n Biodiversidad","og_image":[{"width":2048,"height":2048,"url":"https:\/\/fundacion-biodiversidad.es\/wp-content\/uploads\/2022\/11\/no-imagen.jpg","type":"image\/jpeg"}],"twitter_card":"summary_large_image","twitter_misc":{"Est. reading time":"1 minute"},"schema":{"@context":"https:\/\/schema.org","@graph":[{"@type":"WebPage","@id":"https:\/\/fundacion-biodiversidad.es\/en\/proyectos_ficha\/water-rivers-and-villages-tribute-to-those-who-fight-to-defend-rivers-and-their-people\/","url":"https:\/\/fundacion-biodiversidad.es\/en\/proyectos_ficha\/water-rivers-and-villages-tribute-to-those-who-fight-to-defend-rivers-and-their-people\/","name":"Water, rivers and villages: tribute to those who fight to defend rivers and their people - Fundaci\u00f3n Biodiversidad","isPartOf":{"@id":"https:\/\/fundacion-biodiversidad.es\/en\/#website"},"primaryImageOfPage":{"@id":"https:\/\/fundacion-biodiversidad.es\/en\/proyectos_ficha\/water-rivers-and-villages-tribute-to-those-who-fight-to-defend-rivers-and-their-people\/#primaryimage"},"image":{"@id":"https:\/\/fundacion-biodiversidad.es\/en\/proyectos_ficha\/water-rivers-and-villages-tribute-to-those-who-fight-to-defend-rivers-and-their-people\/#primaryimage"},"thumbnailUrl":"https:\/\/fundacion-biodiversidad.es\/wp-content\/uploads\/2022\/11\/no-imagen.jpg","datePublished":"2014-03-24T11:27:32+00:00","breadcrumb":{"@id":"https:\/\/fundacion-biodiversidad.es\/en\/proyectos_ficha\/water-rivers-and-villages-tribute-to-those-who-fight-to-defend-rivers-and-their-people\/#breadcrumb"},"inLanguage":"en-US","potentialAction":[{"@type":"ReadAction","target":["https:\/\/fundacion-biodiversidad.es\/en\/proyectos_ficha\/water-rivers-and-villages-tribute-to-those-who-fight-to-defend-rivers-and-their-people\/"]}]},{"@type":"ImageObject","inLanguage":"en-US","@id":"https:\/\/fundacion-biodiversidad.es\/en\/proyectos_ficha\/water-rivers-and-villages-tribute-to-those-who-fight-to-defend-rivers-and-their-people\/#primaryimage","url":"https:\/\/fundacion-biodiversidad.es\/wp-content\/uploads\/2022\/11\/no-imagen.jpg","contentUrl":"https:\/\/fundacion-biodiversidad.es\/wp-content\/uploads\/2022\/11\/no-imagen.jpg","width":2048,"height":2048,"caption":"Formaci\u00f3n en medio ambiente natural"},{"@type":"BreadcrumbList","@id":"https:\/\/fundacion-biodiversidad.es\/en\/proyectos_ficha\/water-rivers-and-villages-tribute-to-those-who-fight-to-defend-rivers-and-their-people\/#breadcrumb","itemListElement":[{"@type":"ListItem","position":1,"name":"Portada","item":"https:\/\/fundacion-biodiversidad.es\/en\/inicio\/"},{"@type":"ListItem","position":2,"name":"MITECO","item":"https:\/\/fundacion-biodiversidad.es\/en\/proyectos_ficha\/"},{"@type":"ListItem","position":3,"name":"Water, rivers and villages: tribute to those who fight to defend rivers and their people"}]},{"@type":"WebSite","@id":"https:\/\/fundacion-biodiversidad.es\/en\/#website","url":"https:\/\/fundacion-biodiversidad.es\/en\/","name":"Fundaci\u00f3n Biodiversidad","description":"Fundaci\u00f3n p\u00fablica adscrita al Ministerio para la Transici\u00f3n Ecol\u00f3gica","potentialAction":[{"@type":"SearchAction","target":{"@type":"EntryPoint","urlTemplate":"https:\/\/fundacion-biodiversidad.es\/en\/?s={search_term_string}"},"query-input":{"@type":"PropertyValueSpecification","valueRequired":true,"valueName":"search_term_string"}}],"inLanguage":"en-US"}]}},"_links":{"self":[{"href":"https:\/\/fundacion-biodiversidad.es\/en\/wp-json\/wp\/v2\/proyectos_ficha\/97860625","targetHints":{"allow":["GET"]}}],"collection":[{"href":"https:\/\/fundacion-biodiversidad.es\/en\/wp-json\/wp\/v2\/proyectos_ficha"}],"about":[{"href":"https:\/\/fundacion-biodiversidad.es\/en\/wp-json\/wp\/v2\/types\/proyectos_ficha"}],"author":[{"embeddable":true,"href":"https:\/\/fundacion-biodiversidad.es\/en\/wp-json\/wp\/v2\/users\/11"}],"wp:featuredmedia":[{"embeddable":true,"href":"https:\/\/fundacion-biodiversidad.es\/en\/wp-json\/wp\/v2\/media\/22405"}],"wp:attachment":[{"href":"https:\/\/fundacion-biodiversidad.es\/en\/wp-json\/wp\/v2\/media?parent=97860625"}],"wp:term":[{"taxonomy":"financiaci_n","embeddable":true,"href":"https:\/\/fundacion-biodiversidad.es\/en\/wp-json\/wp\/v2\/financiaci_n?post=97860625"},{"taxonomy":"lineas_actuacion_tematicas","embeddable":true,"href":"https:\/\/fundacion-biodiversidad.es\/en\/wp-json\/wp\/v2\/lineas_actuacion_tematicas?post=97860625"}],"curies":[{"name":"wp","href":"https:\/\/api.w.org\/{rel}","templated":true}]}}

<!-- This site is optimized with the Yoast SEO plugin v26.9 - https://yoast.com/product/yoast-seo-wordpress/ -->
<title>Water, rivers and villages: tribute to those who fight to defend rivers and their people - Fundación Biodiversidad</title>
<meta name="robots" content="index, follow, max-snippet:-1, max-image-preview:large, max-video-preview:-1" />
<link rel="canonical" href="https://fundacion-biodiversidad.es/en/proyectos_ficha/water-rivers-and-villages-tribute-to-those-who-fight-to-defend-rivers-and-their-people/" />
<meta property="og:locale" content="en_US" />
<meta property="og:type" content="article" />
<meta property="og:title" content="Water, rivers and villages: tribute to those who fight to defend rivers and their people - Fundación Biodiversidad" />
<meta property="og:description" content="The purpose of this initiative is the realization and subsequent exhibition of the exhibition &#8220;Water, rivers and peoples: tribute to those who fight to defend [&hellip;]" />
<meta property="og:url" content="https://fundacion-biodiversidad.es/en/proyectos_ficha/water-rivers-and-villages-tribute-to-those-who-fight-to-defend-rivers-and-their-people/" />
<meta property="og:site_name" content="Fundación Biodiversidad" />
<meta property="og:image" content="https://fundacion-biodiversidad.es/wp-content/uploads/2022/11/no-imagen.jpg" />
	<meta property="og:image:width" content="2048" />
	<meta property="og:image:height" content="2048" />
	<meta property="og:image:type" content="image/jpeg" />
<meta name="twitter:card" content="summary_large_image" />
<meta name="twitter:label1" content="Est. reading time" />
	<meta name="twitter:data1" content="1 minute" />
<script type="application/ld+json" class="yoast-schema-graph">{"@context":"https://schema.org","@graph":[{"@type":"WebPage","@id":"https://fundacion-biodiversidad.es/en/proyectos_ficha/water-rivers-and-villages-tribute-to-those-who-fight-to-defend-rivers-and-their-people/","url":"https://fundacion-biodiversidad.es/en/proyectos_ficha/water-rivers-and-villages-tribute-to-those-who-fight-to-defend-rivers-and-their-people/","name":"Water, rivers and villages: tribute to those who fight to defend rivers and their people - Fundación Biodiversidad","isPartOf":{"@id":"https://fundacion-biodiversidad.es/en/#website"},"primaryImageOfPage":{"@id":"https://fundacion-biodiversidad.es/en/proyectos_ficha/water-rivers-and-villages-tribute-to-those-who-fight-to-defend-rivers-and-their-people/#primaryimage"},"image":{"@id":"https://fundacion-biodiversidad.es/en/proyectos_ficha/water-rivers-and-villages-tribute-to-those-who-fight-to-defend-rivers-and-their-people/#primaryimage"},"thumbnailUrl":"https://fundacion-biodiversidad.es/wp-content/uploads/2022/11/no-imagen.jpg","datePublished":"2014-03-24T11:27:32+00:00","breadcrumb":{"@id":"https://fundacion-biodiversidad.es/en/proyectos_ficha/water-rivers-and-villages-tribute-to-those-who-fight-to-defend-rivers-and-their-people/#breadcrumb"},"inLanguage":"en-US","potentialAction":[{"@type":"ReadAction","target":["https://fundacion-biodiversidad.es/en/proyectos_ficha/water-rivers-and-villages-tribute-to-those-who-fight-to-defend-rivers-and-their-people/"]}]},{"@type":"ImageObject","inLanguage":"en-US","@id":"https://fundacion-biodiversidad.es/en/proyectos_ficha/water-rivers-and-villages-tribute-to-those-who-fight-to-defend-rivers-and-their-people/#primaryimage","url":"https://fundacion-biodiversidad.es/wp-content/uploads/2022/11/no-imagen.jpg","contentUrl":"https://fundacion-biodiversidad.es/wp-content/uploads/2022/11/no-imagen.jpg","width":2048,"height":2048,"caption":"Formación en medio ambiente natural"},{"@type":"BreadcrumbList","@id":"https://fundacion-biodiversidad.es/en/proyectos_ficha/water-rivers-and-villages-tribute-to-those-who-fight-to-defend-rivers-and-their-people/#breadcrumb","itemListElement":[{"@type":"ListItem","position":1,"name":"Portada","item":"https://fundacion-biodiversidad.es/en/inicio/"},{"@type":"ListItem","position":2,"name":"MITECO","item":"https://fundacion-biodiversidad.es/en/proyectos_ficha/"},{"@type":"ListItem","position":3,"name":"Water, rivers and villages: tribute to those who fight to defend rivers and their people"}]},{"@type":"WebSite","@id":"https://fundacion-biodiversidad.es/en/#website","url":"https://fundacion-biodiversidad.es/en/","name":"Fundación Biodiversidad","description":"Fundación pública adscrita al Ministerio para la Transición Ecológica","potentialAction":[{"@type":"SearchAction","target":{"@type":"EntryPoint","urlTemplate":"https://fundacion-biodiversidad.es/en/?s={search_term_string}"},"query-input":{"@type":"PropertyValueSpecification","valueRequired":true,"valueName":"search_term_string"}}],"inLanguage":"en-US"}]}</script>
<!-- / Yoast SEO plugin. -->

Water, rivers and villages: tribute to those who fight to defend rivers and their people - Fundación Biodiversidad

Fundación Biodiversidad

Formación en medio ambiente natural

Fundación pública adscrita al Ministerio para la Transición Ecológica
