{"id":97860634,"date":"2014-03-24T12:27:32","date_gmt":"2014-03-24T11:27:32","guid":{"rendered":"https:\/\/fundacion-biodiversidad.es\/proyectos_ficha\/contribution-to-the-recovery-and-management-of-the-ecuadorian-amazon-forest\/"},"modified":"2014-03-24T12:27:32","modified_gmt":"2014-03-24T11:27:32","slug":"contribution-to-the-recovery-and-management-of-the-ecuadorian-amazon-forest","status":"publish","type":"proyectos_ficha","link":"https:\/\/fundacion-biodiversidad.es\/en\/proyectos_ficha\/contribution-to-the-recovery-and-management-of-the-ecuadorian-amazon-forest\/","title":{"rendered":"Contribution to the recovery and management of the Ecuadorian Amazon forest"},"content":{"rendered":"<p>The main objective of the project is to improve the management of the Ecuadorian Amazon forest, in the province of Orellana, so that positive results are achieved that minimize the effects of climate change.<\/p>\n<p>          <!--more--><\/p>\n<p>The main objective of the project is to improve the management of the Ecuadorian Amazon forest, in the province of Orellana, so that positive results are achieved that minimize the effects of climate change.<\/p>\n<p>To this end, a pilot reforestation program will be implemented, together with the sectional governments, recovering deforested territories of indigenous peasant communities. On the other hand, a participatory forest management plan will be established for the province of Orellana, which regulates the use and sustainable management of the forest. <\/p>\n<p>A forest diagnosis of the province will be carried out by compiling existing information. Based on it, the forest management plan will be drawn up, as well as the strategic plan agreed upon with all the actors in the forestry field. <\/p>\n<p>Among the planned actions:<\/p>\n<ul>\n<li>Courses will be held to train the technicians of the sectional governments in the proper management of the nurseries and so that the inhabitants of the communities are trained in the field of reforestation.<\/li>\n<li>A register of the communities will be prepared and the different reforestation models to be implemented will be designed. The residents will be given plants, supplies and tools to be able to carry out the reforestation tasks. <\/li>\n<li>A publication will include the systematization of the forestry plan of the province of Orellana.<\/li>\n<\/ul>\n","protected":false},"author":11,"featured_media":22405,"template":"","meta":{"_acf_changed":false},"financiaci_n":[650],"lineas_actuacion_tematicas":[],"class_list":["post-97860634","proyectos_ficha","type-proyectos_ficha","status-publish","has-post-thumbnail","hentry","financiaci_n-fundacion-biodiversidad-en"],"acf":[],"yoast_head":"<!-- This site is optimized with the Yoast SEO plugin v26.9 - https:\/\/yoast.com\/product\/yoast-seo-wordpress\/ -->\n<title>Contribution to the recovery and management of the Ecuadorian Amazon forest - Fundaci\u00f3n Biodiversidad<\/title>\n<meta name=\"robots\" content=\"index, follow, max-snippet:-1, max-image-preview:large, max-video-preview:-1\" \/>\n<link rel=\"canonical\" href=\"https:\/\/fundacion-biodiversidad.es\/en\/proyectos_ficha\/contribution-to-the-recovery-and-management-of-the-ecuadorian-amazon-forest\/\" \/>\n<meta property=\"og:locale\" content=\"en_US\" \/>\n<meta property=\"og:type\" content=\"article\" \/>\n<meta property=\"og:title\" content=\"Contribution to the recovery and management of the Ecuadorian Amazon forest - Fundaci\u00f3n Biodiversidad\" \/>\n<meta property=\"og:description\" content=\"The main objective of the project is to improve the management of the Ecuadorian Amazon forest, in the province of Orellana, so that positive results [&hellip;]\" \/>\n<meta property=\"og:url\" content=\"https:\/\/fundacion-biodiversidad.es\/en\/proyectos_ficha\/contribution-to-the-recovery-and-management-of-the-ecuadorian-amazon-forest\/\" \/>\n<meta property=\"og:site_name\" content=\"Fundaci\u00f3n Biodiversidad\" \/>\n<meta property=\"og:image\" content=\"https:\/\/fundacion-biodiversidad.es\/wp-content\/uploads\/2022\/11\/no-imagen.jpg\" \/>\n\t<meta property=\"og:image:width\" content=\"2048\" \/>\n\t<meta property=\"og:image:height\" content=\"2048\" \/>\n\t<meta property=\"og:image:type\" content=\"image\/jpeg\" \/>\n<meta name=\"twitter:card\" content=\"summary_large_image\" \/>\n<meta name=\"twitter:label1\" content=\"Est. reading time\" \/>\n\t<meta name=\"twitter:data1\" content=\"1 minute\" \/>\n<script type=\"application\/ld+json\" class=\"yoast-schema-graph\">{\"@context\":\"https:\/\/schema.org\",\"@graph\":[{\"@type\":\"WebPage\",\"@id\":\"https:\/\/fundacion-biodiversidad.es\/en\/proyectos_ficha\/contribution-to-the-recovery-and-management-of-the-ecuadorian-amazon-forest\/\",\"url\":\"https:\/\/fundacion-biodiversidad.es\/en\/proyectos_ficha\/contribution-to-the-recovery-and-management-of-the-ecuadorian-amazon-forest\/\",\"name\":\"Contribution to the recovery and management of the Ecuadorian Amazon forest - Fundaci\u00f3n Biodiversidad\",\"isPartOf\":{\"@id\":\"https:\/\/fundacion-biodiversidad.es\/en\/#website\"},\"primaryImageOfPage\":{\"@id\":\"https:\/\/fundacion-biodiversidad.es\/en\/proyectos_ficha\/contribution-to-the-recovery-and-management-of-the-ecuadorian-amazon-forest\/#primaryimage\"},\"image\":{\"@id\":\"https:\/\/fundacion-biodiversidad.es\/en\/proyectos_ficha\/contribution-to-the-recovery-and-management-of-the-ecuadorian-amazon-forest\/#primaryimage\"},\"thumbnailUrl\":\"https:\/\/fundacion-biodiversidad.es\/wp-content\/uploads\/2022\/11\/no-imagen.jpg\",\"datePublished\":\"2014-03-24T11:27:32+00:00\",\"breadcrumb\":{\"@id\":\"https:\/\/fundacion-biodiversidad.es\/en\/proyectos_ficha\/contribution-to-the-recovery-and-management-of-the-ecuadorian-amazon-forest\/#breadcrumb\"},\"inLanguage\":\"en-US\",\"potentialAction\":[{\"@type\":\"ReadAction\",\"target\":[\"https:\/\/fundacion-biodiversidad.es\/en\/proyectos_ficha\/contribution-to-the-recovery-and-management-of-the-ecuadorian-amazon-forest\/\"]}]},{\"@type\":\"ImageObject\",\"inLanguage\":\"en-US\",\"@id\":\"https:\/\/fundacion-biodiversidad.es\/en\/proyectos_ficha\/contribution-to-the-recovery-and-management-of-the-ecuadorian-amazon-forest\/#primaryimage\",\"url\":\"https:\/\/fundacion-biodiversidad.es\/wp-content\/uploads\/2022\/11\/no-imagen.jpg\",\"contentUrl\":\"https:\/\/fundacion-biodiversidad.es\/wp-content\/uploads\/2022\/11\/no-imagen.jpg\",\"width\":2048,\"height\":2048,\"caption\":\"Formaci\u00f3n en medio ambiente natural\"},{\"@type\":\"BreadcrumbList\",\"@id\":\"https:\/\/fundacion-biodiversidad.es\/en\/proyectos_ficha\/contribution-to-the-recovery-and-management-of-the-ecuadorian-amazon-forest\/#breadcrumb\",\"itemListElement\":[{\"@type\":\"ListItem\",\"position\":1,\"name\":\"Portada\",\"item\":\"https:\/\/fundacion-biodiversidad.es\/en\/inicio\/\"},{\"@type\":\"ListItem\",\"position\":2,\"name\":\"MITECO\",\"item\":\"https:\/\/fundacion-biodiversidad.es\/en\/proyectos_ficha\/\"},{\"@type\":\"ListItem\",\"position\":3,\"name\":\"Contribution to the recovery and management of the Ecuadorian Amazon forest\"}]},{\"@type\":\"WebSite\",\"@id\":\"https:\/\/fundacion-biodiversidad.es\/en\/#website\",\"url\":\"https:\/\/fundacion-biodiversidad.es\/en\/\",\"name\":\"Fundaci\u00f3n Biodiversidad\",\"description\":\"Fundaci\u00f3n p\u00fablica adscrita al Ministerio para la Transici\u00f3n Ecol\u00f3gica\",\"potentialAction\":[{\"@type\":\"SearchAction\",\"target\":{\"@type\":\"EntryPoint\",\"urlTemplate\":\"https:\/\/fundacion-biodiversidad.es\/en\/?s={search_term_string}\"},\"query-input\":{\"@type\":\"PropertyValueSpecification\",\"valueRequired\":true,\"valueName\":\"search_term_string\"}}],\"inLanguage\":\"en-US\"}]}<\/script>\n<!-- \/ Yoast SEO plugin. -->","yoast_head_json":{"title":"Contribution to the recovery and management of the Ecuadorian Amazon forest - Fundaci\u00f3n Biodiversidad","robots":{"index":"index","follow":"follow","max-snippet":"max-snippet:-1","max-image-preview":"max-image-preview:large","max-video-preview":"max-video-preview:-1"},"canonical":"https:\/\/fundacion-biodiversidad.es\/en\/proyectos_ficha\/contribution-to-the-recovery-and-management-of-the-ecuadorian-amazon-forest\/","og_locale":"en_US","og_type":"article","og_title":"Contribution to the recovery and management of the Ecuadorian Amazon forest - Fundaci\u00f3n Biodiversidad","og_description":"The main objective of the project is to improve the management of the Ecuadorian Amazon forest, in the province of Orellana, so that positive results [&hellip;]","og_url":"https:\/\/fundacion-biodiversidad.es\/en\/proyectos_ficha\/contribution-to-the-recovery-and-management-of-the-ecuadorian-amazon-forest\/","og_site_name":"Fundaci\u00f3n Biodiversidad","og_image":[{"width":2048,"height":2048,"url":"https:\/\/fundacion-biodiversidad.es\/wp-content\/uploads\/2022\/11\/no-imagen.jpg","type":"image\/jpeg"}],"twitter_card":"summary_large_image","twitter_misc":{"Est. reading time":"1 minute"},"schema":{"@context":"https:\/\/schema.org","@graph":[{"@type":"WebPage","@id":"https:\/\/fundacion-biodiversidad.es\/en\/proyectos_ficha\/contribution-to-the-recovery-and-management-of-the-ecuadorian-amazon-forest\/","url":"https:\/\/fundacion-biodiversidad.es\/en\/proyectos_ficha\/contribution-to-the-recovery-and-management-of-the-ecuadorian-amazon-forest\/","name":"Contribution to the recovery and management of the Ecuadorian Amazon forest - Fundaci\u00f3n Biodiversidad","isPartOf":{"@id":"https:\/\/fundacion-biodiversidad.es\/en\/#website"},"primaryImageOfPage":{"@id":"https:\/\/fundacion-biodiversidad.es\/en\/proyectos_ficha\/contribution-to-the-recovery-and-management-of-the-ecuadorian-amazon-forest\/#primaryimage"},"image":{"@id":"https:\/\/fundacion-biodiversidad.es\/en\/proyectos_ficha\/contribution-to-the-recovery-and-management-of-the-ecuadorian-amazon-forest\/#primaryimage"},"thumbnailUrl":"https:\/\/fundacion-biodiversidad.es\/wp-content\/uploads\/2022\/11\/no-imagen.jpg","datePublished":"2014-03-24T11:27:32+00:00","breadcrumb":{"@id":"https:\/\/fundacion-biodiversidad.es\/en\/proyectos_ficha\/contribution-to-the-recovery-and-management-of-the-ecuadorian-amazon-forest\/#breadcrumb"},"inLanguage":"en-US","potentialAction":[{"@type":"ReadAction","target":["https:\/\/fundacion-biodiversidad.es\/en\/proyectos_ficha\/contribution-to-the-recovery-and-management-of-the-ecuadorian-amazon-forest\/"]}]},{"@type":"ImageObject","inLanguage":"en-US","@id":"https:\/\/fundacion-biodiversidad.es\/en\/proyectos_ficha\/contribution-to-the-recovery-and-management-of-the-ecuadorian-amazon-forest\/#primaryimage","url":"https:\/\/fundacion-biodiversidad.es\/wp-content\/uploads\/2022\/11\/no-imagen.jpg","contentUrl":"https:\/\/fundacion-biodiversidad.es\/wp-content\/uploads\/2022\/11\/no-imagen.jpg","width":2048,"height":2048,"caption":"Formaci\u00f3n en medio ambiente natural"},{"@type":"BreadcrumbList","@id":"https:\/\/fundacion-biodiversidad.es\/en\/proyectos_ficha\/contribution-to-the-recovery-and-management-of-the-ecuadorian-amazon-forest\/#breadcrumb","itemListElement":[{"@type":"ListItem","position":1,"name":"Portada","item":"https:\/\/fundacion-biodiversidad.es\/en\/inicio\/"},{"@type":"ListItem","position":2,"name":"MITECO","item":"https:\/\/fundacion-biodiversidad.es\/en\/proyectos_ficha\/"},{"@type":"ListItem","position":3,"name":"Contribution to the recovery and management of the Ecuadorian Amazon forest"}]},{"@type":"WebSite","@id":"https:\/\/fundacion-biodiversidad.es\/en\/#website","url":"https:\/\/fundacion-biodiversidad.es\/en\/","name":"Fundaci\u00f3n Biodiversidad","description":"Fundaci\u00f3n p\u00fablica adscrita al Ministerio para la Transici\u00f3n Ecol\u00f3gica","potentialAction":[{"@type":"SearchAction","target":{"@type":"EntryPoint","urlTemplate":"https:\/\/fundacion-biodiversidad.es\/en\/?s={search_term_string}"},"query-input":{"@type":"PropertyValueSpecification","valueRequired":true,"valueName":"search_term_string"}}],"inLanguage":"en-US"}]}},"_links":{"self":[{"href":"https:\/\/fundacion-biodiversidad.es\/en\/wp-json\/wp\/v2\/proyectos_ficha\/97860634","targetHints":{"allow":["GET"]}}],"collection":[{"href":"https:\/\/fundacion-biodiversidad.es\/en\/wp-json\/wp\/v2\/proyectos_ficha"}],"about":[{"href":"https:\/\/fundacion-biodiversidad.es\/en\/wp-json\/wp\/v2\/types\/proyectos_ficha"}],"author":[{"embeddable":true,"href":"https:\/\/fundacion-biodiversidad.es\/en\/wp-json\/wp\/v2\/users\/11"}],"wp:featuredmedia":[{"embeddable":true,"href":"https:\/\/fundacion-biodiversidad.es\/en\/wp-json\/wp\/v2\/media\/22405"}],"wp:attachment":[{"href":"https:\/\/fundacion-biodiversidad.es\/en\/wp-json\/wp\/v2\/media?parent=97860634"}],"wp:term":[{"taxonomy":"financiaci_n","embeddable":true,"href":"https:\/\/fundacion-biodiversidad.es\/en\/wp-json\/wp\/v2\/financiaci_n?post=97860634"},{"taxonomy":"lineas_actuacion_tematicas","embeddable":true,"href":"https:\/\/fundacion-biodiversidad.es\/en\/wp-json\/wp\/v2\/lineas_actuacion_tematicas?post=97860634"}],"curies":[{"name":"wp","href":"https:\/\/api.w.org\/{rel}","templated":true}]}}

<!-- This site is optimized with the Yoast SEO plugin v26.9 - https://yoast.com/product/yoast-seo-wordpress/ -->
<title>Contribution to the recovery and management of the Ecuadorian Amazon forest - Fundación Biodiversidad</title>
<meta name="robots" content="index, follow, max-snippet:-1, max-image-preview:large, max-video-preview:-1" />
<link rel="canonical" href="https://fundacion-biodiversidad.es/en/proyectos_ficha/contribution-to-the-recovery-and-management-of-the-ecuadorian-amazon-forest/" />
<meta property="og:locale" content="en_US" />
<meta property="og:type" content="article" />
<meta property="og:title" content="Contribution to the recovery and management of the Ecuadorian Amazon forest - Fundación Biodiversidad" />
<meta property="og:description" content="The main objective of the project is to improve the management of the Ecuadorian Amazon forest, in the province of Orellana, so that positive results [&hellip;]" />
<meta property="og:url" content="https://fundacion-biodiversidad.es/en/proyectos_ficha/contribution-to-the-recovery-and-management-of-the-ecuadorian-amazon-forest/" />
<meta property="og:site_name" content="Fundación Biodiversidad" />
<meta property="og:image" content="https://fundacion-biodiversidad.es/wp-content/uploads/2022/11/no-imagen.jpg" />
	<meta property="og:image:width" content="2048" />
	<meta property="og:image:height" content="2048" />
	<meta property="og:image:type" content="image/jpeg" />
<meta name="twitter:card" content="summary_large_image" />
<meta name="twitter:label1" content="Est. reading time" />
	<meta name="twitter:data1" content="1 minute" />
<script type="application/ld+json" class="yoast-schema-graph">{"@context":"https://schema.org","@graph":[{"@type":"WebPage","@id":"https://fundacion-biodiversidad.es/en/proyectos_ficha/contribution-to-the-recovery-and-management-of-the-ecuadorian-amazon-forest/","url":"https://fundacion-biodiversidad.es/en/proyectos_ficha/contribution-to-the-recovery-and-management-of-the-ecuadorian-amazon-forest/","name":"Contribution to the recovery and management of the Ecuadorian Amazon forest - Fundación Biodiversidad","isPartOf":{"@id":"https://fundacion-biodiversidad.es/en/#website"},"primaryImageOfPage":{"@id":"https://fundacion-biodiversidad.es/en/proyectos_ficha/contribution-to-the-recovery-and-management-of-the-ecuadorian-amazon-forest/#primaryimage"},"image":{"@id":"https://fundacion-biodiversidad.es/en/proyectos_ficha/contribution-to-the-recovery-and-management-of-the-ecuadorian-amazon-forest/#primaryimage"},"thumbnailUrl":"https://fundacion-biodiversidad.es/wp-content/uploads/2022/11/no-imagen.jpg","datePublished":"2014-03-24T11:27:32+00:00","breadcrumb":{"@id":"https://fundacion-biodiversidad.es/en/proyectos_ficha/contribution-to-the-recovery-and-management-of-the-ecuadorian-amazon-forest/#breadcrumb"},"inLanguage":"en-US","potentialAction":[{"@type":"ReadAction","target":["https://fundacion-biodiversidad.es/en/proyectos_ficha/contribution-to-the-recovery-and-management-of-the-ecuadorian-amazon-forest/"]}]},{"@type":"ImageObject","inLanguage":"en-US","@id":"https://fundacion-biodiversidad.es/en/proyectos_ficha/contribution-to-the-recovery-and-management-of-the-ecuadorian-amazon-forest/#primaryimage","url":"https://fundacion-biodiversidad.es/wp-content/uploads/2022/11/no-imagen.jpg","contentUrl":"https://fundacion-biodiversidad.es/wp-content/uploads/2022/11/no-imagen.jpg","width":2048,"height":2048,"caption":"Formación en medio ambiente natural"},{"@type":"BreadcrumbList","@id":"https://fundacion-biodiversidad.es/en/proyectos_ficha/contribution-to-the-recovery-and-management-of-the-ecuadorian-amazon-forest/#breadcrumb","itemListElement":[{"@type":"ListItem","position":1,"name":"Portada","item":"https://fundacion-biodiversidad.es/en/inicio/"},{"@type":"ListItem","position":2,"name":"MITECO","item":"https://fundacion-biodiversidad.es/en/proyectos_ficha/"},{"@type":"ListItem","position":3,"name":"Contribution to the recovery and management of the Ecuadorian Amazon forest"}]},{"@type":"WebSite","@id":"https://fundacion-biodiversidad.es/en/#website","url":"https://fundacion-biodiversidad.es/en/","name":"Fundación Biodiversidad","description":"Fundación pública adscrita al Ministerio para la Transición Ecológica","potentialAction":[{"@type":"SearchAction","target":{"@type":"EntryPoint","urlTemplate":"https://fundacion-biodiversidad.es/en/?s={search_term_string}"},"query-input":{"@type":"PropertyValueSpecification","valueRequired":true,"valueName":"search_term_string"}}],"inLanguage":"en-US"}]}</script>
<!-- / Yoast SEO plugin. -->

Contribution to the recovery and management of the Ecuadorian Amazon forest - Fundación Biodiversidad

Fundación Biodiversidad

Formación en medio ambiente natural

Fundación pública adscrita al Ministerio para la Transición Ecológica
