{"id":97856004,"date":"2024-10-22T10:49:14","date_gmt":"2024-10-22T08:49:14","guid":{"rendered":"https:\/\/fundacion-biodiversidad.es\/event\/united-nations-convention-to-combat-desertification\/"},"modified":"2024-10-22T10:49:14","modified_gmt":"2024-10-22T08:49:14","slug":"united-nations-convention-to-combat-desertification","status":"publish","type":"tribe_events","link":"https:\/\/fundacion-biodiversidad.es\/en\/event\/united-nations-convention-to-combat-desertification\/","title":{"rendered":"United Nations Convention to Combat Desertification"},"content":{"rendered":"<p>The 16th session of the Conference of the Parties (COP 16) to the <a href=\"https:\/\/www.unccd.int\/es\/news-stories\/press-releases\/saudi-arabia-host-largest-ever-un-conference-land-and-drought\">United Nations Convention to Combat Desertification<\/a> is being held in Riyadh, Saudi Arabia. COP16 in Riyadh will be the largest gathering of the 197 Parties and the first to be held in the Middle East region. 2024 also marks the 30th anniversary of the United Nations Convention to Combat Desertification, one of the three major environmental treaties known as the Rio Conventions, along with the climate change and biodiversity conventions.  <\/p>\n<p>&nbsp;<\/p>\n","protected":false},"excerpt":{"rendered":"<p>The 16th session of the Conference of the Parties (COP 16) to the United Nations Convention to Combat Desertification is being held in Riyadh, Saudi [&hellip;]<\/p>\n","protected":false},"author":11,"featured_media":0,"template":"","meta":{"_acf_changed":false,"_tribe_events_status":"","_tribe_events_status_reason":"","_tribe_events_is_hybrid":"","_tribe_events_is_virtual":"","_tribe_events_virtual_video_source":"","_tribe_events_virtual_embed_video":"","_tribe_events_virtual_linked_button_text":"","_tribe_events_virtual_linked_button":"","_tribe_events_virtual_show_embed_at":"","_tribe_events_virtual_show_embed_to":[],"_tribe_events_virtual_show_on_event":"","_tribe_events_virtual_show_on_views":"","_tribe_events_virtual_url":"","footnotes":""},"tags":[],"tribe_events_cat":[],"class_list":["post-97856004","tribe_events","type-tribe_events","status-publish","hentry"],"acf":[],"yoast_head":"<!-- This site is optimized with the Yoast SEO plugin v26.9 - https:\/\/yoast.com\/product\/yoast-seo-wordpress\/ -->\n<title>United Nations Convention to Combat Desertification - Fundaci\u00f3n Biodiversidad<\/title>\n<meta name=\"robots\" content=\"index, follow, max-snippet:-1, max-image-preview:large, max-video-preview:-1\" \/>\n<link rel=\"canonical\" href=\"https:\/\/fundacion-biodiversidad.es\/en\/event\/united-nations-convention-to-combat-desertification\/\" \/>\n<meta property=\"og:locale\" content=\"en_US\" \/>\n<meta property=\"og:type\" content=\"article\" \/>\n<meta property=\"og:title\" content=\"United Nations Convention to Combat Desertification - Fundaci\u00f3n Biodiversidad\" \/>\n<meta property=\"og:description\" content=\"The 16th session of the Conference of the Parties (COP 16) to the United Nations Convention to Combat Desertification is being held in Riyadh, Saudi [&hellip;]\" \/>\n<meta property=\"og:url\" content=\"https:\/\/fundacion-biodiversidad.es\/en\/event\/united-nations-convention-to-combat-desertification\/\" \/>\n<meta property=\"og:site_name\" content=\"Fundaci\u00f3n Biodiversidad\" \/>\n<meta property=\"og:image\" content=\"https:\/\/fundacion-biodiversidad.es\/wp-content\/uploads\/2023\/01\/2487661294_35330241_720x405.png\" \/>\n\t<meta property=\"og:image:width\" content=\"720\" \/>\n\t<meta property=\"og:image:height\" content=\"405\" \/>\n\t<meta property=\"og:image:type\" content=\"image\/png\" \/>\n<meta name=\"twitter:card\" content=\"summary_large_image\" \/>\n<script type=\"application\/ld+json\" class=\"yoast-schema-graph\">{\"@context\":\"https:\/\/schema.org\",\"@graph\":[{\"@type\":\"WebPage\",\"@id\":\"https:\/\/fundacion-biodiversidad.es\/en\/event\/united-nations-convention-to-combat-desertification\/\",\"url\":\"https:\/\/fundacion-biodiversidad.es\/en\/event\/united-nations-convention-to-combat-desertification\/\",\"name\":\"United Nations Convention to Combat Desertification - Fundaci\u00f3n Biodiversidad\",\"isPartOf\":{\"@id\":\"https:\/\/fundacion-biodiversidad.es\/en\/#website\"},\"datePublished\":\"2024-10-22T08:49:14+00:00\",\"breadcrumb\":{\"@id\":\"https:\/\/fundacion-biodiversidad.es\/en\/event\/united-nations-convention-to-combat-desertification\/#breadcrumb\"},\"inLanguage\":\"en-US\",\"potentialAction\":[{\"@type\":\"ReadAction\",\"target\":[\"https:\/\/fundacion-biodiversidad.es\/en\/event\/united-nations-convention-to-combat-desertification\/\"]}]},{\"@type\":\"BreadcrumbList\",\"@id\":\"https:\/\/fundacion-biodiversidad.es\/en\/event\/united-nations-convention-to-combat-desertification\/#breadcrumb\",\"itemListElement\":[{\"@type\":\"ListItem\",\"position\":1,\"name\":\"Portada\",\"item\":\"https:\/\/fundacion-biodiversidad.es\/en\/inicio\/\"},{\"@type\":\"ListItem\",\"position\":2,\"name\":\"Events\",\"item\":\"https:\/\/fundacion-biodiversidad.es\/en\/events\/\"},{\"@type\":\"ListItem\",\"position\":3,\"name\":\"United Nations Convention to Combat Desertification\"}]},{\"@type\":\"WebSite\",\"@id\":\"https:\/\/fundacion-biodiversidad.es\/en\/#website\",\"url\":\"https:\/\/fundacion-biodiversidad.es\/en\/\",\"name\":\"Fundaci\u00f3n Biodiversidad\",\"description\":\"Fundaci\u00f3n p\u00fablica adscrita al Ministerio para la Transici\u00f3n Ecol\u00f3gica\",\"potentialAction\":[{\"@type\":\"SearchAction\",\"target\":{\"@type\":\"EntryPoint\",\"urlTemplate\":\"https:\/\/fundacion-biodiversidad.es\/en\/?s={search_term_string}\"},\"query-input\":{\"@type\":\"PropertyValueSpecification\",\"valueRequired\":true,\"valueName\":\"search_term_string\"}}],\"inLanguage\":\"en-US\"}]}<\/script>\n<!-- \/ Yoast SEO plugin. -->","yoast_head_json":{"title":"United Nations Convention to Combat Desertification - Fundaci\u00f3n Biodiversidad","robots":{"index":"index","follow":"follow","max-snippet":"max-snippet:-1","max-image-preview":"max-image-preview:large","max-video-preview":"max-video-preview:-1"},"canonical":"https:\/\/fundacion-biodiversidad.es\/en\/event\/united-nations-convention-to-combat-desertification\/","og_locale":"en_US","og_type":"article","og_title":"United Nations Convention to Combat Desertification - Fundaci\u00f3n Biodiversidad","og_description":"The 16th session of the Conference of the Parties (COP 16) to the United Nations Convention to Combat Desertification is being held in Riyadh, Saudi [&hellip;]","og_url":"https:\/\/fundacion-biodiversidad.es\/en\/event\/united-nations-convention-to-combat-desertification\/","og_site_name":"Fundaci\u00f3n Biodiversidad","og_image":[{"width":720,"height":405,"url":"https:\/\/fundacion-biodiversidad.es\/wp-content\/uploads\/2023\/01\/2487661294_35330241_720x405.png","type":"image\/png"}],"twitter_card":"summary_large_image","schema":{"@context":"https:\/\/schema.org","@graph":[{"@type":"WebPage","@id":"https:\/\/fundacion-biodiversidad.es\/en\/event\/united-nations-convention-to-combat-desertification\/","url":"https:\/\/fundacion-biodiversidad.es\/en\/event\/united-nations-convention-to-combat-desertification\/","name":"United Nations Convention to Combat Desertification - Fundaci\u00f3n Biodiversidad","isPartOf":{"@id":"https:\/\/fundacion-biodiversidad.es\/en\/#website"},"datePublished":"2024-10-22T08:49:14+00:00","breadcrumb":{"@id":"https:\/\/fundacion-biodiversidad.es\/en\/event\/united-nations-convention-to-combat-desertification\/#breadcrumb"},"inLanguage":"en-US","potentialAction":[{"@type":"ReadAction","target":["https:\/\/fundacion-biodiversidad.es\/en\/event\/united-nations-convention-to-combat-desertification\/"]}]},{"@type":"BreadcrumbList","@id":"https:\/\/fundacion-biodiversidad.es\/en\/event\/united-nations-convention-to-combat-desertification\/#breadcrumb","itemListElement":[{"@type":"ListItem","position":1,"name":"Portada","item":"https:\/\/fundacion-biodiversidad.es\/en\/inicio\/"},{"@type":"ListItem","position":2,"name":"Events","item":"https:\/\/fundacion-biodiversidad.es\/en\/events\/"},{"@type":"ListItem","position":3,"name":"United Nations Convention to Combat Desertification"}]},{"@type":"WebSite","@id":"https:\/\/fundacion-biodiversidad.es\/en\/#website","url":"https:\/\/fundacion-biodiversidad.es\/en\/","name":"Fundaci\u00f3n Biodiversidad","description":"Fundaci\u00f3n p\u00fablica adscrita al Ministerio para la Transici\u00f3n Ecol\u00f3gica","potentialAction":[{"@type":"SearchAction","target":{"@type":"EntryPoint","urlTemplate":"https:\/\/fundacion-biodiversidad.es\/en\/?s={search_term_string}"},"query-input":{"@type":"PropertyValueSpecification","valueRequired":true,"valueName":"search_term_string"}}],"inLanguage":"en-US"}]}},"_links":{"self":[{"href":"https:\/\/fundacion-biodiversidad.es\/en\/wp-json\/wp\/v2\/tribe_events\/97856004","targetHints":{"allow":["GET"]}}],"collection":[{"href":"https:\/\/fundacion-biodiversidad.es\/en\/wp-json\/wp\/v2\/tribe_events"}],"about":[{"href":"https:\/\/fundacion-biodiversidad.es\/en\/wp-json\/wp\/v2\/types\/tribe_events"}],"author":[{"embeddable":true,"href":"https:\/\/fundacion-biodiversidad.es\/en\/wp-json\/wp\/v2\/users\/11"}],"version-history":[{"count":0,"href":"https:\/\/fundacion-biodiversidad.es\/en\/wp-json\/wp\/v2\/tribe_events\/97856004\/revisions"}],"wp:attachment":[{"href":"https:\/\/fundacion-biodiversidad.es\/en\/wp-json\/wp\/v2\/media?parent=97856004"}],"wp:term":[{"taxonomy":"post_tag","embeddable":true,"href":"https:\/\/fundacion-biodiversidad.es\/en\/wp-json\/wp\/v2\/tags?post=97856004"},{"taxonomy":"tribe_events_cat","embeddable":true,"href":"https:\/\/fundacion-biodiversidad.es\/en\/wp-json\/wp\/v2\/tribe_events_cat?post=97856004"}],"curies":[{"name":"wp","href":"https:\/\/api.w.org\/{rel}","templated":true}]}}

<!-- This site is optimized with the Yoast SEO plugin v26.9 - https://yoast.com/product/yoast-seo-wordpress/ -->
<title>United Nations Convention to Combat Desertification - Fundación Biodiversidad</title>
<meta name="robots" content="index, follow, max-snippet:-1, max-image-preview:large, max-video-preview:-1" />
<link rel="canonical" href="https://fundacion-biodiversidad.es/en/event/united-nations-convention-to-combat-desertification/" />
<meta property="og:locale" content="en_US" />
<meta property="og:type" content="article" />
<meta property="og:title" content="United Nations Convention to Combat Desertification - Fundación Biodiversidad" />
<meta property="og:description" content="The 16th session of the Conference of the Parties (COP 16) to the United Nations Convention to Combat Desertification is being held in Riyadh, Saudi [&hellip;]" />
<meta property="og:url" content="https://fundacion-biodiversidad.es/en/event/united-nations-convention-to-combat-desertification/" />
<meta property="og:site_name" content="Fundación Biodiversidad" />
<meta property="og:image" content="https://fundacion-biodiversidad.es/wp-content/uploads/2023/01/2487661294_35330241_720x405.png" />
	<meta property="og:image:width" content="720" />
	<meta property="og:image:height" content="405" />
	<meta property="og:image:type" content="image/png" />
<meta name="twitter:card" content="summary_large_image" />
<script type="application/ld+json" class="yoast-schema-graph">{"@context":"https://schema.org","@graph":[{"@type":"WebPage","@id":"https://fundacion-biodiversidad.es/en/event/united-nations-convention-to-combat-desertification/","url":"https://fundacion-biodiversidad.es/en/event/united-nations-convention-to-combat-desertification/","name":"United Nations Convention to Combat Desertification - Fundación Biodiversidad","isPartOf":{"@id":"https://fundacion-biodiversidad.es/en/#website"},"datePublished":"2024-10-22T08:49:14+00:00","breadcrumb":{"@id":"https://fundacion-biodiversidad.es/en/event/united-nations-convention-to-combat-desertification/#breadcrumb"},"inLanguage":"en-US","potentialAction":[{"@type":"ReadAction","target":["https://fundacion-biodiversidad.es/en/event/united-nations-convention-to-combat-desertification/"]}]},{"@type":"BreadcrumbList","@id":"https://fundacion-biodiversidad.es/en/event/united-nations-convention-to-combat-desertification/#breadcrumb","itemListElement":[{"@type":"ListItem","position":1,"name":"Portada","item":"https://fundacion-biodiversidad.es/en/inicio/"},{"@type":"ListItem","position":2,"name":"Events","item":"https://fundacion-biodiversidad.es/en/events/"},{"@type":"ListItem","position":3,"name":"United Nations Convention to Combat Desertification"}]},{"@type":"WebSite","@id":"https://fundacion-biodiversidad.es/en/#website","url":"https://fundacion-biodiversidad.es/en/","name":"Fundación Biodiversidad","description":"Fundación pública adscrita al Ministerio para la Transición Ecológica","potentialAction":[{"@type":"SearchAction","target":{"@type":"EntryPoint","urlTemplate":"https://fundacion-biodiversidad.es/en/?s={search_term_string}"},"query-input":{"@type":"PropertyValueSpecification","valueRequired":true,"valueName":"search_term_string"}}],"inLanguage":"en-US"}]}</script>
<!-- / Yoast SEO plugin. -->

United Nations Convention to Combat Desertification - Fundación Biodiversidad

Fundación Biodiversidad

Fundación pública adscrita al Ministerio para la Transición Ecológica
