{"id":97864562,"date":"2025-08-22T14:15:41","date_gmt":"2025-08-22T12:15:41","guid":{"rendered":"https:\/\/fundacion-biodiversidad.es\/event\/citizen-science-workshop-of-the-life-a-mar-project-in-ciutadella-menorca\/"},"modified":"2025-09-05T12:26:11","modified_gmt":"2025-09-05T10:26:11","slug":"citizen-science-workshop-of-the-life-a-mar-project-in-ciutadella-menorca","status":"publish","type":"tribe_events","link":"https:\/\/fundacion-biodiversidad.es\/en\/event\/citizen-science-workshop-of-the-life-a-mar-project-in-ciutadella-menorca\/","title":{"rendered":"Citizen science workshop of the LIFE A-MAR project in Ciutadella (Menorca)"},"content":{"rendered":"<p>On <strong>28 September<\/strong>, a <strong>citizen science workshop<\/strong> will take place in <strong>Ciutadella (Menorca) <\/strong>to train and raise awareness about the marine areas of the <strong>Natura 2000 Network in the Spanish Mediterranean<\/strong>. It is part of the development of a citizen science campaign that includes a total of 15 activities in the autonomous communities of Andalusia, the Region of Murcia, the Valencian Community, Catalonia and the Balearic Islands. <\/p>\n<p>The <a href=\"https:\/\/fundacion-biodiversidad.es\/en\/\"><strong>Biodiversity Foundation of the Ministry for Ecological Transition and the Demographic Challenge (MITECO),<\/strong><\/a> in coordination with the Directorate-General for Biodiversity, Forests and Desertification and the autonomous communities involved, is responsible for these actions within the framework of the European project<strong> <\/strong><a href=\"https:\/\/lifeamarnatura2000.eu\/es\/\"><strong>LIFE A-MAR, Knowing and loving the marine areas of the Natura 2000 Network to protect them<\/strong><\/a>, of which she is a member. The project is coordinated by the Italian Federation of Parks and Nature Reserves (Federparchi) and is being developed in parallel in Italy and Spain.  It is supported by the LIFE Program of the European Union.<\/p>\n<p>The <strong>citizen science workshops<\/strong> combine a theoretical part with practical experiences to train citizens in the observation, collection and recording of data on marine biodiversity using digital tools and applications. All of them are <strong>free<\/strong>. <\/p>\n<p>The theoretical contents are aimed at raising awareness of the LIFE A-MAR Natura2000 project and the fundamentals of citizen science. The active part of the workshops include whale watching from the boat, snorkeling and walking routes for flora and fauna observation. All this adapted to the particularities of each protected area.  <\/p>\n<p>To attend the workshop in Ciutadella (Menorca) <a href=\"https:\/\/forms.office.com\/pages\/responsepage.aspx?id=hPUdJ2Srf0OFtoD_m-9sn1EScgDIIxVCqmy_YcAR3dpUNEhSMTQ2NE5JS0E4UjJXTTc4MzM3OEM5Si4u&amp;origin=QRCode&amp;route=shorturl\"><strong>prior registration<\/strong> is required.<\/a><\/p>\n<h3><span style=\"color: #008000\"><strong><u>PROGRAM<\/u><\/strong><\/span><\/h3>\n<p>\ud83d\udccc<strong>  Ciutadella. September 28: <\/strong><\/p>\n<p><strong>\u2013 From 10:00 a.m. to 2:00 p.m.:<\/strong> Theoretical-practical training on marine citizen science. There will be a snorkeling activity for which it is necessary to have goggles and a snorkel. Club N\u00e0utic Ciutadella (Cam\u00ed de Baix, s\/n, 07760 Ciutadella de Menorca, Balearic Islands).  <\/p>\n<p>\u2013 Natura 2000 Network space visited: South coast of Menorca &#8211; North coast of Ciutadella (Menorca).<\/p>\n<p><a href=\"https:\/\/forms.office.com\/pages\/responsepage.aspx?id=hPUdJ2Srf0OFtoD_m-9sn1EScgDIIxVCqmy_YcAR3dpUNEhSMTQ2NE5JS0E4UjJXTTc4MzM3OEM5Si4u&amp;origin=QRCode&amp;route=shorturl\">Registration and more information<\/a><\/p>\n<p><strong>Collaborators:<\/strong> Government of the Balearic Islands, Anthesis Lavola, Observadores del Mar, Marilles Foundation.<\/p>\n","protected":false},"excerpt":{"rendered":"<p>On 28 September, a citizen science workshop will take place in Ciutadella (Menorca) to train and raise awareness about the marine areas of the Natura [&hellip;]<\/p>\n","protected":false},"author":11,"featured_media":0,"template":"","meta":{"_acf_changed":false,"_tribe_events_status":"","_tribe_events_status_reason":"","_tribe_events_is_hybrid":"","_tribe_events_is_virtual":"","_tribe_events_virtual_video_source":"","_tribe_events_virtual_embed_video":"","_tribe_events_virtual_linked_button_text":"","_tribe_events_virtual_linked_button":"","_tribe_events_virtual_show_embed_at":"","_tribe_events_virtual_show_embed_to":[],"_tribe_events_virtual_show_on_event":"","_tribe_events_virtual_show_on_views":"","_tribe_events_virtual_url":"","footnotes":""},"tags":[],"tribe_events_cat":[674],"class_list":["post-97864562","tribe_events","type-tribe_events","status-publish","hentry","tribe_events_cat-eventos-propios","cat_eventos-propios"],"acf":[],"yoast_head":"<!-- This site is optimized with the Yoast SEO plugin v26.9 - https:\/\/yoast.com\/product\/yoast-seo-wordpress\/ -->\n<title>Citizen science workshop of the LIFE A-MAR project in Ciutadella (Menorca) - Fundaci\u00f3n Biodiversidad<\/title>\n<meta name=\"robots\" content=\"index, follow, max-snippet:-1, max-image-preview:large, max-video-preview:-1\" \/>\n<link rel=\"canonical\" href=\"https:\/\/fundacion-biodiversidad.es\/en\/event\/citizen-science-workshop-of-the-life-a-mar-project-in-ciutadella-menorca\/\" \/>\n<meta property=\"og:locale\" content=\"en_US\" \/>\n<meta property=\"og:type\" content=\"article\" \/>\n<meta property=\"og:title\" content=\"Citizen science workshop of the LIFE A-MAR project in Ciutadella (Menorca) - Fundaci\u00f3n Biodiversidad\" \/>\n<meta property=\"og:description\" content=\"On 28 September, a citizen science workshop will take place in Ciutadella (Menorca) to train and raise awareness about the marine areas of the Natura [&hellip;]\" \/>\n<meta property=\"og:url\" content=\"https:\/\/fundacion-biodiversidad.es\/en\/event\/citizen-science-workshop-of-the-life-a-mar-project-in-ciutadella-menorca\/\" \/>\n<meta property=\"og:site_name\" content=\"Fundaci\u00f3n Biodiversidad\" \/>\n<meta property=\"article:modified_time\" content=\"2025-09-05T10:26:11+00:00\" \/>\n<meta property=\"og:image\" content=\"https:\/\/fundacion-biodiversidad.es\/wp-content\/uploads\/2023\/01\/2487661294_35330241_720x405.png\" \/>\n\t<meta property=\"og:image:width\" content=\"720\" \/>\n\t<meta property=\"og:image:height\" content=\"405\" \/>\n\t<meta property=\"og:image:type\" content=\"image\/png\" \/>\n<meta name=\"twitter:card\" content=\"summary_large_image\" \/>\n<meta name=\"twitter:label1\" content=\"Est. reading time\" \/>\n\t<meta name=\"twitter:data1\" content=\"2 minutes\" \/>\n<script type=\"application\/ld+json\" class=\"yoast-schema-graph\">{\"@context\":\"https:\/\/schema.org\",\"@graph\":[{\"@type\":\"WebPage\",\"@id\":\"https:\/\/fundacion-biodiversidad.es\/en\/event\/citizen-science-workshop-of-the-life-a-mar-project-in-ciutadella-menorca\/\",\"url\":\"https:\/\/fundacion-biodiversidad.es\/en\/event\/citizen-science-workshop-of-the-life-a-mar-project-in-ciutadella-menorca\/\",\"name\":\"Citizen science workshop of the LIFE A-MAR project in Ciutadella (Menorca) - Fundaci\u00f3n Biodiversidad\",\"isPartOf\":{\"@id\":\"https:\/\/fundacion-biodiversidad.es\/en\/#website\"},\"datePublished\":\"2025-08-22T12:15:41+00:00\",\"dateModified\":\"2025-09-05T10:26:11+00:00\",\"breadcrumb\":{\"@id\":\"https:\/\/fundacion-biodiversidad.es\/en\/event\/citizen-science-workshop-of-the-life-a-mar-project-in-ciutadella-menorca\/#breadcrumb\"},\"inLanguage\":\"en-US\",\"potentialAction\":[{\"@type\":\"ReadAction\",\"target\":[\"https:\/\/fundacion-biodiversidad.es\/en\/event\/citizen-science-workshop-of-the-life-a-mar-project-in-ciutadella-menorca\/\"]}]},{\"@type\":\"BreadcrumbList\",\"@id\":\"https:\/\/fundacion-biodiversidad.es\/en\/event\/citizen-science-workshop-of-the-life-a-mar-project-in-ciutadella-menorca\/#breadcrumb\",\"itemListElement\":[{\"@type\":\"ListItem\",\"position\":1,\"name\":\"Portada\",\"item\":\"https:\/\/fundacion-biodiversidad.es\/en\/inicio\/\"},{\"@type\":\"ListItem\",\"position\":2,\"name\":\"Events\",\"item\":\"https:\/\/fundacion-biodiversidad.es\/en\/events\/\"},{\"@type\":\"ListItem\",\"position\":3,\"name\":\"Citizen science workshop of the LIFE A-MAR project in Ciutadella (Menorca)\"}]},{\"@type\":\"WebSite\",\"@id\":\"https:\/\/fundacion-biodiversidad.es\/en\/#website\",\"url\":\"https:\/\/fundacion-biodiversidad.es\/en\/\",\"name\":\"Fundaci\u00f3n Biodiversidad\",\"description\":\"Fundaci\u00f3n p\u00fablica adscrita al Ministerio para la Transici\u00f3n Ecol\u00f3gica\",\"potentialAction\":[{\"@type\":\"SearchAction\",\"target\":{\"@type\":\"EntryPoint\",\"urlTemplate\":\"https:\/\/fundacion-biodiversidad.es\/en\/?s={search_term_string}\"},\"query-input\":{\"@type\":\"PropertyValueSpecification\",\"valueRequired\":true,\"valueName\":\"search_term_string\"}}],\"inLanguage\":\"en-US\"}]}<\/script>\n<!-- \/ Yoast SEO plugin. -->","yoast_head_json":{"title":"Citizen science workshop of the LIFE A-MAR project in Ciutadella (Menorca) - Fundaci\u00f3n Biodiversidad","robots":{"index":"index","follow":"follow","max-snippet":"max-snippet:-1","max-image-preview":"max-image-preview:large","max-video-preview":"max-video-preview:-1"},"canonical":"https:\/\/fundacion-biodiversidad.es\/en\/event\/citizen-science-workshop-of-the-life-a-mar-project-in-ciutadella-menorca\/","og_locale":"en_US","og_type":"article","og_title":"Citizen science workshop of the LIFE A-MAR project in Ciutadella (Menorca) - Fundaci\u00f3n Biodiversidad","og_description":"On 28 September, a citizen science workshop will take place in Ciutadella (Menorca) to train and raise awareness about the marine areas of the Natura [&hellip;]","og_url":"https:\/\/fundacion-biodiversidad.es\/en\/event\/citizen-science-workshop-of-the-life-a-mar-project-in-ciutadella-menorca\/","og_site_name":"Fundaci\u00f3n Biodiversidad","article_modified_time":"2025-09-05T10:26:11+00:00","og_image":[{"width":720,"height":405,"url":"https:\/\/fundacion-biodiversidad.es\/wp-content\/uploads\/2023\/01\/2487661294_35330241_720x405.png","type":"image\/png"}],"twitter_card":"summary_large_image","twitter_misc":{"Est. reading time":"2 minutes"},"schema":{"@context":"https:\/\/schema.org","@graph":[{"@type":"WebPage","@id":"https:\/\/fundacion-biodiversidad.es\/en\/event\/citizen-science-workshop-of-the-life-a-mar-project-in-ciutadella-menorca\/","url":"https:\/\/fundacion-biodiversidad.es\/en\/event\/citizen-science-workshop-of-the-life-a-mar-project-in-ciutadella-menorca\/","name":"Citizen science workshop of the LIFE A-MAR project in Ciutadella (Menorca) - Fundaci\u00f3n Biodiversidad","isPartOf":{"@id":"https:\/\/fundacion-biodiversidad.es\/en\/#website"},"datePublished":"2025-08-22T12:15:41+00:00","dateModified":"2025-09-05T10:26:11+00:00","breadcrumb":{"@id":"https:\/\/fundacion-biodiversidad.es\/en\/event\/citizen-science-workshop-of-the-life-a-mar-project-in-ciutadella-menorca\/#breadcrumb"},"inLanguage":"en-US","potentialAction":[{"@type":"ReadAction","target":["https:\/\/fundacion-biodiversidad.es\/en\/event\/citizen-science-workshop-of-the-life-a-mar-project-in-ciutadella-menorca\/"]}]},{"@type":"BreadcrumbList","@id":"https:\/\/fundacion-biodiversidad.es\/en\/event\/citizen-science-workshop-of-the-life-a-mar-project-in-ciutadella-menorca\/#breadcrumb","itemListElement":[{"@type":"ListItem","position":1,"name":"Portada","item":"https:\/\/fundacion-biodiversidad.es\/en\/inicio\/"},{"@type":"ListItem","position":2,"name":"Events","item":"https:\/\/fundacion-biodiversidad.es\/en\/events\/"},{"@type":"ListItem","position":3,"name":"Citizen science workshop of the LIFE A-MAR project in Ciutadella (Menorca)"}]},{"@type":"WebSite","@id":"https:\/\/fundacion-biodiversidad.es\/en\/#website","url":"https:\/\/fundacion-biodiversidad.es\/en\/","name":"Fundaci\u00f3n Biodiversidad","description":"Fundaci\u00f3n p\u00fablica adscrita al Ministerio para la Transici\u00f3n Ecol\u00f3gica","potentialAction":[{"@type":"SearchAction","target":{"@type":"EntryPoint","urlTemplate":"https:\/\/fundacion-biodiversidad.es\/en\/?s={search_term_string}"},"query-input":{"@type":"PropertyValueSpecification","valueRequired":true,"valueName":"search_term_string"}}],"inLanguage":"en-US"}]}},"_links":{"self":[{"href":"https:\/\/fundacion-biodiversidad.es\/en\/wp-json\/wp\/v2\/tribe_events\/97864562","targetHints":{"allow":["GET"]}}],"collection":[{"href":"https:\/\/fundacion-biodiversidad.es\/en\/wp-json\/wp\/v2\/tribe_events"}],"about":[{"href":"https:\/\/fundacion-biodiversidad.es\/en\/wp-json\/wp\/v2\/types\/tribe_events"}],"author":[{"embeddable":true,"href":"https:\/\/fundacion-biodiversidad.es\/en\/wp-json\/wp\/v2\/users\/11"}],"version-history":[{"count":1,"href":"https:\/\/fundacion-biodiversidad.es\/en\/wp-json\/wp\/v2\/tribe_events\/97864562\/revisions"}],"predecessor-version":[{"id":97864785,"href":"https:\/\/fundacion-biodiversidad.es\/en\/wp-json\/wp\/v2\/tribe_events\/97864562\/revisions\/97864785"}],"wp:attachment":[{"href":"https:\/\/fundacion-biodiversidad.es\/en\/wp-json\/wp\/v2\/media?parent=97864562"}],"wp:term":[{"taxonomy":"post_tag","embeddable":true,"href":"https:\/\/fundacion-biodiversidad.es\/en\/wp-json\/wp\/v2\/tags?post=97864562"},{"taxonomy":"tribe_events_cat","embeddable":true,"href":"https:\/\/fundacion-biodiversidad.es\/en\/wp-json\/wp\/v2\/tribe_events_cat?post=97864562"}],"curies":[{"name":"wp","href":"https:\/\/api.w.org\/{rel}","templated":true}]}}

<p>On <strong>28 September</strong>, a <strong>citizen science workshop</strong> will take place in <strong>Ciutadella (Menorca) </strong>to train and raise awareness about the marine areas of the <strong>Natura 2000 Network in the Spanish Mediterranean</strong>. It is part of the development of a citizen science campaign that includes a total of 15 activities in the autonomous communities of Andalusia, the Region of Murcia, the Valencian Community, Catalonia and the Balearic Islands. </p>
<p>The <a href="https://fundacion-biodiversidad.es/en/"><strong>Biodiversity Foundation of the Ministry for Ecological Transition and the Demographic Challenge (MITECO),</strong></a> in coordination with the Directorate-General for Biodiversity, Forests and Desertification and the autonomous communities involved, is responsible for these actions within the framework of the European project<strong> </strong><a href="https://lifeamarnatura2000.eu/es/"><strong>LIFE A-MAR, Knowing and loving the marine areas of the Natura 2000 Network to protect them</strong></a>, of which she is a member. The project is coordinated by the Italian Federation of Parks and Nature Reserves (Federparchi) and is being developed in parallel in Italy and Spain.  It is supported by the LIFE Program of the European Union.</p>
<p>The <strong>citizen science workshops</strong> combine a theoretical part with practical experiences to train citizens in the observation, collection and recording of data on marine biodiversity using digital tools and applications. All of them are <strong>free</strong>. </p>
<p>The theoretical contents are aimed at raising awareness of the LIFE A-MAR Natura2000 project and the fundamentals of citizen science. The active part of the workshops include whale watching from the boat, snorkeling and walking routes for flora and fauna observation. All this adapted to the particularities of each protected area.  </p>
<p>To attend the workshop in Ciutadella (Menorca) <a href="https://forms.office.com/pages/responsepage.aspx?id=hPUdJ2Srf0OFtoD_m-9sn1EScgDIIxVCqmy_YcAR3dpUNEhSMTQ2NE5JS0E4UjJXTTc4MzM3OEM5Si4u&amp;origin=QRCode&amp;route=shorturl"><strong>prior registration</strong> is required.</a></p>
<h3><span style="color: #008000"><strong><u>PROGRAM</u></strong></span></h3>
<p>📌<strong>  Ciutadella. September 28: </strong></p>
<p><strong>– From 10:00 a.m. to 2:00 p.m.:</strong> Theoretical-practical training on marine citizen science. There will be a snorkeling activity for which it is necessary to have goggles and a snorkel. Club Nàutic Ciutadella (Camí de Baix, s/n, 07760 Ciutadella de Menorca, Balearic Islands).  </p>
<p>– Natura 2000 Network space visited: South coast of Menorca &#8211; North coast of Ciutadella (Menorca).</p>
<p><a href="https://forms.office.com/pages/responsepage.aspx?id=hPUdJ2Srf0OFtoD_m-9sn1EScgDIIxVCqmy_YcAR3dpUNEhSMTQ2NE5JS0E4UjJXTTc4MzM3OEM5Si4u&amp;origin=QRCode&amp;route=shorturl">Registration and more information</a></p>
<p><strong>Collaborators:</strong> Government of the Balearic Islands, Anthesis Lavola, Observadores del Mar, Marilles Foundation.</p>

<!-- This site is optimized with the Yoast SEO plugin v26.9 - https://yoast.com/product/yoast-seo-wordpress/ -->
<title>Citizen science workshop of the LIFE A-MAR project in Ciutadella (Menorca) - Fundación Biodiversidad</title>
<meta name="robots" content="index, follow, max-snippet:-1, max-image-preview:large, max-video-preview:-1" />
<link rel="canonical" href="https://fundacion-biodiversidad.es/en/event/citizen-science-workshop-of-the-life-a-mar-project-in-ciutadella-menorca/" />
<meta property="og:locale" content="en_US" />
<meta property="og:type" content="article" />
<meta property="og:title" content="Citizen science workshop of the LIFE A-MAR project in Ciutadella (Menorca) - Fundación Biodiversidad" />
<meta property="og:description" content="On 28 September, a citizen science workshop will take place in Ciutadella (Menorca) to train and raise awareness about the marine areas of the Natura [&hellip;]" />
<meta property="og:url" content="https://fundacion-biodiversidad.es/en/event/citizen-science-workshop-of-the-life-a-mar-project-in-ciutadella-menorca/" />
<meta property="og:site_name" content="Fundación Biodiversidad" />
<meta property="article:modified_time" content="2025-09-05T10:26:11+00:00" />
<meta property="og:image" content="https://fundacion-biodiversidad.es/wp-content/uploads/2023/01/2487661294_35330241_720x405.png" />
	<meta property="og:image:width" content="720" />
	<meta property="og:image:height" content="405" />
	<meta property="og:image:type" content="image/png" />
<meta name="twitter:card" content="summary_large_image" />
<meta name="twitter:label1" content="Est. reading time" />
	<meta name="twitter:data1" content="2 minutes" />
<script type="application/ld+json" class="yoast-schema-graph">{"@context":"https://schema.org","@graph":[{"@type":"WebPage","@id":"https://fundacion-biodiversidad.es/en/event/citizen-science-workshop-of-the-life-a-mar-project-in-ciutadella-menorca/","url":"https://fundacion-biodiversidad.es/en/event/citizen-science-workshop-of-the-life-a-mar-project-in-ciutadella-menorca/","name":"Citizen science workshop of the LIFE A-MAR project in Ciutadella (Menorca) - Fundación Biodiversidad","isPartOf":{"@id":"https://fundacion-biodiversidad.es/en/#website"},"datePublished":"2025-08-22T12:15:41+00:00","dateModified":"2025-09-05T10:26:11+00:00","breadcrumb":{"@id":"https://fundacion-biodiversidad.es/en/event/citizen-science-workshop-of-the-life-a-mar-project-in-ciutadella-menorca/#breadcrumb"},"inLanguage":"en-US","potentialAction":[{"@type":"ReadAction","target":["https://fundacion-biodiversidad.es/en/event/citizen-science-workshop-of-the-life-a-mar-project-in-ciutadella-menorca/"]}]},{"@type":"BreadcrumbList","@id":"https://fundacion-biodiversidad.es/en/event/citizen-science-workshop-of-the-life-a-mar-project-in-ciutadella-menorca/#breadcrumb","itemListElement":[{"@type":"ListItem","position":1,"name":"Portada","item":"https://fundacion-biodiversidad.es/en/inicio/"},{"@type":"ListItem","position":2,"name":"Events","item":"https://fundacion-biodiversidad.es/en/events/"},{"@type":"ListItem","position":3,"name":"Citizen science workshop of the LIFE A-MAR project in Ciutadella (Menorca)"}]},{"@type":"WebSite","@id":"https://fundacion-biodiversidad.es/en/#website","url":"https://fundacion-biodiversidad.es/en/","name":"Fundación Biodiversidad","description":"Fundación pública adscrita al Ministerio para la Transición Ecológica","potentialAction":[{"@type":"SearchAction","target":{"@type":"EntryPoint","urlTemplate":"https://fundacion-biodiversidad.es/en/?s={search_term_string}"},"query-input":{"@type":"PropertyValueSpecification","valueRequired":true,"valueName":"search_term_string"}}],"inLanguage":"en-US"}]}</script>
<!-- / Yoast SEO plugin. -->

Citizen science workshop of the LIFE A-MAR project in Ciutadella (Menorca) - Fundación Biodiversidad

Fundación Biodiversidad

Fundación pública adscrita al Ministerio para la Transición Ecológica
